{"id":10193,"date":"2025-06-15T13:13:55","date_gmt":"2025-06-15T11:13:55","guid":{"rendered":"https:\/\/bekkalokket.no\/?page_id=10193"},"modified":"2025-06-15T13:13:56","modified_gmt":"2025-06-15T11:13:56","slug":"klubbkonkurransen-var-2025","status":"publish","type":"page","link":"https:\/\/bekkalokket.no\/index.php\/klubbkonkurransen-var-2025\/","title":{"rendered":"Klubbkonkurransen V\u00e5r 2025"},"content":{"rendered":"\n<figure class=\"wp-block-embed is-type-video is-provider-youtube wp-block-embed-youtube wp-embed-aspect-16-9 wp-has-aspect-ratio\"><div class=\"wp-block-embed__wrapper\">\n<div class=\"video-container\"><iframe loading=\"lazy\" title=\"Klubbkonkurranse V\u00e5r 2025\" width=\"500\" height=\"281\" src=\"https:\/\/www.youtube.com\/embed\/mwILrNWWP0s?feature=oembed&#038;wmode=opaque\" frameborder=\"0\" allow=\"accelerometer; autoplay; clipboard-write; encrypted-media; gyroscope; picture-in-picture; web-share\" referrerpolicy=\"strict-origin-when-cross-origin\" allowfullscreen><\/iframe><\/div>\n<\/div><\/figure>\n\n\n\n<figure class=\"wp-block-table\"><table class=\"has-fixed-layout\"><tbody><tr><td><strong>Klasse<\/strong><\/td><td><strong>Tittel<\/strong><\/td><td><strong>Autor<\/strong><\/td><td><strong>Premie<\/strong><\/td><\/tr><tr><td rowspan=\"20\">Digital &#8211; Gatefoto<\/td><td>P\u00e5 leit<\/td><td>Oddhild Lien<\/td><td>Gull<\/td><\/tr><tr><td>Den rosa byg\u00e5rden<\/td><td>Kari Mikalsen<\/td><td>S\u00f8lv<\/td><\/tr><tr><td>In a park in Paris<\/td><td>Roald Synnev\u00e5g<\/td><td>Bronse<\/td><\/tr><tr><td>Barber Shop<\/td><td>Eli Johanne Stene<\/td><td>Hederlig omtale<\/td><\/tr><tr><td>Belgian Chips<\/td><td>Endre M Lidal<\/td><td>Hederlig omtale<\/td><\/tr><tr><td>Venter p\u00e5 tog<\/td><td>Jan Standal<\/td><td>Hederlig omtale<\/td><\/tr><tr><td>P\u00e5 vei til tog<\/td><td>Jan Standal<\/td><td>Hederlig omtale<\/td><\/tr><tr><td>Gateliv i Havana<\/td><td>Kari Mikalsen<\/td><td>Hederlig omtale<\/td><\/tr><tr><td>Snow at bus terminal<\/td><td>Morten Tellefsen<\/td><td>Hederlig omtale<\/td><\/tr><tr><td>Way up<\/td><td>Terje Kolbeinsen<\/td><td>Hederlig omtale<\/td><\/tr><tr><td>Returning from washing<\/td><td>Arne Bergo<\/td><td>Antatt<\/td><\/tr><tr><td>On granmas back<\/td><td>Asbj\u00f8rn M Olsen<\/td><td>Antatt<\/td><\/tr><tr><td>Woman passing<\/td><td>Asbj\u00f8rn M Olsen<\/td><td>Antatt<\/td><\/tr><tr><td>Doctors office<\/td><td>Asbj\u00f8rn M Olsen<\/td><td>Antatt<\/td><\/tr><tr><td>Notting Hill Queen<\/td><td>Gunnar Bye<\/td><td>Antatt<\/td><\/tr><tr><td>Yellow Light 02<\/td><td>Gunnar Bye<\/td><td>Antatt<\/td><\/tr><tr><td>The old lady and the cat<\/td><td>Lars Sveen<\/td><td>Antatt<\/td><\/tr><tr><td>After midnight<\/td><td>Morten Tellefsen<\/td><td>Antatt<\/td><\/tr><tr><td>LetTheColorShine<\/td><td>Per Arne Arntsen<\/td><td>Antatt<\/td><\/tr><tr><td>Girl in Venice<\/td><td>Tom Jarane<\/td><td>Antatt<\/td><\/tr><tr><td rowspan=\"19\">Digital &#8211; I bevegelse<\/td><td>p\u00e5 linje<\/td><td>Audun Nygaard<\/td><td>Gull<\/td><\/tr><tr><td>Rider of the Storm<\/td><td>Gunnar Bye<\/td><td>S\u00f8lv<\/td><\/tr><tr><td>Upside down<\/td><td>Audun Nygaard<\/td><td>Bronse<\/td><\/tr><tr><td>Puffin in green and fish<\/td><td>Arne Bergo<\/td><td>Hederlig omtale<\/td><\/tr><tr><td>After the crach<\/td><td>Bente Nedreb\u00f8<\/td><td>Hederlig omtale<\/td><\/tr><tr><td>No 90-2<\/td><td>John Vint<\/td><td>Hederlig omtale<\/td><\/tr><tr><td>Speed of bicycle<\/td><td>Morten Tellefsen<\/td><td>Hederlig omtale<\/td><\/tr><tr><td>Ettermiddag<\/td><td>Oddhild Lien<\/td><td>Hederlig omtale<\/td><\/tr><tr><td>Cool<\/td><td>Per Arne Arntsen<\/td><td>Hederlig omtale<\/td><\/tr><tr><td>Wind surfing 2400<\/td><td>Willy Samuelsen<\/td><td>Hederlig omtale<\/td><\/tr><tr><td>Almost Flying<\/td><td>Arne Skinlo<\/td><td>Antatt<\/td><\/tr><tr><td>Sving meg rundt<\/td><td>Arne Skinlo<\/td><td>Antatt<\/td><\/tr><tr><td>Energi<\/td><td>Audun Nygaard<\/td><td>Antatt<\/td><\/tr><tr><td>Lomvi I Farta<\/td><td>Bj\u00f8rn Reidar Olsson<\/td><td>Antatt<\/td><\/tr><tr><td>Red spot<\/td><td>Morten Tellefsen<\/td><td>Antatt<\/td><\/tr><tr><td>Running<\/td><td>Terje Kolbeinsen<\/td><td>Antatt<\/td><\/tr><tr><td>Crane Panorama<\/td><td>Terje Kolbeinsen<\/td><td>Antatt<\/td><\/tr><tr><td>At the metro<\/td><td>Tom Jarane<\/td><td>Antatt<\/td><\/tr><tr><td>Terne<\/td><td>Tom Jarane<\/td><td>Antatt<\/td><\/tr><tr><td rowspan=\"14\">Digital &#8211; Natur<\/td><td>Libelle<\/td><td>Roald Synnev\u00e5g<\/td><td>Gull<\/td><\/tr><tr><td>Spider2<\/td><td>Astrid Bergo<\/td><td>S\u00f8lv<\/td><\/tr><tr><td>Flamingo&#8217;s Sunrise<\/td><td>Espen Lossius<\/td><td>Bronse<\/td><\/tr><tr><td>Pines at Sjodiplane<\/td><td>Arne Bergo<\/td><td>Hederlig omtale<\/td><\/tr><tr><td>Buffalo and Oxpecker leaving<\/td><td>Arne Bergo<\/td><td>Hederlig omtale<\/td><\/tr><tr><td>Lunder inn for landing<\/td><td>Jan Standal<\/td><td>Hederlig omtale<\/td><\/tr><tr><td>In trouble<\/td><td>Morten Tellefsen<\/td><td>Hederlig omtale<\/td><\/tr><tr><td>Ekorn med n\u00f8tt<\/td><td>Tom Jarane<\/td><td>Hederlig omtale<\/td><\/tr><tr><td>Flies and Dandelion<\/td><td>Arne Bergo<\/td><td>Antatt<\/td><\/tr><tr><td>Wing in water<\/td><td>Morten Tellefsen<\/td><td>Antatt<\/td><\/tr><tr><td>Due ferdigbadet<\/td><td>Stig Sverre Haraldsen<\/td><td>Antatt<\/td><\/tr><tr><td>Due bader 1<\/td><td>Stig Sverre Haraldsen<\/td><td>Antatt<\/td><\/tr><tr><td>Ripples in the water<\/td><td>Terje Kolbeinsen<\/td><td>Antatt<\/td><\/tr><tr><td>Terne II<\/td><td>Tom Jarane<\/td><td>Antatt<\/td><\/tr><tr><td rowspan=\"24\">Digital farge &#8211; Fritt motiv<\/td><td>Hello there!<\/td><td>Espen Lossius<\/td><td>Gull<\/td><\/tr><tr><td>Beffen<\/td><td>Lars Sveen<\/td><td>S\u00f8lv<\/td><\/tr><tr><td>Mating<\/td><td>Roald Synnev\u00e5g<\/td><td>S\u00f8lv<\/td><\/tr><tr><td>Mountainking<\/td><td>Endre M Lidal<\/td><td>Bronse<\/td><\/tr><tr><td>Wild Horses II<\/td><td>Espen Lossius<\/td><td>Bronse<\/td><\/tr><tr><td>Morgen i \u00f8rken<\/td><td>Stig Sverre Haraldsen<\/td><td>Bronse<\/td><\/tr><tr><td>Impressionistic Castle<\/td><td>Arne Skinlo<\/td><td>Hederlig omtale<\/td><\/tr><tr><td>Vegetable market<\/td><td>Asbj\u00f8rn M Olsen<\/td><td>Hederlig omtale<\/td><\/tr><tr><td>F\u00e6r\u00f8yene<\/td><td>Audun Nygaard<\/td><td>Hederlig omtale<\/td><\/tr><tr><td>Se p\u00e5 meg<\/td><td>Audun Nygaard<\/td><td>Hederlig omtale<\/td><\/tr><tr><td>Sunset<\/td><td>Jan Standal<\/td><td>Hederlig omtale<\/td><\/tr><tr><td>Den gamle garasjen<\/td><td>Kari Mikalsen<\/td><td>Hederlig omtale<\/td><\/tr><tr><td>I fred<\/td><td>Oddhild Lien<\/td><td>Hederlig omtale<\/td><\/tr><tr><td>Bridge to Haidai Tower<\/td><td>Arne Bergo<\/td><td>Antatt<\/td><\/tr><tr><td>Long beard<\/td><td>Asbj\u00f8rn M Olsen<\/td><td>Antatt<\/td><\/tr><tr><td>Shibari Color001<\/td><td>Gunnar Bye<\/td><td>Antatt<\/td><\/tr><tr><td>Midnight sun road<\/td><td>Jan Standal<\/td><td>Antatt<\/td><\/tr><tr><td>Diving Goal<\/td><td>John Vint<\/td><td>Antatt<\/td><\/tr><tr><td>Surfing<\/td><td>John Vint<\/td><td>Antatt<\/td><\/tr><tr><td>Kiting<\/td><td>Roald Synnev\u00e5g<\/td><td>Antatt<\/td><\/tr><tr><td>Invaded by nature<\/td><td>Terje Kolbeinsen<\/td><td>Antatt<\/td><\/tr><tr><td>Pont L&#8217;Assut de L&#8217;Or<\/td><td>Tom Jarane<\/td><td>Antatt<\/td><\/tr><tr><td>Tree in the field<\/td><td>Tom Jarane<\/td><td>Antatt<\/td><\/tr><tr><td>Fotball i nord<\/td><td>Audun Nygaard<\/td><td>Refusert<\/td><\/tr><tr><td rowspan=\"10\">Papir &#8211; A4 fritt motiv, farge\/monokrom<\/td><td>Puffin&#8217;s Catch II&nbsp;<\/td><td>Espen Lossius<\/td><td>Gull<\/td><\/tr><tr><td>Black Grouse Mating Dance<\/td><td>Espen Lossius<\/td><td>S\u00f8lv<\/td><\/tr><tr><td>Honor Sword<\/td><td>Gunnar Bye<\/td><td>Bronse<\/td><\/tr><tr><td>Sunrise in Masai Mara<\/td><td>Astrid Bergo<\/td><td>Hederlig omtale<\/td><\/tr><tr><td>In For The Kill &#8230;&nbsp;<\/td><td>Espen Lossius<\/td><td>Hederlig omtale<\/td><\/tr><tr><td>Misty Morning<\/td><td>John Vint<\/td><td>Hederlig omtale<\/td><\/tr><tr><td>Bluethrout with insects 22<\/td><td>Arne Bergo<\/td><td>Antatt<\/td><\/tr><tr><td>Shandong Hotel No1&nbsp;<\/td><td>Arne Bergo<\/td><td>Antatt<\/td><\/tr><tr><td>Stripes of light<\/td><td>Asbj\u00f8rn M Olsen<\/td><td>Antatt<\/td><\/tr><tr><td>Crossing the bridge<\/td><td>Lars Sveen<\/td><td>Antatt<\/td><\/tr><tr><td rowspan=\"20\">Projeksjon Monokrom &#8211; Fritt motiv<\/td><td>Skarven og sjomerket<\/td><td>Roald Synnev\u00e5g<\/td><td>Gull<\/td><\/tr><tr><td>St\u00e5 stille<\/td><td>Audun Nygaard<\/td><td>S\u00f8lv<\/td><\/tr><tr><td>Eyes<\/td><td>Eli Johanne Stene<\/td><td>S\u00f8lv<\/td><\/tr><tr><td>The smoker 2<\/td><td>Asbj\u00f8rn M Olsen<\/td><td>Bronse<\/td><\/tr><tr><td>Mountain winds<\/td><td>Endre M Lidal<\/td><td>Bronse<\/td><\/tr><tr><td>Fortvilelse<\/td><td>Roald Synnev\u00e5g<\/td><td>Bronse<\/td><\/tr><tr><td>Run Bonzo run<\/td><td>Audun Nygaard<\/td><td>Hederlig omtale<\/td><\/tr><tr><td>Opposite V (M)<\/td><td>Bj\u00f8rn Reidar Olsson<\/td><td>Hederlig omtale<\/td><\/tr><tr><td>Tiger<\/td><td>Eli Johanne Stene<\/td><td>Hederlig omtale<\/td><\/tr><tr><td>Peter<\/td><td>Eli Johanne Stene<\/td><td>Hederlig omtale<\/td><\/tr><tr><td>Den gamle graven og huset<\/td><td>Kari Mikalsen<\/td><td>Hederlig omtale<\/td><\/tr><tr><td>Fisherman reading<\/td><td>Morten Tellefsen<\/td><td>Hederlig omtale<\/td><\/tr><tr><td>LinesInLife<\/td><td>Per Arne Arntsen<\/td><td>Hederlig omtale<\/td><\/tr><tr><td>the wigth of black light&nbsp;<\/td><td>Andreas Brandenborg Lyshaugen<\/td><td>Antatt<\/td><\/tr><tr><td>Topography<\/td><td>Asbj\u00f8rn M Olsen<\/td><td>Antatt<\/td><\/tr><tr><td>Kulturkyrkje<\/td><td>Dag Magne Ulvang<\/td><td>Antatt<\/td><\/tr><tr><td>Cormorant Take Off<\/td><td>John Vint<\/td><td>Antatt<\/td><\/tr><tr><td>Travellers<\/td><td>Lars Sveen<\/td><td>Antatt<\/td><\/tr><tr><td>Woman with black hair<\/td><td>Roald Synnev\u00e5g<\/td><td>Antatt<\/td><\/tr><tr><td>In Sync 3<\/td><td>Terje Kolbeinsen<\/td><td>Antatt<\/td><\/tr><\/tbody><\/table><\/figure>\n","protected":false},"excerpt":{"rendered":"<p>Klasse Tittel Autor Premie Digital &#8211; Gatefoto P\u00e5 leit Oddhild Lien Gull Den rosa byg\u00e5rden Kari Mikalsen S\u00f8lv In a park in Paris Roald Synnev\u00e5g Bronse Barber Shop Eli Johanne Stene Hederlig omtale Belgian&#46;&#46;&#46;<\/p>\n","protected":false},"author":2,"featured_media":0,"parent":0,"menu_order":0,"comment_status":"closed","ping_status":"closed","template":"","meta":{"footnotes":""},"class_list":["post-10193","page","type-page","status-publish","hentry"],"yoast_head":"<!-- This site is optimized with the Yoast SEO plugin v27.5 - https:\/\/yoast.com\/product\/yoast-seo-wordpress\/ -->\n<title>Klubbkonkurransen V\u00e5r 2025 - Bekkalokket Fotoklubb<\/title>\n<meta name=\"robots\" content=\"index, follow, max-snippet:-1, max-image-preview:large, max-video-preview:-1\" \/>\n<link rel=\"canonical\" href=\"https:\/\/bekkalokket.no\/index.php\/klubbkonkurransen-var-2025\/\" \/>\n<meta property=\"og:locale\" content=\"nb_NO\" \/>\n<meta property=\"og:type\" content=\"article\" \/>\n<meta property=\"og:title\" content=\"Klubbkonkurransen V\u00e5r 2025 - Bekkalokket Fotoklubb\" \/>\n<meta property=\"og:description\" content=\"Klasse Tittel Autor Premie Digital &#8211; Gatefoto P\u00e5 leit Oddhild Lien Gull Den rosa byg\u00e5rden Kari Mikalsen S\u00f8lv In a park in Paris Roald Synnev\u00e5g Bronse Barber Shop Eli Johanne Stene Hederlig omtale Belgian&#046;&#046;&#046;\" \/>\n<meta property=\"og:url\" content=\"https:\/\/bekkalokket.no\/index.php\/klubbkonkurransen-var-2025\/\" \/>\n<meta property=\"og:site_name\" content=\"Bekkalokket Fotoklubb\" \/>\n<meta property=\"article:modified_time\" content=\"2025-06-15T11:13:56+00:00\" \/>\n<meta name=\"twitter:card\" content=\"summary_large_image\" \/>\n<meta name=\"twitter:label1\" content=\"Ansl. lesetid\" \/>\n\t<meta name=\"twitter:data1\" content=\"4 minutter\" \/>\n<script type=\"application\/ld+json\" class=\"yoast-schema-graph\">{\"@context\":\"https:\\\/\\\/schema.org\",\"@graph\":[{\"@type\":\"WebPage\",\"@id\":\"https:\\\/\\\/bekkalokket.no\\\/index.php\\\/klubbkonkurransen-var-2025\\\/\",\"url\":\"https:\\\/\\\/bekkalokket.no\\\/index.php\\\/klubbkonkurransen-var-2025\\\/\",\"name\":\"Klubbkonkurransen V\u00e5r 2025 - Bekkalokket Fotoklubb\",\"isPartOf\":{\"@id\":\"https:\\\/\\\/bekkalokket.no\\\/#website\"},\"datePublished\":\"2025-06-15T11:13:55+00:00\",\"dateModified\":\"2025-06-15T11:13:56+00:00\",\"breadcrumb\":{\"@id\":\"https:\\\/\\\/bekkalokket.no\\\/index.php\\\/klubbkonkurransen-var-2025\\\/#breadcrumb\"},\"inLanguage\":\"nb-NO\",\"potentialAction\":[{\"@type\":\"ReadAction\",\"target\":[\"https:\\\/\\\/bekkalokket.no\\\/index.php\\\/klubbkonkurransen-var-2025\\\/\"]}]},{\"@type\":\"BreadcrumbList\",\"@id\":\"https:\\\/\\\/bekkalokket.no\\\/index.php\\\/klubbkonkurransen-var-2025\\\/#breadcrumb\",\"itemListElement\":[{\"@type\":\"ListItem\",\"position\":1,\"name\":\"Home\",\"item\":\"https:\\\/\\\/bekkalokket.no\\\/\"},{\"@type\":\"ListItem\",\"position\":2,\"name\":\"Klubbkonkurransen V\u00e5r 2025\"}]},{\"@type\":\"WebSite\",\"@id\":\"https:\\\/\\\/bekkalokket.no\\\/#website\",\"url\":\"https:\\\/\\\/bekkalokket.no\\\/\",\"name\":\"Bekkalokket Fotoklubb\",\"description\":\"En sosial og aktiv fotoklubb i Bergen\",\"potentialAction\":[{\"@type\":\"SearchAction\",\"target\":{\"@type\":\"EntryPoint\",\"urlTemplate\":\"https:\\\/\\\/bekkalokket.no\\\/?s={search_term_string}\"},\"query-input\":{\"@type\":\"PropertyValueSpecification\",\"valueRequired\":true,\"valueName\":\"search_term_string\"}}],\"inLanguage\":\"nb-NO\"}]}<\/script>\n<!-- \/ Yoast SEO plugin. -->","yoast_head_json":{"title":"Klubbkonkurransen V\u00e5r 2025 - Bekkalokket Fotoklubb","robots":{"index":"index","follow":"follow","max-snippet":"max-snippet:-1","max-image-preview":"max-image-preview:large","max-video-preview":"max-video-preview:-1"},"canonical":"https:\/\/bekkalokket.no\/index.php\/klubbkonkurransen-var-2025\/","og_locale":"nb_NO","og_type":"article","og_title":"Klubbkonkurransen V\u00e5r 2025 - Bekkalokket Fotoklubb","og_description":"Klasse Tittel Autor Premie Digital &#8211; Gatefoto P\u00e5 leit Oddhild Lien Gull Den rosa byg\u00e5rden Kari Mikalsen S\u00f8lv In a park in Paris Roald Synnev\u00e5g Bronse Barber Shop Eli Johanne Stene Hederlig omtale Belgian&#46;&#46;&#46;","og_url":"https:\/\/bekkalokket.no\/index.php\/klubbkonkurransen-var-2025\/","og_site_name":"Bekkalokket Fotoklubb","article_modified_time":"2025-06-15T11:13:56+00:00","twitter_card":"summary_large_image","twitter_misc":{"Ansl. lesetid":"4 minutter"},"schema":{"@context":"https:\/\/schema.org","@graph":[{"@type":"WebPage","@id":"https:\/\/bekkalokket.no\/index.php\/klubbkonkurransen-var-2025\/","url":"https:\/\/bekkalokket.no\/index.php\/klubbkonkurransen-var-2025\/","name":"Klubbkonkurransen V\u00e5r 2025 - Bekkalokket Fotoklubb","isPartOf":{"@id":"https:\/\/bekkalokket.no\/#website"},"datePublished":"2025-06-15T11:13:55+00:00","dateModified":"2025-06-15T11:13:56+00:00","breadcrumb":{"@id":"https:\/\/bekkalokket.no\/index.php\/klubbkonkurransen-var-2025\/#breadcrumb"},"inLanguage":"nb-NO","potentialAction":[{"@type":"ReadAction","target":["https:\/\/bekkalokket.no\/index.php\/klubbkonkurransen-var-2025\/"]}]},{"@type":"BreadcrumbList","@id":"https:\/\/bekkalokket.no\/index.php\/klubbkonkurransen-var-2025\/#breadcrumb","itemListElement":[{"@type":"ListItem","position":1,"name":"Home","item":"https:\/\/bekkalokket.no\/"},{"@type":"ListItem","position":2,"name":"Klubbkonkurransen V\u00e5r 2025"}]},{"@type":"WebSite","@id":"https:\/\/bekkalokket.no\/#website","url":"https:\/\/bekkalokket.no\/","name":"Bekkalokket Fotoklubb","description":"En sosial og aktiv fotoklubb i Bergen","potentialAction":[{"@type":"SearchAction","target":{"@type":"EntryPoint","urlTemplate":"https:\/\/bekkalokket.no\/?s={search_term_string}"},"query-input":{"@type":"PropertyValueSpecification","valueRequired":true,"valueName":"search_term_string"}}],"inLanguage":"nb-NO"}]}},"_links":{"self":[{"href":"https:\/\/bekkalokket.no\/index.php\/wp-json\/wp\/v2\/pages\/10193","targetHints":{"allow":["GET"]}}],"collection":[{"href":"https:\/\/bekkalokket.no\/index.php\/wp-json\/wp\/v2\/pages"}],"about":[{"href":"https:\/\/bekkalokket.no\/index.php\/wp-json\/wp\/v2\/types\/page"}],"author":[{"embeddable":true,"href":"https:\/\/bekkalokket.no\/index.php\/wp-json\/wp\/v2\/users\/2"}],"replies":[{"embeddable":true,"href":"https:\/\/bekkalokket.no\/index.php\/wp-json\/wp\/v2\/comments?post=10193"}],"version-history":[{"count":1,"href":"https:\/\/bekkalokket.no\/index.php\/wp-json\/wp\/v2\/pages\/10193\/revisions"}],"predecessor-version":[{"id":10194,"href":"https:\/\/bekkalokket.no\/index.php\/wp-json\/wp\/v2\/pages\/10193\/revisions\/10194"}],"wp:attachment":[{"href":"https:\/\/bekkalokket.no\/index.php\/wp-json\/wp\/v2\/media?parent=10193"}],"curies":[{"name":"wp","href":"https:\/\/api.w.org\/{rel}","templated":true}]}}