{"id":10380,"date":"2025-07-20T14:12:54","date_gmt":"2025-07-20T12:12:54","guid":{"rendered":"https:\/\/bekkalokket.no\/?page_id=10380"},"modified":"2026-03-23T13:29:32","modified_gmt":"2026-03-23T11:29:32","slug":"vare-medlemmers-hjemmesider","status":"publish","type":"page","link":"https:\/\/bekkalokket.no\/index.php\/vare-medlemmers-hjemmesider\/","title":{"rendered":"V\u00e5re medlemmers hjemmesider"},"content":{"rendered":"\n<p>Mange av v\u00e5re medlemmer har egne nettsider. Er du betalende medlem av Bekkalokket fotoklubb, s\u00e5 kan du gi oss i styret en lyd, s\u00e5 kommer ogs\u00e5 din side inn p\u00e5 listen.<\/p>\n\n\n\n<p><\/p>\n\n\n\n<p><strong>Om du ikke har en hjemmeside, s\u00e5 kan du bruke noen av de samme som brukes her<\/strong><\/p>\n\n\n\n<ul class=\"wp-block-list\">\n<li>Pbase<\/li>\n\n\n\n<li>Adobe portfolio(&#8220;gratis&#8221; om du abbonerer p\u00e5 en adobepakke) <a href=\"https:\/\/bekkalokket.no\/index.php\/adobe-portfolio\/\">se fordraget vi har laget<\/a><\/li>\n\n\n\n<li>Zonerama<\/li>\n\n\n\n<li>WordPress<\/li>\n\n\n\n<li>Squarespace<\/li>\n\n\n\n<li>Wix<\/li>\n<\/ul>\n\n\n\n<figure class=\"wp-block-table\"><table class=\"has-fixed-layout\"><tbody><tr><td><strong>Medlem<\/strong><\/td><td><strong>Hjemmeside<\/strong><\/td><\/tr><tr><td>Arne Skinlo<\/td><td><a href=\"https:\/\/www.arneskinlo.com\/\" target=\"_blank\" rel=\"noreferrer noopener\"><img decoding=\"async\" style=\"width: 200px;\" src=\"https:\/\/bekkalokket.no\/wp-content\/uploads\/2025\/07\/arneskinlo-com-Small.jpeg\" alt=\"Arne Skinlo bruker Squarspace\"><\/a><\/td><\/tr><tr><td>Arne Vetaas<\/td><td><a href=\"https:\/\/avetaas.net\/\"><img loading=\"lazy\" decoding=\"async\" width=\"200\" height=\"111\" class=\"wp-image-11099\" style=\"width: 200px;\" src=\"https:\/\/bekkalokket.no\/wp-content\/uploads\/2026\/02\/arnevetaashomepage.png\" alt=\"Arne bruker Adobe Portfolio\" srcset=\"https:\/\/bekkalokket.no\/wp-content\/uploads\/2026\/02\/arnevetaashomepage.png 654w, https:\/\/bekkalokket.no\/wp-content\/uploads\/2026\/02\/arnevetaashomepage-300x167.png 300w\" sizes=\"auto, (max-width: 200px) 100vw, 200px\" \/><\/a><\/td><\/tr><tr><td>Endre Lidal<\/td><td><a href=\"https:\/\/endrelidal.art\/\" target=\"_blank\" rel=\"noreferrer noopener\"><img loading=\"lazy\" decoding=\"async\" width=\"200\" height=\"77\" class=\"wp-image-10413\" style=\"width: 200px;\" src=\"https:\/\/bekkalokket.no\/wp-content\/uploads\/2025\/07\/endrelidal-art-Small.jpeg\" alt=\"Endre Lidal bruker Adobe Portfolio\" srcset=\"https:\/\/bekkalokket.no\/wp-content\/uploads\/2025\/07\/endrelidal-art-Small.jpeg 320w, https:\/\/bekkalokket.no\/wp-content\/uploads\/2025\/07\/endrelidal-art-Small-300x115.jpeg 300w\" sizes=\"auto, (max-width: 200px) 100vw, 200px\" \/><\/a><\/td><\/tr><tr><td>Eva Virkesdal Eidsheim<\/td><td><a href=\"https:\/\/evaeidsheimphotography.com\/\" target=\"_blank\" rel=\"noreferrer noopener\"><img decoding=\"async\" class=\"wp-image-10413\" style=\"width: 200px;\" src=\"https:\/\/bekkalokket.no\/wp-content\/uploads\/2025\/09\/eva-hjemmeside.png\" alt=\"Eva Virkesdal Eidsheim bruker WordPress\"><\/a><\/td><\/tr><tr><td>Inge Solfjell<\/td><td><a href=\"https:\/\/ingesolfjell.myportfolio.com\/\" target=\"_blank\" rel=\"noreferrer noopener\"><img decoding=\"async\" style=\"width: 200px;\" src=\"https:\/\/bekkalokket.no\/wp-content\/uploads\/2025\/07\/ingesolfjell-myportfolio-com-Small.jpeg\" alt=\"Inge Solfjell bruker Adobe Portfolio\"><\/a><\/td><\/tr><tr><td>Jani K\u00e4rki<\/td><td><a href=\"https:\/\/www.janikarki.net\/photography\/\" target=\"_blank\" rel=\"noreferrer noopener\"><img decoding=\"async\" style=\"width: 200px;\" src=\"https:\/\/bekkalokket.no\/wp-content\/uploads\/2025\/09\/homepage-Jani-Karki.jpg\" alt=\"Jani K\u00e4rki har laget siden html\"><\/a><\/td><\/tr><tr><td>Geir Brekke<\/td><td><img decoding=\"async\" style=\"width: 200px;\" src=\"https:\/\/bekkalokket.no\/wp-content\/uploads\/2025\/07\/skrablikk-com-Small.jpeg\" alt=\"Geir Brekke bruker Wikx\"><\/td><\/tr><tr><td>Gunnar Bye<\/td><td><a href=\"https:\/\/gunnarbye.no\/\" target=\"_blank\" rel=\"noreferrer noopener\"><img decoding=\"async\" style=\"width: 200px;\" src=\"https:\/\/bekkalokket.no\/wp-content\/uploads\/2025\/07\/Gunnarbye-no.jpeg\" alt=\"Gunnar Bye bruker Adobe Portfolio\"><\/a><\/td><\/tr><tr><td>Jan Standal<\/td><td><a href=\"https:\/\/janstandal.no\/\" target=\"_blank\" rel=\"noreferrer noopener\"><img decoding=\"async\" style=\"width: 200px;\" src=\"https:\/\/bekkalokket.no\/wp-content\/uploads\/2025\/07\/janstandal-no.jpeg\" alt=\"Jan Standal bruker Pbase\"><\/a><\/td><\/tr><tr><td>John Vint<\/td><td><a href=\"https:\/\/www.jvphoto.no\/\" target=\"_blank\" rel=\"noreferrer noopener\"><img decoding=\"async\" style=\"width: 200px;\" src=\"https:\/\/bekkalokket.no\/wp-content\/uploads\/2025\/07\/jvphoto-no.jpeg\" alt=\"John Vint bruker Smugmug\"><\/a><\/td><\/tr><tr><td>Roald Synnev\u00e5g<\/td><td><a href=\"https:\/\/synnevaag.art\/\" target=\"_blank\" rel=\"noreferrer noopener\"><img decoding=\"async\" style=\"width: 200px;\" src=\"https:\/\/bekkalokket.no\/wp-content\/uploads\/2025\/07\/synnevaagart.jpeg\" alt=\"Roald Synnev\u00e5g bruker Adobe Portfolio\"><\/a><\/td><\/tr><tr><td>Rune Morten Hansen<\/td><td><a href=\"https:\/\/runemorten.com\" target=\"_blank\" rel=\"noreferrer noopener\"><img decoding=\"async\" style=\"width: 200px;\" src=\"https:\/\/bekkalokket.no\/wp-content\/uploads\/2026\/03\/runeMortenhansen-homepage.jpg\" alt=\"Roald Synnev\u00e5g bruker Adobe Portfolio\"><\/a><\/td><\/tr><tr><td>Terje Bergesen<\/td><td><a href=\"https:\/\/www.photographer.no\/\" target=\"_blank\" rel=\"noreferrer noopener\"><img decoding=\"async\" style=\"width: 200px;\" src=\"https:\/\/bekkalokket.no\/wp-content\/uploads\/2025\/07\/photographer-no-Small.jpeg\" alt=\"Terje Bergesen bruker WordPress\"><\/a><\/td><\/tr><tr><td>Tom Jarane<\/td><td><img loading=\"lazy\" decoding=\"async\" width=\"200\" height=\"150\" class=\"wp-image-11100\" style=\"width: 200px;\" src=\"https:\/\/bekkalokket.no\/wp-content\/uploads\/2026\/02\/jaranehomepage.png\" alt=\"\"><\/td><\/tr><\/tbody><\/table><\/figure>\n\n\n\n<p class=\"has-text-align-right\"><em>Oppdatert august 2025<\/em><\/p>\n","protected":false},"excerpt":{"rendered":"<p>Mange av v\u00e5re medlemmer har egne nettsider. Er du betalende medlem av Bekkalokket fotoklubb, s\u00e5 kan du gi oss i styret en lyd, s\u00e5 kommer ogs\u00e5 din side inn p\u00e5 listen. Om du ikke&#46;&#46;&#46;<\/p>\n","protected":false},"author":2,"featured_media":0,"parent":0,"menu_order":0,"comment_status":"closed","ping_status":"closed","template":"","meta":{"footnotes":""},"class_list":["post-10380","page","type-page","status-publish","hentry"],"yoast_head":"<!-- This site is optimized with the Yoast SEO plugin v27.5 - https:\/\/yoast.com\/product\/yoast-seo-wordpress\/ -->\n<title>V\u00e5re medlemmers hjemmesider - Bekkalokket Fotoklubb<\/title>\n<meta name=\"description\" content=\"Her kan du finne hjemmesiden til v\u00e5re medlemmer. Mange fine bilder \u00e5 se her. Klikk inn og se hva v\u00e5re medlemmer har laget.\" \/>\n<meta name=\"robots\" content=\"index, follow, max-snippet:-1, max-image-preview:large, max-video-preview:-1\" \/>\n<link rel=\"canonical\" href=\"https:\/\/bekkalokket.no\/index.php\/vare-medlemmers-hjemmesider\/\" \/>\n<meta property=\"og:locale\" content=\"nb_NO\" \/>\n<meta property=\"og:type\" content=\"article\" \/>\n<meta property=\"og:title\" content=\"V\u00e5re medlemmers hjemmesider - Bekkalokket Fotoklubb\" \/>\n<meta property=\"og:description\" content=\"Her kan du finne hjemmesiden til v\u00e5re medlemmer. Mange fine bilder \u00e5 se her. Klikk inn og se hva v\u00e5re medlemmer har laget.\" \/>\n<meta property=\"og:url\" content=\"https:\/\/bekkalokket.no\/index.php\/vare-medlemmers-hjemmesider\/\" \/>\n<meta property=\"og:site_name\" content=\"Bekkalokket Fotoklubb\" \/>\n<meta property=\"article:modified_time\" content=\"2026-03-23T11:29:32+00:00\" \/>\n<meta property=\"og:image\" content=\"https:\/\/bekkalokket.no\/wp-content\/uploads\/2025\/07\/arneskinlo-com-Small.jpeg\" \/>\n<meta name=\"twitter:card\" content=\"summary_large_image\" \/>\n<meta name=\"twitter:label1\" content=\"Ansl. lesetid\" \/>\n\t<meta name=\"twitter:data1\" content=\"4 minutter\" \/>\n<script type=\"application\/ld+json\" class=\"yoast-schema-graph\">{\"@context\":\"https:\\\/\\\/schema.org\",\"@graph\":[{\"@type\":\"WebPage\",\"@id\":\"https:\\\/\\\/bekkalokket.no\\\/index.php\\\/vare-medlemmers-hjemmesider\\\/\",\"url\":\"https:\\\/\\\/bekkalokket.no\\\/index.php\\\/vare-medlemmers-hjemmesider\\\/\",\"name\":\"V\u00e5re medlemmers hjemmesider - Bekkalokket Fotoklubb\",\"isPartOf\":{\"@id\":\"https:\\\/\\\/bekkalokket.no\\\/#website\"},\"primaryImageOfPage\":{\"@id\":\"https:\\\/\\\/bekkalokket.no\\\/index.php\\\/vare-medlemmers-hjemmesider\\\/#primaryimage\"},\"image\":{\"@id\":\"https:\\\/\\\/bekkalokket.no\\\/index.php\\\/vare-medlemmers-hjemmesider\\\/#primaryimage\"},\"thumbnailUrl\":\"https:\\\/\\\/bekkalokket.no\\\/wp-content\\\/uploads\\\/2025\\\/07\\\/arneskinlo-com-Small.jpeg\",\"datePublished\":\"2025-07-20T12:12:54+00:00\",\"dateModified\":\"2026-03-23T11:29:32+00:00\",\"description\":\"Her kan du finne hjemmesiden til v\u00e5re medlemmer. Mange fine bilder \u00e5 se her. Klikk inn og se hva v\u00e5re medlemmer har laget.\",\"breadcrumb\":{\"@id\":\"https:\\\/\\\/bekkalokket.no\\\/index.php\\\/vare-medlemmers-hjemmesider\\\/#breadcrumb\"},\"inLanguage\":\"nb-NO\",\"potentialAction\":[{\"@type\":\"ReadAction\",\"target\":[\"https:\\\/\\\/bekkalokket.no\\\/index.php\\\/vare-medlemmers-hjemmesider\\\/\"]}]},{\"@type\":\"ImageObject\",\"inLanguage\":\"nb-NO\",\"@id\":\"https:\\\/\\\/bekkalokket.no\\\/index.php\\\/vare-medlemmers-hjemmesider\\\/#primaryimage\",\"url\":\"https:\\\/\\\/bekkalokket.no\\\/wp-content\\\/uploads\\\/2025\\\/07\\\/arneskinlo-com-Small.jpeg\",\"contentUrl\":\"https:\\\/\\\/bekkalokket.no\\\/wp-content\\\/uploads\\\/2025\\\/07\\\/arneskinlo-com-Small.jpeg\",\"width\":320,\"height\":177,\"caption\":\"Screenshot\"},{\"@type\":\"BreadcrumbList\",\"@id\":\"https:\\\/\\\/bekkalokket.no\\\/index.php\\\/vare-medlemmers-hjemmesider\\\/#breadcrumb\",\"itemListElement\":[{\"@type\":\"ListItem\",\"position\":1,\"name\":\"Home\",\"item\":\"https:\\\/\\\/bekkalokket.no\\\/\"},{\"@type\":\"ListItem\",\"position\":2,\"name\":\"V\u00e5re medlemmers hjemmesider\"}]},{\"@type\":\"WebSite\",\"@id\":\"https:\\\/\\\/bekkalokket.no\\\/#website\",\"url\":\"https:\\\/\\\/bekkalokket.no\\\/\",\"name\":\"Bekkalokket Fotoklubb\",\"description\":\"En sosial og aktiv fotoklubb i Bergen\",\"potentialAction\":[{\"@type\":\"SearchAction\",\"target\":{\"@type\":\"EntryPoint\",\"urlTemplate\":\"https:\\\/\\\/bekkalokket.no\\\/?s={search_term_string}\"},\"query-input\":{\"@type\":\"PropertyValueSpecification\",\"valueRequired\":true,\"valueName\":\"search_term_string\"}}],\"inLanguage\":\"nb-NO\"}]}<\/script>\n<!-- \/ Yoast SEO plugin. -->","yoast_head_json":{"title":"V\u00e5re medlemmers hjemmesider - Bekkalokket Fotoklubb","description":"Her kan du finne hjemmesiden til v\u00e5re medlemmer. Mange fine bilder \u00e5 se her. Klikk inn og se hva v\u00e5re medlemmer har laget.","robots":{"index":"index","follow":"follow","max-snippet":"max-snippet:-1","max-image-preview":"max-image-preview:large","max-video-preview":"max-video-preview:-1"},"canonical":"https:\/\/bekkalokket.no\/index.php\/vare-medlemmers-hjemmesider\/","og_locale":"nb_NO","og_type":"article","og_title":"V\u00e5re medlemmers hjemmesider - Bekkalokket Fotoklubb","og_description":"Her kan du finne hjemmesiden til v\u00e5re medlemmer. Mange fine bilder \u00e5 se her. Klikk inn og se hva v\u00e5re medlemmer har laget.","og_url":"https:\/\/bekkalokket.no\/index.php\/vare-medlemmers-hjemmesider\/","og_site_name":"Bekkalokket Fotoklubb","article_modified_time":"2026-03-23T11:29:32+00:00","og_image":[{"url":"https:\/\/bekkalokket.no\/wp-content\/uploads\/2025\/07\/arneskinlo-com-Small.jpeg","type":"","width":"","height":""}],"twitter_card":"summary_large_image","twitter_misc":{"Ansl. lesetid":"4 minutter"},"schema":{"@context":"https:\/\/schema.org","@graph":[{"@type":"WebPage","@id":"https:\/\/bekkalokket.no\/index.php\/vare-medlemmers-hjemmesider\/","url":"https:\/\/bekkalokket.no\/index.php\/vare-medlemmers-hjemmesider\/","name":"V\u00e5re medlemmers hjemmesider - Bekkalokket Fotoklubb","isPartOf":{"@id":"https:\/\/bekkalokket.no\/#website"},"primaryImageOfPage":{"@id":"https:\/\/bekkalokket.no\/index.php\/vare-medlemmers-hjemmesider\/#primaryimage"},"image":{"@id":"https:\/\/bekkalokket.no\/index.php\/vare-medlemmers-hjemmesider\/#primaryimage"},"thumbnailUrl":"https:\/\/bekkalokket.no\/wp-content\/uploads\/2025\/07\/arneskinlo-com-Small.jpeg","datePublished":"2025-07-20T12:12:54+00:00","dateModified":"2026-03-23T11:29:32+00:00","description":"Her kan du finne hjemmesiden til v\u00e5re medlemmer. Mange fine bilder \u00e5 se her. Klikk inn og se hva v\u00e5re medlemmer har laget.","breadcrumb":{"@id":"https:\/\/bekkalokket.no\/index.php\/vare-medlemmers-hjemmesider\/#breadcrumb"},"inLanguage":"nb-NO","potentialAction":[{"@type":"ReadAction","target":["https:\/\/bekkalokket.no\/index.php\/vare-medlemmers-hjemmesider\/"]}]},{"@type":"ImageObject","inLanguage":"nb-NO","@id":"https:\/\/bekkalokket.no\/index.php\/vare-medlemmers-hjemmesider\/#primaryimage","url":"https:\/\/bekkalokket.no\/wp-content\/uploads\/2025\/07\/arneskinlo-com-Small.jpeg","contentUrl":"https:\/\/bekkalokket.no\/wp-content\/uploads\/2025\/07\/arneskinlo-com-Small.jpeg","width":320,"height":177,"caption":"Screenshot"},{"@type":"BreadcrumbList","@id":"https:\/\/bekkalokket.no\/index.php\/vare-medlemmers-hjemmesider\/#breadcrumb","itemListElement":[{"@type":"ListItem","position":1,"name":"Home","item":"https:\/\/bekkalokket.no\/"},{"@type":"ListItem","position":2,"name":"V\u00e5re medlemmers hjemmesider"}]},{"@type":"WebSite","@id":"https:\/\/bekkalokket.no\/#website","url":"https:\/\/bekkalokket.no\/","name":"Bekkalokket Fotoklubb","description":"En sosial og aktiv fotoklubb i Bergen","potentialAction":[{"@type":"SearchAction","target":{"@type":"EntryPoint","urlTemplate":"https:\/\/bekkalokket.no\/?s={search_term_string}"},"query-input":{"@type":"PropertyValueSpecification","valueRequired":true,"valueName":"search_term_string"}}],"inLanguage":"nb-NO"}]}},"_links":{"self":[{"href":"https:\/\/bekkalokket.no\/index.php\/wp-json\/wp\/v2\/pages\/10380","targetHints":{"allow":["GET"]}}],"collection":[{"href":"https:\/\/bekkalokket.no\/index.php\/wp-json\/wp\/v2\/pages"}],"about":[{"href":"https:\/\/bekkalokket.no\/index.php\/wp-json\/wp\/v2\/types\/page"}],"author":[{"embeddable":true,"href":"https:\/\/bekkalokket.no\/index.php\/wp-json\/wp\/v2\/users\/2"}],"replies":[{"embeddable":true,"href":"https:\/\/bekkalokket.no\/index.php\/wp-json\/wp\/v2\/comments?post=10380"}],"version-history":[{"count":28,"href":"https:\/\/bekkalokket.no\/index.php\/wp-json\/wp\/v2\/pages\/10380\/revisions"}],"predecessor-version":[{"id":11219,"href":"https:\/\/bekkalokket.no\/index.php\/wp-json\/wp\/v2\/pages\/10380\/revisions\/11219"}],"wp:attachment":[{"href":"https:\/\/bekkalokket.no\/index.php\/wp-json\/wp\/v2\/media?parent=10380"}],"curies":[{"name":"wp","href":"https:\/\/api.w.org\/{rel}","templated":true}]}}