{"id":11237,"date":"2026-04-11T15:31:18","date_gmt":"2026-04-11T13:31:18","guid":{"rendered":"https:\/\/bekkalokket.no\/?page_id=11237"},"modified":"2026-04-11T15:31:18","modified_gmt":"2026-04-11T13:31:18","slug":"veiledning-til-innsending-av-bilde-medlemssidene-i-jubileumsboken-20227","status":"publish","type":"page","link":"https:\/\/bekkalokket.no\/index.php\/veiledning-til-innsending-av-bilde-medlemssidene-i-jubileumsboken-20227\/","title":{"rendered":"VEILEDNING TIL INNSENDING AV BILDE MEDLEMSSIDENE I JUBILEUMSBOKEN 20227"},"content":{"rendered":"\n<p>Det er f\u00f8lgende kategorier: Landskap, Natur, Sport, Makro, Portrett, Arkitektur, Abstrakt, Kreativt.<\/p>\n\n\n\n<p>Oppgi hvilken kategori hvert enkelt bilde skal v\u00e6re i.&nbsp;<\/p>\n\n\n\n<p>Hvert medlem vil f\u00e5 minimum ett bilde med i boken. Send gjerne flere slik at komiteen har noe \u00e5 velge i.<\/p>\n\n\n\n<p>Bildene m\u00e5 v\u00e6re i JPG format, 300 dpi og 3200 pixler p\u00e5 lengste side. Se eksportbilde for Lightroom Classic.\u00a0<\/p>\n\n\n\n<p>Send bildene til:&nbsp;<a href=\"mailto:Bekkalokketbok@gmail.com\">Bekkalokketbok@gmail.com<\/a>.&nbsp;Det er en begrensning p\u00e5 25 MB for hver sending, s\u00e5 det er mulig at du m\u00e5 sende i flere omganger.<\/p>\n\n\n\n<figure class=\"wp-block-image size-full\"><img loading=\"lazy\" decoding=\"async\" width=\"831\" height=\"459\" src=\"https:\/\/bekkalokket.no\/wp-content\/uploads\/2026\/04\/export_fra_LrC_for_bok2.jpg\" alt=\"\" class=\"wp-image-11238\" srcset=\"https:\/\/bekkalokket.no\/wp-content\/uploads\/2026\/04\/export_fra_LrC_for_bok2.jpg 831w, https:\/\/bekkalokket.no\/wp-content\/uploads\/2026\/04\/export_fra_LrC_for_bok2-300x166.jpg 300w, https:\/\/bekkalokket.no\/wp-content\/uploads\/2026\/04\/export_fra_LrC_for_bok2-768x424.jpg 768w\" sizes=\"auto, (max-width: 831px) 100vw, 831px\" \/><figcaption class=\"wp-element-caption\">Screenshot<\/figcaption><\/figure>\n","protected":false},"excerpt":{"rendered":"<p>Det er f\u00f8lgende kategorier: Landskap, Natur, Sport, Makro, Portrett, Arkitektur, Abstrakt, Kreativt. Oppgi hvilken kategori hvert enkelt bilde skal v\u00e6re i.&nbsp; Hvert medlem vil f\u00e5 minimum ett bilde med i boken. Send gjerne flere&#46;&#46;&#46;<\/p>\n","protected":false},"author":2,"featured_media":0,"parent":0,"menu_order":0,"comment_status":"closed","ping_status":"closed","template":"","meta":{"footnotes":""},"class_list":["post-11237","page","type-page","status-publish","hentry"],"yoast_head":"<!-- This site is optimized with the Yoast SEO plugin v27.3 - https:\/\/yoast.com\/product\/yoast-seo-wordpress\/ -->\n<title>VEILEDNING TIL INNSENDING AV BILDE MEDLEMSSIDENE I JUBILEUMSBOKEN 20227 - Bekkalokket Fotoklubb<\/title>\n<meta name=\"robots\" content=\"index, follow, max-snippet:-1, max-image-preview:large, max-video-preview:-1\" \/>\n<link rel=\"canonical\" href=\"https:\/\/bekkalokket.no\/index.php\/veiledning-til-innsending-av-bilde-medlemssidene-i-jubileumsboken-20227\/\" \/>\n<meta property=\"og:locale\" content=\"nb_NO\" \/>\n<meta property=\"og:type\" content=\"article\" \/>\n<meta property=\"og:title\" content=\"VEILEDNING TIL INNSENDING AV BILDE MEDLEMSSIDENE I JUBILEUMSBOKEN 20227 - Bekkalokket Fotoklubb\" \/>\n<meta property=\"og:description\" content=\"Det er f\u00f8lgende kategorier: Landskap, Natur, Sport, Makro, Portrett, Arkitektur, Abstrakt, Kreativt. Oppgi hvilken kategori hvert enkelt bilde skal v\u00e6re i.&nbsp; Hvert medlem vil f\u00e5 minimum ett bilde med i boken. Send gjerne flere&#046;&#046;&#046;\" \/>\n<meta property=\"og:url\" content=\"https:\/\/bekkalokket.no\/index.php\/veiledning-til-innsending-av-bilde-medlemssidene-i-jubileumsboken-20227\/\" \/>\n<meta property=\"og:site_name\" content=\"Bekkalokket Fotoklubb\" \/>\n<meta property=\"og:image\" content=\"https:\/\/bekkalokket.no\/wp-content\/uploads\/2026\/04\/export_fra_LrC_for_bok2.jpg\" \/>\n\t<meta property=\"og:image:width\" content=\"831\" \/>\n\t<meta property=\"og:image:height\" content=\"459\" \/>\n\t<meta property=\"og:image:type\" content=\"image\/jpeg\" \/>\n<meta name=\"twitter:card\" content=\"summary_large_image\" \/>\n<meta name=\"twitter:label1\" content=\"Ansl. lesetid\" \/>\n\t<meta name=\"twitter:data1\" content=\"1 minutt\" \/>\n<script type=\"application\/ld+json\" class=\"yoast-schema-graph\">{\"@context\":\"https:\\\/\\\/schema.org\",\"@graph\":[{\"@type\":\"WebPage\",\"@id\":\"https:\\\/\\\/bekkalokket.no\\\/index.php\\\/veiledning-til-innsending-av-bilde-medlemssidene-i-jubileumsboken-20227\\\/\",\"url\":\"https:\\\/\\\/bekkalokket.no\\\/index.php\\\/veiledning-til-innsending-av-bilde-medlemssidene-i-jubileumsboken-20227\\\/\",\"name\":\"VEILEDNING TIL INNSENDING AV BILDE MEDLEMSSIDENE I JUBILEUMSBOKEN 20227 - Bekkalokket Fotoklubb\",\"isPartOf\":{\"@id\":\"https:\\\/\\\/bekkalokket.no\\\/#website\"},\"primaryImageOfPage\":{\"@id\":\"https:\\\/\\\/bekkalokket.no\\\/index.php\\\/veiledning-til-innsending-av-bilde-medlemssidene-i-jubileumsboken-20227\\\/#primaryimage\"},\"image\":{\"@id\":\"https:\\\/\\\/bekkalokket.no\\\/index.php\\\/veiledning-til-innsending-av-bilde-medlemssidene-i-jubileumsboken-20227\\\/#primaryimage\"},\"thumbnailUrl\":\"https:\\\/\\\/bekkalokket.no\\\/wp-content\\\/uploads\\\/2026\\\/04\\\/export_fra_LrC_for_bok2.jpg\",\"datePublished\":\"2026-04-11T13:31:18+00:00\",\"breadcrumb\":{\"@id\":\"https:\\\/\\\/bekkalokket.no\\\/index.php\\\/veiledning-til-innsending-av-bilde-medlemssidene-i-jubileumsboken-20227\\\/#breadcrumb\"},\"inLanguage\":\"nb-NO\",\"potentialAction\":[{\"@type\":\"ReadAction\",\"target\":[\"https:\\\/\\\/bekkalokket.no\\\/index.php\\\/veiledning-til-innsending-av-bilde-medlemssidene-i-jubileumsboken-20227\\\/\"]}]},{\"@type\":\"ImageObject\",\"inLanguage\":\"nb-NO\",\"@id\":\"https:\\\/\\\/bekkalokket.no\\\/index.php\\\/veiledning-til-innsending-av-bilde-medlemssidene-i-jubileumsboken-20227\\\/#primaryimage\",\"url\":\"https:\\\/\\\/bekkalokket.no\\\/wp-content\\\/uploads\\\/2026\\\/04\\\/export_fra_LrC_for_bok2.jpg\",\"contentUrl\":\"https:\\\/\\\/bekkalokket.no\\\/wp-content\\\/uploads\\\/2026\\\/04\\\/export_fra_LrC_for_bok2.jpg\",\"width\":831,\"height\":459,\"caption\":\"Screenshot\"},{\"@type\":\"BreadcrumbList\",\"@id\":\"https:\\\/\\\/bekkalokket.no\\\/index.php\\\/veiledning-til-innsending-av-bilde-medlemssidene-i-jubileumsboken-20227\\\/#breadcrumb\",\"itemListElement\":[{\"@type\":\"ListItem\",\"position\":1,\"name\":\"Home\",\"item\":\"https:\\\/\\\/bekkalokket.no\\\/\"},{\"@type\":\"ListItem\",\"position\":2,\"name\":\"VEILEDNING TIL INNSENDING AV BILDE MEDLEMSSIDENE I JUBILEUMSBOKEN 20227\"}]},{\"@type\":\"WebSite\",\"@id\":\"https:\\\/\\\/bekkalokket.no\\\/#website\",\"url\":\"https:\\\/\\\/bekkalokket.no\\\/\",\"name\":\"Bekkalokket Fotoklubb\",\"description\":\"En sosial og aktiv fotoklubb i Bergen\",\"potentialAction\":[{\"@type\":\"SearchAction\",\"target\":{\"@type\":\"EntryPoint\",\"urlTemplate\":\"https:\\\/\\\/bekkalokket.no\\\/?s={search_term_string}\"},\"query-input\":{\"@type\":\"PropertyValueSpecification\",\"valueRequired\":true,\"valueName\":\"search_term_string\"}}],\"inLanguage\":\"nb-NO\"}]}<\/script>\n<!-- \/ Yoast SEO plugin. -->","yoast_head_json":{"title":"VEILEDNING TIL INNSENDING AV BILDE MEDLEMSSIDENE I JUBILEUMSBOKEN 20227 - Bekkalokket Fotoklubb","robots":{"index":"index","follow":"follow","max-snippet":"max-snippet:-1","max-image-preview":"max-image-preview:large","max-video-preview":"max-video-preview:-1"},"canonical":"https:\/\/bekkalokket.no\/index.php\/veiledning-til-innsending-av-bilde-medlemssidene-i-jubileumsboken-20227\/","og_locale":"nb_NO","og_type":"article","og_title":"VEILEDNING TIL INNSENDING AV BILDE MEDLEMSSIDENE I JUBILEUMSBOKEN 20227 - Bekkalokket Fotoklubb","og_description":"Det er f\u00f8lgende kategorier: Landskap, Natur, Sport, Makro, Portrett, Arkitektur, Abstrakt, Kreativt. Oppgi hvilken kategori hvert enkelt bilde skal v\u00e6re i.&nbsp; Hvert medlem vil f\u00e5 minimum ett bilde med i boken. Send gjerne flere&#46;&#46;&#46;","og_url":"https:\/\/bekkalokket.no\/index.php\/veiledning-til-innsending-av-bilde-medlemssidene-i-jubileumsboken-20227\/","og_site_name":"Bekkalokket Fotoklubb","og_image":[{"width":831,"height":459,"url":"https:\/\/bekkalokket.no\/wp-content\/uploads\/2026\/04\/export_fra_LrC_for_bok2.jpg","type":"image\/jpeg"}],"twitter_card":"summary_large_image","twitter_misc":{"Ansl. lesetid":"1 minutt"},"schema":{"@context":"https:\/\/schema.org","@graph":[{"@type":"WebPage","@id":"https:\/\/bekkalokket.no\/index.php\/veiledning-til-innsending-av-bilde-medlemssidene-i-jubileumsboken-20227\/","url":"https:\/\/bekkalokket.no\/index.php\/veiledning-til-innsending-av-bilde-medlemssidene-i-jubileumsboken-20227\/","name":"VEILEDNING TIL INNSENDING AV BILDE MEDLEMSSIDENE I JUBILEUMSBOKEN 20227 - Bekkalokket Fotoklubb","isPartOf":{"@id":"https:\/\/bekkalokket.no\/#website"},"primaryImageOfPage":{"@id":"https:\/\/bekkalokket.no\/index.php\/veiledning-til-innsending-av-bilde-medlemssidene-i-jubileumsboken-20227\/#primaryimage"},"image":{"@id":"https:\/\/bekkalokket.no\/index.php\/veiledning-til-innsending-av-bilde-medlemssidene-i-jubileumsboken-20227\/#primaryimage"},"thumbnailUrl":"https:\/\/bekkalokket.no\/wp-content\/uploads\/2026\/04\/export_fra_LrC_for_bok2.jpg","datePublished":"2026-04-11T13:31:18+00:00","breadcrumb":{"@id":"https:\/\/bekkalokket.no\/index.php\/veiledning-til-innsending-av-bilde-medlemssidene-i-jubileumsboken-20227\/#breadcrumb"},"inLanguage":"nb-NO","potentialAction":[{"@type":"ReadAction","target":["https:\/\/bekkalokket.no\/index.php\/veiledning-til-innsending-av-bilde-medlemssidene-i-jubileumsboken-20227\/"]}]},{"@type":"ImageObject","inLanguage":"nb-NO","@id":"https:\/\/bekkalokket.no\/index.php\/veiledning-til-innsending-av-bilde-medlemssidene-i-jubileumsboken-20227\/#primaryimage","url":"https:\/\/bekkalokket.no\/wp-content\/uploads\/2026\/04\/export_fra_LrC_for_bok2.jpg","contentUrl":"https:\/\/bekkalokket.no\/wp-content\/uploads\/2026\/04\/export_fra_LrC_for_bok2.jpg","width":831,"height":459,"caption":"Screenshot"},{"@type":"BreadcrumbList","@id":"https:\/\/bekkalokket.no\/index.php\/veiledning-til-innsending-av-bilde-medlemssidene-i-jubileumsboken-20227\/#breadcrumb","itemListElement":[{"@type":"ListItem","position":1,"name":"Home","item":"https:\/\/bekkalokket.no\/"},{"@type":"ListItem","position":2,"name":"VEILEDNING TIL INNSENDING AV BILDE MEDLEMSSIDENE I JUBILEUMSBOKEN 20227"}]},{"@type":"WebSite","@id":"https:\/\/bekkalokket.no\/#website","url":"https:\/\/bekkalokket.no\/","name":"Bekkalokket Fotoklubb","description":"En sosial og aktiv fotoklubb i Bergen","potentialAction":[{"@type":"SearchAction","target":{"@type":"EntryPoint","urlTemplate":"https:\/\/bekkalokket.no\/?s={search_term_string}"},"query-input":{"@type":"PropertyValueSpecification","valueRequired":true,"valueName":"search_term_string"}}],"inLanguage":"nb-NO"}]}},"_links":{"self":[{"href":"https:\/\/bekkalokket.no\/index.php\/wp-json\/wp\/v2\/pages\/11237","targetHints":{"allow":["GET"]}}],"collection":[{"href":"https:\/\/bekkalokket.no\/index.php\/wp-json\/wp\/v2\/pages"}],"about":[{"href":"https:\/\/bekkalokket.no\/index.php\/wp-json\/wp\/v2\/types\/page"}],"author":[{"embeddable":true,"href":"https:\/\/bekkalokket.no\/index.php\/wp-json\/wp\/v2\/users\/2"}],"replies":[{"embeddable":true,"href":"https:\/\/bekkalokket.no\/index.php\/wp-json\/wp\/v2\/comments?post=11237"}],"version-history":[{"count":1,"href":"https:\/\/bekkalokket.no\/index.php\/wp-json\/wp\/v2\/pages\/11237\/revisions"}],"predecessor-version":[{"id":11239,"href":"https:\/\/bekkalokket.no\/index.php\/wp-json\/wp\/v2\/pages\/11237\/revisions\/11239"}],"wp:attachment":[{"href":"https:\/\/bekkalokket.no\/index.php\/wp-json\/wp\/v2\/media?parent=11237"}],"curies":[{"name":"wp","href":"https:\/\/api.w.org\/{rel}","templated":true}]}}