{"id":11302,"date":"2026-05-04T20:37:51","date_gmt":"2026-05-04T18:37:51","guid":{"rendered":"https:\/\/bekkalokket.no\/?page_id=11302"},"modified":"2026-05-04T20:44:24","modified_gmt":"2026-05-04T18:44:24","slug":"foto-og-ki-foredrag-varen-2026","status":"publish","type":"page","link":"https:\/\/bekkalokket.no\/index.php\/foto-og-ki-foredrag-varen-2026\/","title":{"rendered":"Foto og KI, foredrag v\u00e5ren 2026"},"content":{"rendered":"\n<p>Tom og Endre hadde eit foredrag om KI og foto p\u00e5 klubbkvelden 23.april 2026.<br>Utgangspunktet var at Lightroom og Photoshop no har mange &#8220;KI-funksjonar&#8221; og mange medlemmer lurer p\u00e5 kva desse gjer med bilda v\u00e5re og om det er lovleg \u00e5 bruke dei i konkurranse. M\u00e5let med foredraget var derfor \u00e5 avmystifisere litt kva KI er og forklare litt kva typer KI som er i verkt\u00f8ya og korleis dei p\u00e5verkar bilda. Til sist m\u00e5 kvar enkelt vurdere sj\u00f8lv kva funksjonar ein vil bruke, men med litt meir kunnskap er det h\u00e5p om at valget blir litt lettare.<\/p>\n\n\n\n<p>Slides fr\u00e5 presentasjonen til Tom og Endre finn du her: <a href=\"https:\/\/bekkalokket.no\/wp-content\/uploads\/2026\/05\/KI-og-foto-foredrag-Bekkalokket-2026.pdf\" type=\"attachment\" id=\"11304\" target=\"_blank\" rel=\"noreferrer noopener\">KI og foto foredrag Bekkalokket 2026<\/a><\/p>\n\n\n\n<p>  <\/p>\n","protected":false},"excerpt":{"rendered":"<p>Tom og Endre hadde eit foredrag om KI og foto p\u00e5 klubbkvelden 23.april 2026.Utgangspunktet var at Lightroom og Photoshop no har mange &#8220;KI-funksjonar&#8221; og mange medlemmer lurer p\u00e5 kva desse gjer med bilda v\u00e5re&#46;&#46;&#46;<\/p>\n","protected":false},"author":7,"featured_media":0,"parent":0,"menu_order":0,"comment_status":"closed","ping_status":"closed","template":"","meta":{"footnotes":""},"class_list":["post-11302","page","type-page","status-publish","hentry"],"yoast_head":"<!-- This site is optimized with the Yoast SEO plugin v27.5 - https:\/\/yoast.com\/product\/yoast-seo-wordpress\/ -->\n<title>Foto og KI, foredrag v\u00e5ren 2026 - Bekkalokket Fotoklubb<\/title>\n<meta name=\"robots\" content=\"index, follow, max-snippet:-1, max-image-preview:large, max-video-preview:-1\" \/>\n<link rel=\"canonical\" href=\"https:\/\/bekkalokket.no\/index.php\/foto-og-ki-foredrag-varen-2026\/\" \/>\n<meta property=\"og:locale\" content=\"nb_NO\" \/>\n<meta property=\"og:type\" content=\"article\" \/>\n<meta property=\"og:title\" content=\"Foto og KI, foredrag v\u00e5ren 2026 - Bekkalokket Fotoklubb\" \/>\n<meta property=\"og:description\" content=\"Tom og Endre hadde eit foredrag om KI og foto p\u00e5 klubbkvelden 23.april 2026.Utgangspunktet var at Lightroom og Photoshop no har mange &#8220;KI-funksjonar&#8221; og mange medlemmer lurer p\u00e5 kva desse gjer med bilda v\u00e5re&#046;&#046;&#046;\" \/>\n<meta property=\"og:url\" content=\"https:\/\/bekkalokket.no\/index.php\/foto-og-ki-foredrag-varen-2026\/\" \/>\n<meta property=\"og:site_name\" content=\"Bekkalokket Fotoklubb\" \/>\n<meta property=\"article:modified_time\" content=\"2026-05-04T18:44:24+00:00\" \/>\n<meta name=\"twitter:card\" content=\"summary_large_image\" \/>\n<meta name=\"twitter:label1\" content=\"Ansl. lesetid\" \/>\n\t<meta name=\"twitter:data1\" content=\"1 minutt\" \/>\n<script type=\"application\/ld+json\" class=\"yoast-schema-graph\">{\"@context\":\"https:\\\/\\\/schema.org\",\"@graph\":[{\"@type\":\"WebPage\",\"@id\":\"https:\\\/\\\/bekkalokket.no\\\/index.php\\\/foto-og-ki-foredrag-varen-2026\\\/\",\"url\":\"https:\\\/\\\/bekkalokket.no\\\/index.php\\\/foto-og-ki-foredrag-varen-2026\\\/\",\"name\":\"Foto og KI, foredrag v\u00e5ren 2026 - Bekkalokket Fotoklubb\",\"isPartOf\":{\"@id\":\"https:\\\/\\\/bekkalokket.no\\\/#website\"},\"datePublished\":\"2026-05-04T18:37:51+00:00\",\"dateModified\":\"2026-05-04T18:44:24+00:00\",\"breadcrumb\":{\"@id\":\"https:\\\/\\\/bekkalokket.no\\\/index.php\\\/foto-og-ki-foredrag-varen-2026\\\/#breadcrumb\"},\"inLanguage\":\"nb-NO\",\"potentialAction\":[{\"@type\":\"ReadAction\",\"target\":[\"https:\\\/\\\/bekkalokket.no\\\/index.php\\\/foto-og-ki-foredrag-varen-2026\\\/\"]}]},{\"@type\":\"BreadcrumbList\",\"@id\":\"https:\\\/\\\/bekkalokket.no\\\/index.php\\\/foto-og-ki-foredrag-varen-2026\\\/#breadcrumb\",\"itemListElement\":[{\"@type\":\"ListItem\",\"position\":1,\"name\":\"Home\",\"item\":\"https:\\\/\\\/bekkalokket.no\\\/\"},{\"@type\":\"ListItem\",\"position\":2,\"name\":\"Foto og KI, foredrag v\u00e5ren 2026\"}]},{\"@type\":\"WebSite\",\"@id\":\"https:\\\/\\\/bekkalokket.no\\\/#website\",\"url\":\"https:\\\/\\\/bekkalokket.no\\\/\",\"name\":\"Bekkalokket Fotoklubb\",\"description\":\"En sosial og aktiv fotoklubb i Bergen\",\"potentialAction\":[{\"@type\":\"SearchAction\",\"target\":{\"@type\":\"EntryPoint\",\"urlTemplate\":\"https:\\\/\\\/bekkalokket.no\\\/?s={search_term_string}\"},\"query-input\":{\"@type\":\"PropertyValueSpecification\",\"valueRequired\":true,\"valueName\":\"search_term_string\"}}],\"inLanguage\":\"nb-NO\"}]}<\/script>\n<!-- \/ Yoast SEO plugin. -->","yoast_head_json":{"title":"Foto og KI, foredrag v\u00e5ren 2026 - Bekkalokket Fotoklubb","robots":{"index":"index","follow":"follow","max-snippet":"max-snippet:-1","max-image-preview":"max-image-preview:large","max-video-preview":"max-video-preview:-1"},"canonical":"https:\/\/bekkalokket.no\/index.php\/foto-og-ki-foredrag-varen-2026\/","og_locale":"nb_NO","og_type":"article","og_title":"Foto og KI, foredrag v\u00e5ren 2026 - Bekkalokket Fotoklubb","og_description":"Tom og Endre hadde eit foredrag om KI og foto p\u00e5 klubbkvelden 23.april 2026.Utgangspunktet var at Lightroom og Photoshop no har mange &#8220;KI-funksjonar&#8221; og mange medlemmer lurer p\u00e5 kva desse gjer med bilda v\u00e5re&#46;&#46;&#46;","og_url":"https:\/\/bekkalokket.no\/index.php\/foto-og-ki-foredrag-varen-2026\/","og_site_name":"Bekkalokket Fotoklubb","article_modified_time":"2026-05-04T18:44:24+00:00","twitter_card":"summary_large_image","twitter_misc":{"Ansl. lesetid":"1 minutt"},"schema":{"@context":"https:\/\/schema.org","@graph":[{"@type":"WebPage","@id":"https:\/\/bekkalokket.no\/index.php\/foto-og-ki-foredrag-varen-2026\/","url":"https:\/\/bekkalokket.no\/index.php\/foto-og-ki-foredrag-varen-2026\/","name":"Foto og KI, foredrag v\u00e5ren 2026 - Bekkalokket Fotoklubb","isPartOf":{"@id":"https:\/\/bekkalokket.no\/#website"},"datePublished":"2026-05-04T18:37:51+00:00","dateModified":"2026-05-04T18:44:24+00:00","breadcrumb":{"@id":"https:\/\/bekkalokket.no\/index.php\/foto-og-ki-foredrag-varen-2026\/#breadcrumb"},"inLanguage":"nb-NO","potentialAction":[{"@type":"ReadAction","target":["https:\/\/bekkalokket.no\/index.php\/foto-og-ki-foredrag-varen-2026\/"]}]},{"@type":"BreadcrumbList","@id":"https:\/\/bekkalokket.no\/index.php\/foto-og-ki-foredrag-varen-2026\/#breadcrumb","itemListElement":[{"@type":"ListItem","position":1,"name":"Home","item":"https:\/\/bekkalokket.no\/"},{"@type":"ListItem","position":2,"name":"Foto og KI, foredrag v\u00e5ren 2026"}]},{"@type":"WebSite","@id":"https:\/\/bekkalokket.no\/#website","url":"https:\/\/bekkalokket.no\/","name":"Bekkalokket Fotoklubb","description":"En sosial og aktiv fotoklubb i Bergen","potentialAction":[{"@type":"SearchAction","target":{"@type":"EntryPoint","urlTemplate":"https:\/\/bekkalokket.no\/?s={search_term_string}"},"query-input":{"@type":"PropertyValueSpecification","valueRequired":true,"valueName":"search_term_string"}}],"inLanguage":"nb-NO"}]}},"_links":{"self":[{"href":"https:\/\/bekkalokket.no\/index.php\/wp-json\/wp\/v2\/pages\/11302","targetHints":{"allow":["GET"]}}],"collection":[{"href":"https:\/\/bekkalokket.no\/index.php\/wp-json\/wp\/v2\/pages"}],"about":[{"href":"https:\/\/bekkalokket.no\/index.php\/wp-json\/wp\/v2\/types\/page"}],"author":[{"embeddable":true,"href":"https:\/\/bekkalokket.no\/index.php\/wp-json\/wp\/v2\/users\/7"}],"replies":[{"embeddable":true,"href":"https:\/\/bekkalokket.no\/index.php\/wp-json\/wp\/v2\/comments?post=11302"}],"version-history":[{"count":3,"href":"https:\/\/bekkalokket.no\/index.php\/wp-json\/wp\/v2\/pages\/11302\/revisions"}],"predecessor-version":[{"id":11307,"href":"https:\/\/bekkalokket.no\/index.php\/wp-json\/wp\/v2\/pages\/11302\/revisions\/11307"}],"wp:attachment":[{"href":"https:\/\/bekkalokket.no\/index.php\/wp-json\/wp\/v2\/media?parent=11302"}],"curies":[{"name":"wp","href":"https:\/\/api.w.org\/{rel}","templated":true}]}}