{"id":1273,"date":"2018-08-26T18:33:09","date_gmt":"2018-08-26T16:33:09","guid":{"rendered":"http:\/\/bekkalokket.com\/?page_id=1273"},"modified":"2018-08-26T18:43:18","modified_gmt":"2018-08-26T16:43:18","slug":"sommerfest-2007","status":"publish","type":"page","link":"https:\/\/bekkalokket.no\/index.php\/sommerfest-2007\/","title":{"rendered":"Sommerfesten 2007"},"content":{"rendered":"<p>Etter en intens s\u00f8ken etter en plass \u00e5 avholde festen, s\u00e5 endte vi opp p\u00e5 garasjetaket\/terassen til Tom Jarane.<\/p>\n<p>&nbsp;<\/p>\n<p>Ingen ante hvor mye det taket t\u00e5lte, men neste 30 stykk gikk i alle fall.<\/p>\n<p>&nbsp;<\/p>\n<div aria-live=\"polite\" id=\"soliloquy-container-1314_1\" class=\"soliloquy-container soliloquy-transition-fade  soliloquy-theme-base\" style=\"max-width:960px;max-height:300px;\"><ul id=\"soliloquy-1314_1\" class=\"soliloquy-slider soliloquy-slides soliloquy-wrap soliloquy-clear\"><li aria-hidden=\"true\" class=\"soliloquy-item soliloquy-item-1 soliloquy-image-slide\" draggable=\"false\" style=\"list-style:none\"><img decoding=\"async\" id=\"soliloquy-image-1316\" class=\"soliloquy-image soliloquy-image-1\" src=\"https:\/\/bekkalokket.no\/wp-content\/uploads\/2018\/08\/bilder.jpg\" alt=\"bilder\" \/><\/li><li aria-hidden=\"true\" class=\"soliloquy-item soliloquy-item-2 soliloquy-image-slide\" draggable=\"false\" style=\"list-style:none\"><img decoding=\"async\" id=\"soliloquy-image-1317\" class=\"soliloquy-image soliloquy-image-2\" src=\"https:\/\/bekkalokket.no\/wp-content\/uploads\/2018\/08\/Sommerfest-2.jpg\" alt=\"Sommerfest 2\" \/><\/li><li aria-hidden=\"true\" class=\"soliloquy-item soliloquy-item-3 soliloquy-image-slide\" draggable=\"false\" style=\"list-style:none\"><img decoding=\"async\" id=\"soliloquy-image-1318\" class=\"soliloquy-image soliloquy-image-3\" src=\"https:\/\/bekkalokket.no\/wp-content\/uploads\/2018\/08\/Sommerfest-3.jpg\" alt=\"Sommerfest 3\" \/><\/li><li aria-hidden=\"true\" class=\"soliloquy-item soliloquy-item-4 soliloquy-image-slide\" draggable=\"false\" style=\"list-style:none\"><img decoding=\"async\" id=\"soliloquy-image-1319\" class=\"soliloquy-image soliloquy-image-4\" src=\"https:\/\/bekkalokket.no\/wp-content\/uploads\/2018\/08\/Sommerfest-4.jpg\" alt=\"Sommerfest 4\" \/><\/li><li aria-hidden=\"true\" class=\"soliloquy-item soliloquy-item-5 soliloquy-image-slide\" draggable=\"false\" style=\"list-style:none\"><img decoding=\"async\" id=\"soliloquy-image-1320\" class=\"soliloquy-image soliloquy-image-5\" src=\"https:\/\/bekkalokket.no\/wp-content\/uploads\/2018\/08\/Sommerfest-5.jpg\" alt=\"Sommerfest 5\" \/><\/li><li aria-hidden=\"true\" class=\"soliloquy-item soliloquy-item-6 soliloquy-image-slide\" draggable=\"false\" style=\"list-style:none\"><img decoding=\"async\" id=\"soliloquy-image-1321\" class=\"soliloquy-image soliloquy-image-6\" src=\"https:\/\/bekkalokket.no\/wp-content\/uploads\/2018\/08\/Sommerfest-6.jpg\" alt=\"Sommerfest 6\" \/><\/li><li aria-hidden=\"true\" class=\"soliloquy-item soliloquy-item-7 soliloquy-image-slide\" draggable=\"false\" style=\"list-style:none\"><img decoding=\"async\" id=\"soliloquy-image-1322\" class=\"soliloquy-image soliloquy-image-7\" src=\"https:\/\/bekkalokket.no\/wp-content\/uploads\/2018\/08\/Sommerfest-7.jpg\" alt=\"Sommerfest 7\" \/><\/li><li aria-hidden=\"true\" class=\"soliloquy-item soliloquy-item-8 soliloquy-image-slide\" draggable=\"false\" style=\"list-style:none\"><img decoding=\"async\" id=\"soliloquy-image-1323\" class=\"soliloquy-image soliloquy-image-8\" src=\"https:\/\/bekkalokket.no\/wp-content\/uploads\/2018\/08\/Sommerfest-8.jpg\" alt=\"Sommerfest 8\" \/><\/li><li aria-hidden=\"true\" class=\"soliloquy-item soliloquy-item-9 soliloquy-image-slide\" draggable=\"false\" style=\"list-style:none\"><img decoding=\"async\" id=\"soliloquy-image-1324\" class=\"soliloquy-image soliloquy-image-9\" src=\"https:\/\/bekkalokket.no\/wp-content\/uploads\/2018\/08\/Sommerfest-9.jpg\" alt=\"Sommerfest 9\" \/><\/li><\/ul><\/div><noscript><style type=\"text\/css\">#soliloquy-container-1314_1{opacity:1}<\/style><\/noscript>\n","protected":false},"excerpt":{"rendered":"<p>Etter en intens s\u00f8ken etter en plass \u00e5 avholde festen, s\u00e5 endte vi opp p\u00e5 garasjetaket\/terassen til Tom Jarane. &nbsp; Ingen ante hvor mye det taket t\u00e5lte, men neste 30 stykk gikk i alle&#46;&#46;&#46;<\/p>\n","protected":false},"author":2,"featured_media":0,"parent":0,"menu_order":0,"comment_status":"closed","ping_status":"closed","template":"","meta":{"footnotes":""},"class_list":["post-1273","page","type-page","status-publish","hentry"],"yoast_head":"<!-- This site is optimized with the Yoast SEO plugin v27.5 - https:\/\/yoast.com\/product\/yoast-seo-wordpress\/ -->\n<title>Sommerfesten 2007 - Bekkalokket Fotoklubb<\/title>\n<meta name=\"robots\" content=\"index, follow, max-snippet:-1, max-image-preview:large, max-video-preview:-1\" \/>\n<link rel=\"canonical\" href=\"https:\/\/bekkalokket.no\/index.php\/sommerfest-2007\/\" \/>\n<meta property=\"og:locale\" content=\"nb_NO\" \/>\n<meta property=\"og:type\" content=\"article\" \/>\n<meta property=\"og:title\" content=\"Sommerfesten 2007 - Bekkalokket Fotoklubb\" \/>\n<meta property=\"og:description\" content=\"Etter en intens s\u00f8ken etter en plass \u00e5 avholde festen, s\u00e5 endte vi opp p\u00e5 garasjetaket\/terassen til Tom Jarane. &nbsp; Ingen ante hvor mye det taket t\u00e5lte, men neste 30 stykk gikk i alle&#046;&#046;&#046;\" \/>\n<meta property=\"og:url\" content=\"https:\/\/bekkalokket.no\/index.php\/sommerfest-2007\/\" \/>\n<meta property=\"og:site_name\" content=\"Bekkalokket Fotoklubb\" \/>\n<meta property=\"article:modified_time\" content=\"2018-08-26T16:43:18+00:00\" \/>\n<meta name=\"twitter:card\" content=\"summary_large_image\" \/>\n<script type=\"application\/ld+json\" class=\"yoast-schema-graph\">{\"@context\":\"https:\\\/\\\/schema.org\",\"@graph\":[{\"@type\":\"WebPage\",\"@id\":\"https:\\\/\\\/bekkalokket.no\\\/index.php\\\/sommerfest-2007\\\/\",\"url\":\"https:\\\/\\\/bekkalokket.no\\\/index.php\\\/sommerfest-2007\\\/\",\"name\":\"Sommerfesten 2007 - Bekkalokket Fotoklubb\",\"isPartOf\":{\"@id\":\"https:\\\/\\\/bekkalokket.no\\\/#website\"},\"datePublished\":\"2018-08-26T16:33:09+00:00\",\"dateModified\":\"2018-08-26T16:43:18+00:00\",\"breadcrumb\":{\"@id\":\"https:\\\/\\\/bekkalokket.no\\\/index.php\\\/sommerfest-2007\\\/#breadcrumb\"},\"inLanguage\":\"nb-NO\",\"potentialAction\":[{\"@type\":\"ReadAction\",\"target\":[\"https:\\\/\\\/bekkalokket.no\\\/index.php\\\/sommerfest-2007\\\/\"]}]},{\"@type\":\"BreadcrumbList\",\"@id\":\"https:\\\/\\\/bekkalokket.no\\\/index.php\\\/sommerfest-2007\\\/#breadcrumb\",\"itemListElement\":[{\"@type\":\"ListItem\",\"position\":1,\"name\":\"Home\",\"item\":\"https:\\\/\\\/bekkalokket.no\\\/\"},{\"@type\":\"ListItem\",\"position\":2,\"name\":\"Sommerfesten 2007\"}]},{\"@type\":\"WebSite\",\"@id\":\"https:\\\/\\\/bekkalokket.no\\\/#website\",\"url\":\"https:\\\/\\\/bekkalokket.no\\\/\",\"name\":\"Bekkalokket Fotoklubb\",\"description\":\"En sosial og aktiv fotoklubb i Bergen\",\"potentialAction\":[{\"@type\":\"SearchAction\",\"target\":{\"@type\":\"EntryPoint\",\"urlTemplate\":\"https:\\\/\\\/bekkalokket.no\\\/?s={search_term_string}\"},\"query-input\":{\"@type\":\"PropertyValueSpecification\",\"valueRequired\":true,\"valueName\":\"search_term_string\"}}],\"inLanguage\":\"nb-NO\"}]}<\/script>\n<!-- \/ Yoast SEO plugin. -->","yoast_head_json":{"title":"Sommerfesten 2007 - Bekkalokket Fotoklubb","robots":{"index":"index","follow":"follow","max-snippet":"max-snippet:-1","max-image-preview":"max-image-preview:large","max-video-preview":"max-video-preview:-1"},"canonical":"https:\/\/bekkalokket.no\/index.php\/sommerfest-2007\/","og_locale":"nb_NO","og_type":"article","og_title":"Sommerfesten 2007 - Bekkalokket Fotoklubb","og_description":"Etter en intens s\u00f8ken etter en plass \u00e5 avholde festen, s\u00e5 endte vi opp p\u00e5 garasjetaket\/terassen til Tom Jarane. &nbsp; Ingen ante hvor mye det taket t\u00e5lte, men neste 30 stykk gikk i alle&#46;&#46;&#46;","og_url":"https:\/\/bekkalokket.no\/index.php\/sommerfest-2007\/","og_site_name":"Bekkalokket Fotoklubb","article_modified_time":"2018-08-26T16:43:18+00:00","twitter_card":"summary_large_image","schema":{"@context":"https:\/\/schema.org","@graph":[{"@type":"WebPage","@id":"https:\/\/bekkalokket.no\/index.php\/sommerfest-2007\/","url":"https:\/\/bekkalokket.no\/index.php\/sommerfest-2007\/","name":"Sommerfesten 2007 - Bekkalokket Fotoklubb","isPartOf":{"@id":"https:\/\/bekkalokket.no\/#website"},"datePublished":"2018-08-26T16:33:09+00:00","dateModified":"2018-08-26T16:43:18+00:00","breadcrumb":{"@id":"https:\/\/bekkalokket.no\/index.php\/sommerfest-2007\/#breadcrumb"},"inLanguage":"nb-NO","potentialAction":[{"@type":"ReadAction","target":["https:\/\/bekkalokket.no\/index.php\/sommerfest-2007\/"]}]},{"@type":"BreadcrumbList","@id":"https:\/\/bekkalokket.no\/index.php\/sommerfest-2007\/#breadcrumb","itemListElement":[{"@type":"ListItem","position":1,"name":"Home","item":"https:\/\/bekkalokket.no\/"},{"@type":"ListItem","position":2,"name":"Sommerfesten 2007"}]},{"@type":"WebSite","@id":"https:\/\/bekkalokket.no\/#website","url":"https:\/\/bekkalokket.no\/","name":"Bekkalokket Fotoklubb","description":"En sosial og aktiv fotoklubb i Bergen","potentialAction":[{"@type":"SearchAction","target":{"@type":"EntryPoint","urlTemplate":"https:\/\/bekkalokket.no\/?s={search_term_string}"},"query-input":{"@type":"PropertyValueSpecification","valueRequired":true,"valueName":"search_term_string"}}],"inLanguage":"nb-NO"}]}},"_links":{"self":[{"href":"https:\/\/bekkalokket.no\/index.php\/wp-json\/wp\/v2\/pages\/1273","targetHints":{"allow":["GET"]}}],"collection":[{"href":"https:\/\/bekkalokket.no\/index.php\/wp-json\/wp\/v2\/pages"}],"about":[{"href":"https:\/\/bekkalokket.no\/index.php\/wp-json\/wp\/v2\/types\/page"}],"author":[{"embeddable":true,"href":"https:\/\/bekkalokket.no\/index.php\/wp-json\/wp\/v2\/users\/2"}],"replies":[{"embeddable":true,"href":"https:\/\/bekkalokket.no\/index.php\/wp-json\/wp\/v2\/comments?post=1273"}],"version-history":[{"count":4,"href":"https:\/\/bekkalokket.no\/index.php\/wp-json\/wp\/v2\/pages\/1273\/revisions"}],"predecessor-version":[{"id":1325,"href":"https:\/\/bekkalokket.no\/index.php\/wp-json\/wp\/v2\/pages\/1273\/revisions\/1325"}],"wp:attachment":[{"href":"https:\/\/bekkalokket.no\/index.php\/wp-json\/wp\/v2\/media?parent=1273"}],"curies":[{"name":"wp","href":"https:\/\/api.w.org\/{rel}","templated":true}]}}

<p>Etter en intens søken etter en plass å avholde festen, så endte vi opp på garasjetaket/terassen til Tom Jarane.</p>
<p>&nbsp;</p>
<p>Ingen ante hvor mye det taket tålte, men neste 30 stykk gikk i alle fall.</p>
<p>&nbsp;</p>
<div aria-live="polite" id="soliloquy-container-1314_1" class="soliloquy-container soliloquy-transition-fade  soliloquy-theme-base" style="max-width:960px;max-height:300px;"><ul id="soliloquy-1314_1" class="soliloquy-slider soliloquy-slides soliloquy-wrap soliloquy-clear"><li aria-hidden="true" class="soliloquy-item soliloquy-item-1 soliloquy-image-slide" draggable="false" style="list-style:none"><img decoding="async" id="soliloquy-image-1316" class="soliloquy-image soliloquy-image-1" src="https://bekkalokket.no/wp-content/uploads/2018/08/bilder.jpg" alt="bilder" /></li><li aria-hidden="true" class="soliloquy-item soliloquy-item-2 soliloquy-image-slide" draggable="false" style="list-style:none"><img decoding="async" id="soliloquy-image-1317" class="soliloquy-image soliloquy-image-2" src="https://bekkalokket.no/wp-content/uploads/2018/08/Sommerfest-2.jpg" alt="Sommerfest 2" /></li><li aria-hidden="true" class="soliloquy-item soliloquy-item-3 soliloquy-image-slide" draggable="false" style="list-style:none"><img decoding="async" id="soliloquy-image-1318" class="soliloquy-image soliloquy-image-3" src="https://bekkalokket.no/wp-content/uploads/2018/08/Sommerfest-3.jpg" alt="Sommerfest 3" /></li><li aria-hidden="true" class="soliloquy-item soliloquy-item-4 soliloquy-image-slide" draggable="false" style="list-style:none"><img decoding="async" id="soliloquy-image-1319" class="soliloquy-image soliloquy-image-4" src="https://bekkalokket.no/wp-content/uploads/2018/08/Sommerfest-4.jpg" alt="Sommerfest 4" /></li><li aria-hidden="true" class="soliloquy-item soliloquy-item-5 soliloquy-image-slide" draggable="false" style="list-style:none"><img decoding="async" id="soliloquy-image-1320" class="soliloquy-image soliloquy-image-5" src="https://bekkalokket.no/wp-content/uploads/2018/08/Sommerfest-5.jpg" alt="Sommerfest 5" /></li><li aria-hidden="true" class="soliloquy-item soliloquy-item-6 soliloquy-image-slide" draggable="false" style="list-style:none"><img decoding="async" id="soliloquy-image-1321" class="soliloquy-image soliloquy-image-6" src="https://bekkalokket.no/wp-content/uploads/2018/08/Sommerfest-6.jpg" alt="Sommerfest 6" /></li><li aria-hidden="true" class="soliloquy-item soliloquy-item-7 soliloquy-image-slide" draggable="false" style="list-style:none"><img decoding="async" id="soliloquy-image-1322" class="soliloquy-image soliloquy-image-7" src="https://bekkalokket.no/wp-content/uploads/2018/08/Sommerfest-7.jpg" alt="Sommerfest 7" /></li><li aria-hidden="true" class="soliloquy-item soliloquy-item-8 soliloquy-image-slide" draggable="false" style="list-style:none"><img decoding="async" id="soliloquy-image-1323" class="soliloquy-image soliloquy-image-8" src="https://bekkalokket.no/wp-content/uploads/2018/08/Sommerfest-8.jpg" alt="Sommerfest 8" /></li><li aria-hidden="true" class="soliloquy-item soliloquy-item-9 soliloquy-image-slide" draggable="false" style="list-style:none"><img decoding="async" id="soliloquy-image-1324" class="soliloquy-image soliloquy-image-9" src="https://bekkalokket.no/wp-content/uploads/2018/08/Sommerfest-9.jpg" alt="Sommerfest 9" /></li></ul></div><noscript><style type="text/css">#soliloquy-container-1314_1{opacity:1}</style></noscript>

<p>Etter en intens søken etter en plass å avholde festen, så endte vi opp på garasjetaket/terassen til Tom Jarane. &nbsp; Ingen ante hvor mye det taket tålte, men neste 30 stykk gikk i alle&#46;&#46;&#46;</p>

<!-- This site is optimized with the Yoast SEO plugin v27.5 - https://yoast.com/product/yoast-seo-wordpress/ -->
<title>Sommerfesten 2007 - Bekkalokket Fotoklubb</title>
<meta name="robots" content="index, follow, max-snippet:-1, max-image-preview:large, max-video-preview:-1" />
<link rel="canonical" href="https://bekkalokket.no/index.php/sommerfest-2007/" />
<meta property="og:locale" content="nb_NO" />
<meta property="og:type" content="article" />
<meta property="og:title" content="Sommerfesten 2007 - Bekkalokket Fotoklubb" />
<meta property="og:description" content="Etter en intens søken etter en plass å avholde festen, så endte vi opp på garasjetaket/terassen til Tom Jarane. &nbsp; Ingen ante hvor mye det taket tålte, men neste 30 stykk gikk i alle&#046;&#046;&#046;" />
<meta property="og:url" content="https://bekkalokket.no/index.php/sommerfest-2007/" />
<meta property="og:site_name" content="Bekkalokket Fotoklubb" />
<meta property="article:modified_time" content="2018-08-26T16:43:18+00:00" />
<meta name="twitter:card" content="summary_large_image" />
<script type="application/ld+json" class="yoast-schema-graph">{"@context":"https:\/\/schema.org","@graph":[{"@type":"WebPage","@id":"https:\/\/bekkalokket.no\/index.php\/sommerfest-2007\/","url":"https:\/\/bekkalokket.no\/index.php\/sommerfest-2007\/","name":"Sommerfesten 2007 - Bekkalokket Fotoklubb","isPartOf":{"@id":"https:\/\/bekkalokket.no\/#website"},"datePublished":"2018-08-26T16:33:09+00:00","dateModified":"2018-08-26T16:43:18+00:00","breadcrumb":{"@id":"https:\/\/bekkalokket.no\/index.php\/sommerfest-2007\/#breadcrumb"},"inLanguage":"nb-NO","potentialAction":[{"@type":"ReadAction","target":["https:\/\/bekkalokket.no\/index.php\/sommerfest-2007\/"]}]},{"@type":"BreadcrumbList","@id":"https:\/\/bekkalokket.no\/index.php\/sommerfest-2007\/#breadcrumb","itemListElement":[{"@type":"ListItem","position":1,"name":"Home","item":"https:\/\/bekkalokket.no\/"},{"@type":"ListItem","position":2,"name":"Sommerfesten 2007"}]},{"@type":"WebSite","@id":"https:\/\/bekkalokket.no\/#website","url":"https:\/\/bekkalokket.no\/","name":"Bekkalokket Fotoklubb","description":"En sosial og aktiv fotoklubb i Bergen","potentialAction":[{"@type":"SearchAction","target":{"@type":"EntryPoint","urlTemplate":"https:\/\/bekkalokket.no\/?s={search_term_string}"},"query-input":{"@type":"PropertyValueSpecification","valueRequired":true,"valueName":"search_term_string"}}],"inLanguage":"nb-NO"}]}</script>
<!-- / Yoast SEO plugin. -->

Etter en intens søken etter en plass å avholde festen, så endte vi opp på garasjetaket/terassen til Tom Jarane. &nbsp; Ingen ante hvor mye det taket tålte, men neste 30 stykk gikk i alle&#46;&#46;&#46;
