{"id":1438,"date":"2018-08-26T19:09:04","date_gmt":"2018-08-26T17:09:04","guid":{"rendered":"http:\/\/bekkalokket.com\/?page_id=1438"},"modified":"2018-08-26T19:09:28","modified_gmt":"2018-08-26T17:09:28","slug":"sommerfesten-2005","status":"publish","type":"page","link":"https:\/\/bekkalokket.no\/index.php\/sommerfesten-2005\/","title":{"rendered":"Sommerfesten 2005"},"content":{"rendered":"<p><!--p require(\"..\/menyer\/meny-sosialt.inc\");--><\/p>\n<div>\n<div>Som sist sommer var vi heldige og fikk l\u00e5ne Honoria sin hytte p\u00e5 Algr\u00f8y til sommeravslutningen v\u00e5r. S\u00e5 l\u00f8rdag 18. juni troppet vi opp, 22 glade fotografer. Festkomit\u00e9en og et par andre stilte tidlig p\u00e5 ettermiddagen, men de fleste kom f\u00f8rst til grillingen i 19 tiden. V\u00e6ret denne dagen m\u00e5 ta skylden for det, det innb\u00f8d ikke til de store utskeielsene i friluft og grillen hadde for sikkerhets skyld f\u00e5tt tak over seg.<\/div>\n<p>&nbsp;<\/p>\n<div>Etter grilling og spising var vi klare for kaffe,- og en overraskelse til medlemmene. En flott bl\u00f8tkake (Hvit dame, selvf\u00f8lgelig fra Lie-Nilsen) med Bekkalokket sin egen logo ble servert. I hendene p\u00e5 to kyndige kakeskj\u00e6rere,- dog ikke fullt s\u00e5 kyndige matematikere (-den ene er kassereren v\u00e5r !), ble kaken delt i to fingerbredder store stykker som etter beregningene skulle resultere i 22 kakestykker. Det viste seg imidlertid at fingrene enten ikke var tykke nok, eller at grunnlagsberegningene ikke var grundige nok, for det var fremdeles kake igjen etter at alle hadde f\u00e5tt sitt stykke. Lykkelige ble klubbens kvinnelige fotografer da herrene viste seg fra sin beste side og overlot resten av godsakene til oss.<\/div>\n<p>&nbsp;<\/p>\n<div>Vi hadde en jubilant blant oss denne kvelden; Jan, v\u00e5r inspirerende klubbleder, hadde nylig fylt 50 \u00e5r. Med gode \u00f8nsker for framtiden fikk han en velfortjent flaske av sin yndlings cognac, noe han s\u00e5 ut til \u00e5 sette stor pris p\u00e5.<\/div>\n<p>&nbsp;<\/p>\n<div>S\u00e5 var det tid for offentliggj\u00f8ring av v\u00e5rens klubbkonkurranse. Tom Jarane hadde laget en Power Point presentasjon av vinnerne, og framf\u00f8rte resultatene p\u00e5 en forbilledlig m\u00e5te. Det viste seg at Jan var usl\u00e5elig sammenlagt, men Unni l\u00e5 rett bak med hele to av tre mulige 1. premier. Gratulerer !!<\/div>\n<p>&nbsp;<\/p>\n<div>Konkurranseinnstiktet hos klubbens medlemmer er stort, og ringkasting p\u00e5 flasker, med en flaske cognac som premie, slo meget godt an. Mange kastet og konkurransen hardnet til. Tilropene fra sidekanten likes\u00e5. Til slutt m\u00e5tte imidlertid alle gi tapt for Thor Henning,- som ga tydelig uttrykk for glede over seieren. Et vinlotteri, med en flaske fra Bergerac som h\u00f8ydepunkt, avsluttet kvelden like f\u00f8r midnatt. Vi m\u00e5 takke v\u00e5r glimrende festkomit\u00e9; Anita, Jim, Rolf Morten og Tommy for et flott gjennomf\u00f8rt arrangement og ikke minst Honoria for \u00e5 l\u00e5ne oss hytta enda hun ikke kunne delta sj\u00f8l.<\/div>\n<p>&nbsp;<\/p>\n<div>S\u00e5 er det bare \u00e5 \u00f8nske dere alle en riktig god sommer,-<\/div>\n<p>&nbsp;<\/p>\n<div>og husk \u00e5 stille inn hjernen p\u00e5 \u201dTre like\u201d-frekvensen.<\/div>\n<p>Annie<br \/>\n<em>Takker Roald Synnev\u00e5g, Tom Gulbrandsen og Gunnar Buvik for bilder. <\/em><\/p>\n<div aria-live=\"polite\" id=\"soliloquy-container-1440_1\" class=\"soliloquy-container soliloquy-transition-fade  soliloquy-theme-base\" style=\"max-width:960px;max-height:300px;\"><ul id=\"soliloquy-1440_1\" class=\"soliloquy-slider soliloquy-slides soliloquy-wrap soliloquy-clear\"><li aria-hidden=\"true\" class=\"soliloquy-item soliloquy-item-1 soliloquy-image-slide\" draggable=\"false\" style=\"list-style:none\"><img decoding=\"async\" id=\"soliloquy-image-1441\" class=\"soliloquy-image soliloquy-image-1\" src=\"https:\/\/bekkalokket.no\/wp-content\/uploads\/2018\/08\/690.jpg\" alt=\"690\" \/><\/li><li aria-hidden=\"true\" class=\"soliloquy-item soliloquy-item-2 soliloquy-image-slide\" draggable=\"false\" style=\"list-style:none\"><img decoding=\"async\" id=\"soliloquy-image-1442\" class=\"soliloquy-image soliloquy-image-2\" src=\"https:\/\/bekkalokket.no\/wp-content\/uploads\/2018\/08\/670.jpg\" alt=\"670\" \/><\/li><li aria-hidden=\"true\" class=\"soliloquy-item soliloquy-item-3 soliloquy-image-slide\" draggable=\"false\" style=\"list-style:none\"><img decoding=\"async\" id=\"soliloquy-image-1443\" class=\"soliloquy-image soliloquy-image-3\" src=\"https:\/\/bekkalokket.no\/wp-content\/uploads\/2018\/08\/671.jpg\" alt=\"671\" \/><\/li><li aria-hidden=\"true\" class=\"soliloquy-item soliloquy-item-4 soliloquy-image-slide\" draggable=\"false\" style=\"list-style:none\"><img decoding=\"async\" id=\"soliloquy-image-1444\" class=\"soliloquy-image soliloquy-image-4\" src=\"https:\/\/bekkalokket.no\/wp-content\/uploads\/2018\/08\/672.jpg\" alt=\"672\" \/><\/li><li aria-hidden=\"true\" class=\"soliloquy-item soliloquy-item-5 soliloquy-image-slide\" draggable=\"false\" style=\"list-style:none\"><img decoding=\"async\" id=\"soliloquy-image-1445\" class=\"soliloquy-image soliloquy-image-5\" src=\"https:\/\/bekkalokket.no\/wp-content\/uploads\/2018\/08\/673.jpg\" alt=\"673\" \/><\/li><li aria-hidden=\"true\" class=\"soliloquy-item soliloquy-item-6 soliloquy-image-slide\" draggable=\"false\" style=\"list-style:none\"><img decoding=\"async\" id=\"soliloquy-image-1446\" class=\"soliloquy-image soliloquy-image-6\" src=\"https:\/\/bekkalokket.no\/wp-content\/uploads\/2018\/08\/674.jpg\" alt=\"674\" \/><\/li><li aria-hidden=\"true\" class=\"soliloquy-item soliloquy-item-7 soliloquy-image-slide\" draggable=\"false\" style=\"list-style:none\"><img decoding=\"async\" id=\"soliloquy-image-1447\" class=\"soliloquy-image soliloquy-image-7\" src=\"https:\/\/bekkalokket.no\/wp-content\/uploads\/2018\/08\/675.jpg\" alt=\"675\" \/><\/li><li aria-hidden=\"true\" class=\"soliloquy-item soliloquy-item-8 soliloquy-image-slide\" draggable=\"false\" style=\"list-style:none\"><img decoding=\"async\" id=\"soliloquy-image-1448\" class=\"soliloquy-image soliloquy-image-8\" src=\"https:\/\/bekkalokket.no\/wp-content\/uploads\/2018\/08\/676.jpg\" alt=\"676\" \/><\/li><li aria-hidden=\"true\" class=\"soliloquy-item soliloquy-item-9 soliloquy-image-slide\" draggable=\"false\" style=\"list-style:none\"><img decoding=\"async\" id=\"soliloquy-image-1449\" class=\"soliloquy-image soliloquy-image-9\" src=\"https:\/\/bekkalokket.no\/wp-content\/uploads\/2018\/08\/677.jpg\" alt=\"677\" \/><\/li><li aria-hidden=\"true\" class=\"soliloquy-item soliloquy-item-10 soliloquy-image-slide\" draggable=\"false\" style=\"list-style:none\"><img decoding=\"async\" id=\"soliloquy-image-1450\" class=\"soliloquy-image soliloquy-image-10\" src=\"https:\/\/bekkalokket.no\/wp-content\/uploads\/2018\/08\/678.jpg\" alt=\"678\" \/><\/li><li aria-hidden=\"true\" class=\"soliloquy-item soliloquy-item-11 soliloquy-image-slide\" draggable=\"false\" style=\"list-style:none\"><img decoding=\"async\" id=\"soliloquy-image-1451\" class=\"soliloquy-image soliloquy-image-11\" src=\"https:\/\/bekkalokket.no\/wp-content\/uploads\/2018\/08\/679.jpg\" alt=\"679\" \/><\/li><li aria-hidden=\"true\" class=\"soliloquy-item soliloquy-item-12 soliloquy-image-slide\" draggable=\"false\" style=\"list-style:none\"><img decoding=\"async\" id=\"soliloquy-image-1452\" class=\"soliloquy-image soliloquy-image-12\" src=\"https:\/\/bekkalokket.no\/wp-content\/uploads\/2018\/08\/681.jpg\" alt=\"681\" \/><\/li><li aria-hidden=\"true\" class=\"soliloquy-item soliloquy-item-13 soliloquy-image-slide\" draggable=\"false\" style=\"list-style:none\"><img decoding=\"async\" id=\"soliloquy-image-1453\" class=\"soliloquy-image soliloquy-image-13\" src=\"https:\/\/bekkalokket.no\/wp-content\/uploads\/2018\/08\/682.jpg\" alt=\"682\" \/><\/li><li aria-hidden=\"true\" class=\"soliloquy-item soliloquy-item-14 soliloquy-image-slide\" draggable=\"false\" style=\"list-style:none\"><img decoding=\"async\" id=\"soliloquy-image-1454\" class=\"soliloquy-image soliloquy-image-14\" src=\"https:\/\/bekkalokket.no\/wp-content\/uploads\/2018\/08\/683.jpg\" alt=\"683\" \/><\/li><li aria-hidden=\"true\" class=\"soliloquy-item soliloquy-item-15 soliloquy-image-slide\" draggable=\"false\" style=\"list-style:none\"><img decoding=\"async\" id=\"soliloquy-image-1455\" class=\"soliloquy-image soliloquy-image-15\" src=\"https:\/\/bekkalokket.no\/wp-content\/uploads\/2018\/08\/684.jpg\" alt=\"684\" \/><\/li><li aria-hidden=\"true\" class=\"soliloquy-item soliloquy-item-16 soliloquy-image-slide\" draggable=\"false\" style=\"list-style:none\"><img decoding=\"async\" id=\"soliloquy-image-1456\" class=\"soliloquy-image soliloquy-image-16\" src=\"https:\/\/bekkalokket.no\/wp-content\/uploads\/2018\/08\/685.jpg\" alt=\"685\" \/><\/li><li aria-hidden=\"true\" class=\"soliloquy-item soliloquy-item-17 soliloquy-image-slide\" draggable=\"false\" style=\"list-style:none\"><img decoding=\"async\" id=\"soliloquy-image-1457\" class=\"soliloquy-image soliloquy-image-17\" src=\"https:\/\/bekkalokket.no\/wp-content\/uploads\/2018\/08\/686.jpg\" alt=\"686\" \/><\/li><li aria-hidden=\"true\" class=\"soliloquy-item soliloquy-item-18 soliloquy-image-slide\" draggable=\"false\" style=\"list-style:none\"><img decoding=\"async\" id=\"soliloquy-image-1458\" class=\"soliloquy-image soliloquy-image-18\" src=\"https:\/\/bekkalokket.no\/wp-content\/uploads\/2018\/08\/687.jpg\" alt=\"687\" \/><\/li><li aria-hidden=\"true\" class=\"soliloquy-item soliloquy-item-19 soliloquy-image-slide\" draggable=\"false\" style=\"list-style:none\"><img decoding=\"async\" id=\"soliloquy-image-1460\" class=\"soliloquy-image soliloquy-image-19\" src=\"https:\/\/bekkalokket.no\/wp-content\/uploads\/2018\/08\/688.jpg\" alt=\"688\" \/><\/li><li aria-hidden=\"true\" class=\"soliloquy-item soliloquy-item-20 soliloquy-image-slide\" draggable=\"false\" style=\"list-style:none\"><img decoding=\"async\" id=\"soliloquy-image-1461\" class=\"soliloquy-image soliloquy-image-20\" src=\"https:\/\/bekkalokket.no\/wp-content\/uploads\/2018\/08\/689.jpg\" alt=\"689\" \/><\/li><\/ul><\/div><noscript><style type=\"text\/css\">#soliloquy-container-1440_1{opacity:1}<\/style><\/noscript>\n<\/div>\n","protected":false},"excerpt":{"rendered":"<p>Som sist sommer var vi heldige og fikk l\u00e5ne Honoria sin hytte p\u00e5 Algr\u00f8y til sommeravslutningen v\u00e5r. S\u00e5 l\u00f8rdag 18. juni troppet vi opp, 22 glade fotografer. Festkomit\u00e9en og et par andre stilte tidlig&#46;&#46;&#46;<\/p>\n","protected":false},"author":2,"featured_media":0,"parent":0,"menu_order":0,"comment_status":"closed","ping_status":"closed","template":"","meta":{"footnotes":""},"class_list":["post-1438","page","type-page","status-publish","hentry"],"yoast_head":"<!-- This site is optimized with the Yoast SEO plugin v27.5 - https:\/\/yoast.com\/product\/yoast-seo-wordpress\/ -->\n<title>Sommerfesten 2005 - Bekkalokket Fotoklubb<\/title>\n<meta name=\"robots\" content=\"index, follow, max-snippet:-1, max-image-preview:large, max-video-preview:-1\" \/>\n<link rel=\"canonical\" href=\"https:\/\/bekkalokket.no\/index.php\/sommerfesten-2005\/\" \/>\n<meta property=\"og:locale\" content=\"nb_NO\" \/>\n<meta property=\"og:type\" content=\"article\" \/>\n<meta property=\"og:title\" content=\"Sommerfesten 2005 - Bekkalokket Fotoklubb\" \/>\n<meta property=\"og:description\" content=\"Som sist sommer var vi heldige og fikk l\u00e5ne Honoria sin hytte p\u00e5 Algr\u00f8y til sommeravslutningen v\u00e5r. S\u00e5 l\u00f8rdag 18. juni troppet vi opp, 22 glade fotografer. Festkomit\u00e9en og et par andre stilte tidlig&#046;&#046;&#046;\" \/>\n<meta property=\"og:url\" content=\"https:\/\/bekkalokket.no\/index.php\/sommerfesten-2005\/\" \/>\n<meta property=\"og:site_name\" content=\"Bekkalokket Fotoklubb\" \/>\n<meta property=\"article:modified_time\" content=\"2018-08-26T17:09:28+00:00\" \/>\n<meta name=\"twitter:card\" content=\"summary_large_image\" \/>\n<meta name=\"twitter:label1\" content=\"Ansl. lesetid\" \/>\n\t<meta name=\"twitter:data1\" content=\"2 minutter\" \/>\n<script type=\"application\/ld+json\" class=\"yoast-schema-graph\">{\"@context\":\"https:\\\/\\\/schema.org\",\"@graph\":[{\"@type\":\"WebPage\",\"@id\":\"https:\\\/\\\/bekkalokket.no\\\/index.php\\\/sommerfesten-2005\\\/\",\"url\":\"https:\\\/\\\/bekkalokket.no\\\/index.php\\\/sommerfesten-2005\\\/\",\"name\":\"Sommerfesten 2005 - Bekkalokket Fotoklubb\",\"isPartOf\":{\"@id\":\"https:\\\/\\\/bekkalokket.no\\\/#website\"},\"datePublished\":\"2018-08-26T17:09:04+00:00\",\"dateModified\":\"2018-08-26T17:09:28+00:00\",\"breadcrumb\":{\"@id\":\"https:\\\/\\\/bekkalokket.no\\\/index.php\\\/sommerfesten-2005\\\/#breadcrumb\"},\"inLanguage\":\"nb-NO\",\"potentialAction\":[{\"@type\":\"ReadAction\",\"target\":[\"https:\\\/\\\/bekkalokket.no\\\/index.php\\\/sommerfesten-2005\\\/\"]}]},{\"@type\":\"BreadcrumbList\",\"@id\":\"https:\\\/\\\/bekkalokket.no\\\/index.php\\\/sommerfesten-2005\\\/#breadcrumb\",\"itemListElement\":[{\"@type\":\"ListItem\",\"position\":1,\"name\":\"Home\",\"item\":\"https:\\\/\\\/bekkalokket.no\\\/\"},{\"@type\":\"ListItem\",\"position\":2,\"name\":\"Sommerfesten 2005\"}]},{\"@type\":\"WebSite\",\"@id\":\"https:\\\/\\\/bekkalokket.no\\\/#website\",\"url\":\"https:\\\/\\\/bekkalokket.no\\\/\",\"name\":\"Bekkalokket Fotoklubb\",\"description\":\"En sosial og aktiv fotoklubb i Bergen\",\"potentialAction\":[{\"@type\":\"SearchAction\",\"target\":{\"@type\":\"EntryPoint\",\"urlTemplate\":\"https:\\\/\\\/bekkalokket.no\\\/?s={search_term_string}\"},\"query-input\":{\"@type\":\"PropertyValueSpecification\",\"valueRequired\":true,\"valueName\":\"search_term_string\"}}],\"inLanguage\":\"nb-NO\"}]}<\/script>\n<!-- \/ Yoast SEO plugin. -->","yoast_head_json":{"title":"Sommerfesten 2005 - Bekkalokket Fotoklubb","robots":{"index":"index","follow":"follow","max-snippet":"max-snippet:-1","max-image-preview":"max-image-preview:large","max-video-preview":"max-video-preview:-1"},"canonical":"https:\/\/bekkalokket.no\/index.php\/sommerfesten-2005\/","og_locale":"nb_NO","og_type":"article","og_title":"Sommerfesten 2005 - Bekkalokket Fotoklubb","og_description":"Som sist sommer var vi heldige og fikk l\u00e5ne Honoria sin hytte p\u00e5 Algr\u00f8y til sommeravslutningen v\u00e5r. S\u00e5 l\u00f8rdag 18. juni troppet vi opp, 22 glade fotografer. Festkomit\u00e9en og et par andre stilte tidlig&#46;&#46;&#46;","og_url":"https:\/\/bekkalokket.no\/index.php\/sommerfesten-2005\/","og_site_name":"Bekkalokket Fotoklubb","article_modified_time":"2018-08-26T17:09:28+00:00","twitter_card":"summary_large_image","twitter_misc":{"Ansl. lesetid":"2 minutter"},"schema":{"@context":"https:\/\/schema.org","@graph":[{"@type":"WebPage","@id":"https:\/\/bekkalokket.no\/index.php\/sommerfesten-2005\/","url":"https:\/\/bekkalokket.no\/index.php\/sommerfesten-2005\/","name":"Sommerfesten 2005 - Bekkalokket Fotoklubb","isPartOf":{"@id":"https:\/\/bekkalokket.no\/#website"},"datePublished":"2018-08-26T17:09:04+00:00","dateModified":"2018-08-26T17:09:28+00:00","breadcrumb":{"@id":"https:\/\/bekkalokket.no\/index.php\/sommerfesten-2005\/#breadcrumb"},"inLanguage":"nb-NO","potentialAction":[{"@type":"ReadAction","target":["https:\/\/bekkalokket.no\/index.php\/sommerfesten-2005\/"]}]},{"@type":"BreadcrumbList","@id":"https:\/\/bekkalokket.no\/index.php\/sommerfesten-2005\/#breadcrumb","itemListElement":[{"@type":"ListItem","position":1,"name":"Home","item":"https:\/\/bekkalokket.no\/"},{"@type":"ListItem","position":2,"name":"Sommerfesten 2005"}]},{"@type":"WebSite","@id":"https:\/\/bekkalokket.no\/#website","url":"https:\/\/bekkalokket.no\/","name":"Bekkalokket Fotoklubb","description":"En sosial og aktiv fotoklubb i Bergen","potentialAction":[{"@type":"SearchAction","target":{"@type":"EntryPoint","urlTemplate":"https:\/\/bekkalokket.no\/?s={search_term_string}"},"query-input":{"@type":"PropertyValueSpecification","valueRequired":true,"valueName":"search_term_string"}}],"inLanguage":"nb-NO"}]}},"_links":{"self":[{"href":"https:\/\/bekkalokket.no\/index.php\/wp-json\/wp\/v2\/pages\/1438","targetHints":{"allow":["GET"]}}],"collection":[{"href":"https:\/\/bekkalokket.no\/index.php\/wp-json\/wp\/v2\/pages"}],"about":[{"href":"https:\/\/bekkalokket.no\/index.php\/wp-json\/wp\/v2\/types\/page"}],"author":[{"embeddable":true,"href":"https:\/\/bekkalokket.no\/index.php\/wp-json\/wp\/v2\/users\/2"}],"replies":[{"embeddable":true,"href":"https:\/\/bekkalokket.no\/index.php\/wp-json\/wp\/v2\/comments?post=1438"}],"version-history":[{"count":1,"href":"https:\/\/bekkalokket.no\/index.php\/wp-json\/wp\/v2\/pages\/1438\/revisions"}],"predecessor-version":[{"id":1459,"href":"https:\/\/bekkalokket.no\/index.php\/wp-json\/wp\/v2\/pages\/1438\/revisions\/1459"}],"wp:attachment":[{"href":"https:\/\/bekkalokket.no\/index.php\/wp-json\/wp\/v2\/media?parent=1438"}],"curies":[{"name":"wp","href":"https:\/\/api.w.org\/{rel}","templated":true}]}}