{"id":1979,"date":"2018-08-26T19:59:07","date_gmt":"2018-08-26T17:59:07","guid":{"rendered":"http:\/\/bekkalokket.com\/?page_id=1979"},"modified":"2023-02-15T09:49:21","modified_gmt":"2023-02-15T07:49:21","slug":"bekkalokksangen","status":"publish","type":"page","link":"https:\/\/bekkalokket.no\/index.php\/bekkalokksangen\/","title":{"rendered":"Bekkalokksangen"},"content":{"rendered":"\n<blockquote class=\"wp-block-quote is-layout-flow wp-block-quote-is-layout-flow\">\n<p>Bekkalokket 35 \u00e5r<\/p>\n\n\n\n<p>(Mel. <a href=\"https:\/\/open.spotify.com\/track\/59dD2jX6KdvViPLRsqS0Bk?si=e3f3e201b8744753\" target=\"_blank\" rel=\"noreferrer noopener nofollow\">Skj\u00e6rsliperen<\/a>)<\/p>\n\n\n\n<p>Det g\u00e5r en knipser igjennom byen og s\u00f8ker vinkler i alt han ser<\/p>\n\n\n\n<p>Og n\u00e5 som filmrull er blitt historie, s\u00e5 er det enkelt \u00e5 feste mer<\/p>\n\n\n\n<p>til minnekortet som rommer livet til Bekkalokket fra s\u00f8ttisju<\/p>\n\n\n\n<p>Men det er ikke teknikk som skaper, nei det er menn\u2019sker som jeg og du.<\/p>\n\n\n\n<p>Det kan bli trangt noen torsdagskvelder, og kanskje Nordnes snart er pass\u00e8 ?<\/p>\n\n\n\n<p>For n\u00e5r det yngler med speilreflekser p\u00e5 tilbud, kommer det flere med<\/p>\n\n\n\n<p>Og derfor er vi en klubb som blomstrer og har tatt premier da og nu<\/p>\n\n\n\n<p>Men det er aldri en klubb som vinner, nei det er menn\u2019sker som jeg og du<\/p>\n\n\n\n<p>Vi snakker foto, vi tenker bilder, vi grubler lightroom og photoshop<\/p>\n\n\n\n<p>Og vandrer gjerne i grupper ute, og vi er forb\u2019ret p\u00e5 mange stopp<\/p>\n\n\n\n<p>For det er hus ifra svunne\u2019 ti\u2019er, no\u2019n unger leker, ei eng med ku<\/p>\n\n\n\n<p>Det rykker deilig i pekefinger\u2019n \u2013 det synes jeg og det synes du.<\/p>\n\n\n\n<p>Det lyser farger fra en projektor som viser bildene vi har tatt<\/p>\n\n\n\n<p>Og der er verket ditt stilt til skue for ris og ros eller en debatt<\/p>\n\n\n\n<p>om det er godt eller enda bedre, om blender, f-stopp, om tvil og tru<\/p>\n\n\n\n<p>Og dem som prater og diskuterer, er folk med mening, som jeg og du.<\/p>\n\n\n\n<p>Vi deler kunnskap og r\u00f8per gjerne hvis vi har funnet en smart teknikk<\/p>\n\n\n\n<p>og g\u00e5r i flokk rundt i gallerier og ser p\u00e5 andre med kyndig blikk<\/p>\n\n\n\n<p>Og om vi ikke sku\u2019 f\u00e5 en premie, s\u00e5 vet vi lykken en dag vil snu<\/p>\n\n\n\n<p>For vi er gode og vi blir bedre, en dag s\u00e5 vinner vi \u2013 jeg og du.<\/p>\n\n\n\n<p>Vi feirer sommer, vi feirer julen og n\u00e5 i kveld feirer vi oss selv<\/p>\n\n\n\n<p>og n\u00e5r vi fester for femogtredve, s\u00e5 st\u00e5r vi st\u00f8tt som et vestlandsfjell<\/p>\n\n\n\n<p>Og vet motiver vil fylle s\u00f8ker\u2019n med Bekkalokket som hjertebru<\/p>\n\n\n\n<p>i \u00e5revis skal vi knipse sammen og imponere oss, jeg og du.<\/p>\n<\/blockquote>\n","protected":false},"excerpt":{"rendered":"<p>Bekkalokket 35 \u00e5r (Mel. Skj\u00e6rsliperen) Det g\u00e5r en knipser igjennom byen og s\u00f8ker vinkler i alt han ser Og n\u00e5 som filmrull er blitt historie, s\u00e5 er det enkelt \u00e5 feste mer til minnekortet&#46;&#46;&#46;<\/p>\n","protected":false},"author":2,"featured_media":0,"parent":0,"menu_order":0,"comment_status":"closed","ping_status":"closed","template":"","meta":{"footnotes":""},"class_list":["post-1979","page","type-page","status-publish","hentry"],"yoast_head":"<!-- This site is optimized with the Yoast SEO plugin v27.5 - https:\/\/yoast.com\/product\/yoast-seo-wordpress\/ -->\n<title>Bekkalokksangen - Bekkalokket Fotoklubb<\/title>\n<meta name=\"robots\" content=\"index, follow, max-snippet:-1, max-image-preview:large, max-video-preview:-1\" \/>\n<link rel=\"canonical\" href=\"https:\/\/bekkalokket.no\/index.php\/bekkalokksangen\/\" \/>\n<meta property=\"og:locale\" content=\"nb_NO\" \/>\n<meta property=\"og:type\" content=\"article\" \/>\n<meta property=\"og:title\" content=\"Bekkalokksangen - Bekkalokket Fotoklubb\" \/>\n<meta property=\"og:description\" content=\"Bekkalokket 35 \u00e5r (Mel. Skj\u00e6rsliperen) Det g\u00e5r en knipser igjennom byen og s\u00f8ker vinkler i alt han ser Og n\u00e5 som filmrull er blitt historie, s\u00e5 er det enkelt \u00e5 feste mer til minnekortet&#046;&#046;&#046;\" \/>\n<meta property=\"og:url\" content=\"https:\/\/bekkalokket.no\/index.php\/bekkalokksangen\/\" \/>\n<meta property=\"og:site_name\" content=\"Bekkalokket Fotoklubb\" \/>\n<meta property=\"article:modified_time\" content=\"2023-02-15T07:49:21+00:00\" \/>\n<meta name=\"twitter:card\" content=\"summary_large_image\" \/>\n<meta name=\"twitter:label1\" content=\"Ansl. lesetid\" \/>\n\t<meta name=\"twitter:data1\" content=\"2 minutter\" \/>\n<script type=\"application\/ld+json\" class=\"yoast-schema-graph\">{\"@context\":\"https:\\\/\\\/schema.org\",\"@graph\":[{\"@type\":\"WebPage\",\"@id\":\"https:\\\/\\\/bekkalokket.no\\\/index.php\\\/bekkalokksangen\\\/\",\"url\":\"https:\\\/\\\/bekkalokket.no\\\/index.php\\\/bekkalokksangen\\\/\",\"name\":\"Bekkalokksangen - Bekkalokket Fotoklubb\",\"isPartOf\":{\"@id\":\"https:\\\/\\\/bekkalokket.no\\\/#website\"},\"datePublished\":\"2018-08-26T17:59:07+00:00\",\"dateModified\":\"2023-02-15T07:49:21+00:00\",\"breadcrumb\":{\"@id\":\"https:\\\/\\\/bekkalokket.no\\\/index.php\\\/bekkalokksangen\\\/#breadcrumb\"},\"inLanguage\":\"nb-NO\",\"potentialAction\":[{\"@type\":\"ReadAction\",\"target\":[\"https:\\\/\\\/bekkalokket.no\\\/index.php\\\/bekkalokksangen\\\/\"]}]},{\"@type\":\"BreadcrumbList\",\"@id\":\"https:\\\/\\\/bekkalokket.no\\\/index.php\\\/bekkalokksangen\\\/#breadcrumb\",\"itemListElement\":[{\"@type\":\"ListItem\",\"position\":1,\"name\":\"Home\",\"item\":\"https:\\\/\\\/bekkalokket.no\\\/\"},{\"@type\":\"ListItem\",\"position\":2,\"name\":\"Bekkalokksangen\"}]},{\"@type\":\"WebSite\",\"@id\":\"https:\\\/\\\/bekkalokket.no\\\/#website\",\"url\":\"https:\\\/\\\/bekkalokket.no\\\/\",\"name\":\"Bekkalokket Fotoklubb\",\"description\":\"En sosial og aktiv fotoklubb i Bergen\",\"potentialAction\":[{\"@type\":\"SearchAction\",\"target\":{\"@type\":\"EntryPoint\",\"urlTemplate\":\"https:\\\/\\\/bekkalokket.no\\\/?s={search_term_string}\"},\"query-input\":{\"@type\":\"PropertyValueSpecification\",\"valueRequired\":true,\"valueName\":\"search_term_string\"}}],\"inLanguage\":\"nb-NO\"}]}<\/script>\n<!-- \/ Yoast SEO plugin. -->","yoast_head_json":{"title":"Bekkalokksangen - Bekkalokket Fotoklubb","robots":{"index":"index","follow":"follow","max-snippet":"max-snippet:-1","max-image-preview":"max-image-preview:large","max-video-preview":"max-video-preview:-1"},"canonical":"https:\/\/bekkalokket.no\/index.php\/bekkalokksangen\/","og_locale":"nb_NO","og_type":"article","og_title":"Bekkalokksangen - Bekkalokket Fotoklubb","og_description":"Bekkalokket 35 \u00e5r (Mel. Skj\u00e6rsliperen) Det g\u00e5r en knipser igjennom byen og s\u00f8ker vinkler i alt han ser Og n\u00e5 som filmrull er blitt historie, s\u00e5 er det enkelt \u00e5 feste mer til minnekortet&#46;&#46;&#46;","og_url":"https:\/\/bekkalokket.no\/index.php\/bekkalokksangen\/","og_site_name":"Bekkalokket Fotoklubb","article_modified_time":"2023-02-15T07:49:21+00:00","twitter_card":"summary_large_image","twitter_misc":{"Ansl. lesetid":"2 minutter"},"schema":{"@context":"https:\/\/schema.org","@graph":[{"@type":"WebPage","@id":"https:\/\/bekkalokket.no\/index.php\/bekkalokksangen\/","url":"https:\/\/bekkalokket.no\/index.php\/bekkalokksangen\/","name":"Bekkalokksangen - Bekkalokket Fotoklubb","isPartOf":{"@id":"https:\/\/bekkalokket.no\/#website"},"datePublished":"2018-08-26T17:59:07+00:00","dateModified":"2023-02-15T07:49:21+00:00","breadcrumb":{"@id":"https:\/\/bekkalokket.no\/index.php\/bekkalokksangen\/#breadcrumb"},"inLanguage":"nb-NO","potentialAction":[{"@type":"ReadAction","target":["https:\/\/bekkalokket.no\/index.php\/bekkalokksangen\/"]}]},{"@type":"BreadcrumbList","@id":"https:\/\/bekkalokket.no\/index.php\/bekkalokksangen\/#breadcrumb","itemListElement":[{"@type":"ListItem","position":1,"name":"Home","item":"https:\/\/bekkalokket.no\/"},{"@type":"ListItem","position":2,"name":"Bekkalokksangen"}]},{"@type":"WebSite","@id":"https:\/\/bekkalokket.no\/#website","url":"https:\/\/bekkalokket.no\/","name":"Bekkalokket Fotoklubb","description":"En sosial og aktiv fotoklubb i Bergen","potentialAction":[{"@type":"SearchAction","target":{"@type":"EntryPoint","urlTemplate":"https:\/\/bekkalokket.no\/?s={search_term_string}"},"query-input":{"@type":"PropertyValueSpecification","valueRequired":true,"valueName":"search_term_string"}}],"inLanguage":"nb-NO"}]}},"_links":{"self":[{"href":"https:\/\/bekkalokket.no\/index.php\/wp-json\/wp\/v2\/pages\/1979","targetHints":{"allow":["GET"]}}],"collection":[{"href":"https:\/\/bekkalokket.no\/index.php\/wp-json\/wp\/v2\/pages"}],"about":[{"href":"https:\/\/bekkalokket.no\/index.php\/wp-json\/wp\/v2\/types\/page"}],"author":[{"embeddable":true,"href":"https:\/\/bekkalokket.no\/index.php\/wp-json\/wp\/v2\/users\/2"}],"replies":[{"embeddable":true,"href":"https:\/\/bekkalokket.no\/index.php\/wp-json\/wp\/v2\/comments?post=1979"}],"version-history":[{"count":2,"href":"https:\/\/bekkalokket.no\/index.php\/wp-json\/wp\/v2\/pages\/1979\/revisions"}],"predecessor-version":[{"id":5580,"href":"https:\/\/bekkalokket.no\/index.php\/wp-json\/wp\/v2\/pages\/1979\/revisions\/5580"}],"wp:attachment":[{"href":"https:\/\/bekkalokket.no\/index.php\/wp-json\/wp\/v2\/media?parent=1979"}],"curies":[{"name":"wp","href":"https:\/\/api.w.org\/{rel}","templated":true}]}}