{"id":440,"date":"2018-06-11T15:59:42","date_gmt":"2018-06-11T13:59:42","guid":{"rendered":"http:\/\/wp.bekkalokket.com\/?page_id=440"},"modified":"2018-06-11T16:03:08","modified_gmt":"2018-06-11T14:03:08","slug":"oddhild-lien","status":"publish","type":"page","link":"https:\/\/bekkalokket.no\/index.php\/oddhild-lien\/","title":{"rendered":"Oddhild Lien"},"content":{"rendered":"<p>En amat\u00f8rfotograf, som tar fantastiske bilder!<\/p>\n<p>Se 9 av dem her:<\/p>\n<div aria-live=\"polite\" id=\"soliloquy-container-431_1\" class=\"soliloquy-container soliloquy-transition-fade  soliloquy-theme-classic\" style=\"max-width:960px;max-height:960px;\"><ul id=\"soliloquy-431_1\" class=\"soliloquy-slider soliloquy-slides soliloquy-wrap soliloquy-clear\"><li aria-hidden=\"true\" class=\"soliloquy-item soliloquy-item-1 soliloquy-image-slide\" draggable=\"false\" style=\"list-style:none\"><img decoding=\"async\" id=\"soliloquy-image-432\" class=\"soliloquy-image soliloquy-image-1\" src=\"https:\/\/bekkalokket.no\/wp-content\/uploads\/2018\/06\/DSC_5290.jpg\" alt=\"DSC_5290\" \/><\/li><li aria-hidden=\"true\" class=\"soliloquy-item soliloquy-item-2 soliloquy-image-slide\" draggable=\"false\" style=\"list-style:none\"><img decoding=\"async\" id=\"soliloquy-image-433\" class=\"soliloquy-image soliloquy-image-2\" src=\"https:\/\/bekkalokket.no\/wp-content\/uploads\/2018\/06\/DSC_6021.jpg\" alt=\"DSC_6021\" \/><\/li><li aria-hidden=\"true\" class=\"soliloquy-item soliloquy-item-3 soliloquy-image-slide\" draggable=\"false\" style=\"list-style:none\"><img decoding=\"async\" id=\"soliloquy-image-434\" class=\"soliloquy-image soliloquy-image-3\" src=\"https:\/\/bekkalokket.no\/wp-content\/uploads\/2018\/06\/DSC_6104.jpg\" alt=\"DSC_6104\" \/><\/li><li aria-hidden=\"true\" class=\"soliloquy-item soliloquy-item-4 soliloquy-image-slide\" draggable=\"false\" style=\"list-style:none\"><img decoding=\"async\" id=\"soliloquy-image-435\" class=\"soliloquy-image soliloquy-image-4\" src=\"https:\/\/bekkalokket.no\/wp-content\/uploads\/2018\/06\/DSC_6940.jpg\" alt=\"DSC_6940\" \/><\/li><li aria-hidden=\"true\" class=\"soliloquy-item soliloquy-item-5 soliloquy-image-slide\" draggable=\"false\" style=\"list-style:none\"><img decoding=\"async\" id=\"soliloquy-image-436\" class=\"soliloquy-image soliloquy-image-5\" src=\"https:\/\/bekkalokket.no\/wp-content\/uploads\/2018\/06\/DSC_7726.jpg\" alt=\"DSC_7726\" \/><\/li><li aria-hidden=\"true\" class=\"soliloquy-item soliloquy-item-6 soliloquy-image-slide\" draggable=\"false\" style=\"list-style:none\"><img decoding=\"async\" id=\"soliloquy-image-437\" class=\"soliloquy-image soliloquy-image-6\" src=\"https:\/\/bekkalokket.no\/wp-content\/uploads\/2018\/06\/DSC_7763.jpg\" alt=\"DSC_7763\" \/><\/li><li aria-hidden=\"true\" class=\"soliloquy-item soliloquy-item-7 soliloquy-image-slide\" draggable=\"false\" style=\"list-style:none\"><img decoding=\"async\" id=\"soliloquy-image-438\" class=\"soliloquy-image soliloquy-image-7\" src=\"https:\/\/bekkalokket.no\/wp-content\/uploads\/2018\/06\/DSC_7814.jpg\" alt=\"DSC_7814\" \/><\/li><li aria-hidden=\"true\" class=\"soliloquy-item soliloquy-item-8 soliloquy-image-slide\" draggable=\"false\" style=\"list-style:none\"><img decoding=\"async\" id=\"soliloquy-image-439\" class=\"soliloquy-image soliloquy-image-8\" src=\"https:\/\/bekkalokket.no\/wp-content\/uploads\/2018\/06\/DSC_7880.jpg\" alt=\"DSC_7880\" \/><\/li><li aria-hidden=\"true\" class=\"soliloquy-item soliloquy-item-9 soliloquy-image-slide\" draggable=\"false\" style=\"list-style:none\"><img decoding=\"async\" id=\"soliloquy-image-72\" class=\"soliloquy-image soliloquy-image-9\" src=\"https:\/\/bekkalokket.no\/wp-content\/uploads\/2018\/06\/ballkjoler-1.jpg\" alt=\"ballkjoler 1\" \/><\/li><\/ul><\/div><noscript><style type=\"text\/css\">#soliloquy-container-431_1{opacity:1}<\/style><\/noscript>\n<p><em>(bildene kommer ca 5 sekunder hver, s\u00e5 g\u00e5r de automatisk videre til neste bilde)<\/em><\/p>\n","protected":false},"excerpt":{"rendered":"<p>En amat\u00f8rfotograf, som tar fantastiske bilder! Se 9 av dem her: (bildene kommer ca 5 sekunder hver, s\u00e5 g\u00e5r de automatisk videre til neste bilde)<\/p>\n","protected":false},"author":1,"featured_media":0,"parent":0,"menu_order":0,"comment_status":"closed","ping_status":"closed","template":"","meta":{"footnotes":""},"class_list":["post-440","page","type-page","status-publish","hentry"],"yoast_head":"<!-- This site is optimized with the Yoast SEO plugin v27.5 - https:\/\/yoast.com\/product\/yoast-seo-wordpress\/ -->\n<title>Oddhild Lien - Bekkalokket Fotoklubb<\/title>\n<meta name=\"robots\" content=\"index, follow, max-snippet:-1, max-image-preview:large, max-video-preview:-1\" \/>\n<link rel=\"canonical\" href=\"https:\/\/bekkalokket.no\/index.php\/gallerier__trashed\/oddhild-lien\/\" \/>\n<meta property=\"og:locale\" content=\"nb_NO\" \/>\n<meta property=\"og:type\" content=\"article\" \/>\n<meta property=\"og:title\" content=\"Oddhild Lien - Bekkalokket Fotoklubb\" \/>\n<meta property=\"og:description\" content=\"En amat\u00f8rfotograf, som tar fantastiske bilder! Se 9 av dem her: (bildene kommer ca 5 sekunder hver, s\u00e5 g\u00e5r de automatisk videre til neste bilde)\" \/>\n<meta property=\"og:url\" content=\"https:\/\/bekkalokket.no\/index.php\/gallerier__trashed\/oddhild-lien\/\" \/>\n<meta property=\"og:site_name\" content=\"Bekkalokket Fotoklubb\" \/>\n<meta property=\"article:modified_time\" content=\"2018-06-11T14:03:08+00:00\" \/>\n<meta name=\"twitter:card\" content=\"summary_large_image\" \/>\n<script type=\"application\/ld+json\" class=\"yoast-schema-graph\">{\"@context\":\"https:\\\/\\\/schema.org\",\"@graph\":[{\"@type\":\"WebPage\",\"@id\":\"https:\\\/\\\/bekkalokket.no\\\/index.php\\\/gallerier__trashed\\\/oddhild-lien\\\/\",\"url\":\"https:\\\/\\\/bekkalokket.no\\\/index.php\\\/gallerier__trashed\\\/oddhild-lien\\\/\",\"name\":\"Oddhild Lien - Bekkalokket Fotoklubb\",\"isPartOf\":{\"@id\":\"https:\\\/\\\/bekkalokket.no\\\/#website\"},\"datePublished\":\"2018-06-11T13:59:42+00:00\",\"dateModified\":\"2018-06-11T14:03:08+00:00\",\"breadcrumb\":{\"@id\":\"https:\\\/\\\/bekkalokket.no\\\/index.php\\\/gallerier__trashed\\\/oddhild-lien\\\/#breadcrumb\"},\"inLanguage\":\"nb-NO\",\"potentialAction\":[{\"@type\":\"ReadAction\",\"target\":[\"https:\\\/\\\/bekkalokket.no\\\/index.php\\\/gallerier__trashed\\\/oddhild-lien\\\/\"]}]},{\"@type\":\"BreadcrumbList\",\"@id\":\"https:\\\/\\\/bekkalokket.no\\\/index.php\\\/gallerier__trashed\\\/oddhild-lien\\\/#breadcrumb\",\"itemListElement\":[{\"@type\":\"ListItem\",\"position\":1,\"name\":\"Home\",\"item\":\"https:\\\/\\\/bekkalokket.no\\\/\"},{\"@type\":\"ListItem\",\"position\":2,\"name\":\"Oddhild Lien\"}]},{\"@type\":\"WebSite\",\"@id\":\"https:\\\/\\\/bekkalokket.no\\\/#website\",\"url\":\"https:\\\/\\\/bekkalokket.no\\\/\",\"name\":\"Bekkalokket Fotoklubb\",\"description\":\"En sosial og aktiv fotoklubb i Bergen\",\"potentialAction\":[{\"@type\":\"SearchAction\",\"target\":{\"@type\":\"EntryPoint\",\"urlTemplate\":\"https:\\\/\\\/bekkalokket.no\\\/?s={search_term_string}\"},\"query-input\":{\"@type\":\"PropertyValueSpecification\",\"valueRequired\":true,\"valueName\":\"search_term_string\"}}],\"inLanguage\":\"nb-NO\"}]}<\/script>\n<!-- \/ Yoast SEO plugin. -->","yoast_head_json":{"title":"Oddhild Lien - Bekkalokket Fotoklubb","robots":{"index":"index","follow":"follow","max-snippet":"max-snippet:-1","max-image-preview":"max-image-preview:large","max-video-preview":"max-video-preview:-1"},"canonical":"https:\/\/bekkalokket.no\/index.php\/gallerier__trashed\/oddhild-lien\/","og_locale":"nb_NO","og_type":"article","og_title":"Oddhild Lien - Bekkalokket Fotoklubb","og_description":"En amat\u00f8rfotograf, som tar fantastiske bilder! Se 9 av dem her: (bildene kommer ca 5 sekunder hver, s\u00e5 g\u00e5r de automatisk videre til neste bilde)","og_url":"https:\/\/bekkalokket.no\/index.php\/gallerier__trashed\/oddhild-lien\/","og_site_name":"Bekkalokket Fotoklubb","article_modified_time":"2018-06-11T14:03:08+00:00","twitter_card":"summary_large_image","schema":{"@context":"https:\/\/schema.org","@graph":[{"@type":"WebPage","@id":"https:\/\/bekkalokket.no\/index.php\/gallerier__trashed\/oddhild-lien\/","url":"https:\/\/bekkalokket.no\/index.php\/gallerier__trashed\/oddhild-lien\/","name":"Oddhild Lien - Bekkalokket Fotoklubb","isPartOf":{"@id":"https:\/\/bekkalokket.no\/#website"},"datePublished":"2018-06-11T13:59:42+00:00","dateModified":"2018-06-11T14:03:08+00:00","breadcrumb":{"@id":"https:\/\/bekkalokket.no\/index.php\/gallerier__trashed\/oddhild-lien\/#breadcrumb"},"inLanguage":"nb-NO","potentialAction":[{"@type":"ReadAction","target":["https:\/\/bekkalokket.no\/index.php\/gallerier__trashed\/oddhild-lien\/"]}]},{"@type":"BreadcrumbList","@id":"https:\/\/bekkalokket.no\/index.php\/gallerier__trashed\/oddhild-lien\/#breadcrumb","itemListElement":[{"@type":"ListItem","position":1,"name":"Home","item":"https:\/\/bekkalokket.no\/"},{"@type":"ListItem","position":2,"name":"Oddhild Lien"}]},{"@type":"WebSite","@id":"https:\/\/bekkalokket.no\/#website","url":"https:\/\/bekkalokket.no\/","name":"Bekkalokket Fotoklubb","description":"En sosial og aktiv fotoklubb i Bergen","potentialAction":[{"@type":"SearchAction","target":{"@type":"EntryPoint","urlTemplate":"https:\/\/bekkalokket.no\/?s={search_term_string}"},"query-input":{"@type":"PropertyValueSpecification","valueRequired":true,"valueName":"search_term_string"}}],"inLanguage":"nb-NO"}]}},"_links":{"self":[{"href":"https:\/\/bekkalokket.no\/index.php\/wp-json\/wp\/v2\/pages\/440","targetHints":{"allow":["GET"]}}],"collection":[{"href":"https:\/\/bekkalokket.no\/index.php\/wp-json\/wp\/v2\/pages"}],"about":[{"href":"https:\/\/bekkalokket.no\/index.php\/wp-json\/wp\/v2\/types\/page"}],"author":[{"embeddable":true,"href":"https:\/\/bekkalokket.no\/index.php\/wp-json\/wp\/v2\/users\/1"}],"replies":[{"embeddable":true,"href":"https:\/\/bekkalokket.no\/index.php\/wp-json\/wp\/v2\/comments?post=440"}],"version-history":[{"count":2,"href":"https:\/\/bekkalokket.no\/index.php\/wp-json\/wp\/v2\/pages\/440\/revisions"}],"predecessor-version":[{"id":468,"href":"https:\/\/bekkalokket.no\/index.php\/wp-json\/wp\/v2\/pages\/440\/revisions\/468"}],"wp:attachment":[{"href":"https:\/\/bekkalokket.no\/index.php\/wp-json\/wp\/v2\/media?parent=440"}],"curies":[{"name":"wp","href":"https:\/\/api.w.org\/{rel}","templated":true}]}}