{"id":6503,"date":"2023-05-22T11:34:03","date_gmt":"2023-05-22T09:34:03","guid":{"rendered":"https:\/\/bekkalokket.no\/?page_id=6503"},"modified":"2023-05-22T11:34:04","modified_gmt":"2023-05-22T09:34:04","slug":"landsmote-2005-i-bergen","status":"publish","type":"page","link":"https:\/\/bekkalokket.no\/index.php\/landsmote-2005-i-bergen\/","title":{"rendered":"Landsm\u00f8te 2005 i Bergen"},"content":{"rendered":"\n<p>Fredag 3 juni startet landsm\u00f8tet i Bergen. Der var mange som m\u00f8tte opp p\u00e5 arrangementet i Nordnes Bydelshus med hyggelig fotoprat og servering som BKK stod for. Utp\u00e5 kvelden utforsket deltagerne de forskjellige utestedene i Bergen sentrum. Like f\u00f8r den guidete byvandringen l\u00f8rdag formiddag klarnet v\u00e6ret opp og alle som deltok fikk en flott tur gjennom Bergens gater.<\/p>\n\n\n\n<p>Senere samlet alle deltagerne seg til en herlig lunsj i Nordnes bydelshus igjen. Det var ogs\u00e5 her at landsm\u00f8tets forhandlingene foregikk. Engasjerte mennesker debatterte og ble enige om en del forandringer som var foresl\u00e5tt. En ny vending for NSFF er n\u00e5 at digitale bilder blir inkludert i fotokonkurranser.<\/p>\n\n\n\n<p>Hele arrangementet var basert p\u00e5 et tett program, som m\u00e5tte f\u00f8lges til punkt og prikke, og det ble hektiske minutter for \u00e5 komme seg i finstasen og m\u00f8te opp ved Fl\u00f8ibanen i tide. Vel opp fikk vi nytt den fantastiske utsikten et \u00f8yeblikk, f\u00f8r t\u00e5ken la et teppe over hele Bergen. S\u00e5 gikk vi til duk og dekket bord under espalier av Nordnes Bataillon. Nydelig mat og hyggelig toastmaster. Vinnerbildene i v\u00e5rens landskonkurranse ble vist like f\u00f8r desserten og medaljer utdelt. 1 gull, 2 s\u00f8lv og 1 bronse til Bekkalokket FK! Og vi ble beste klubb sammenlagt! Jonny Jacobsen og Rolf Rose Jensen (var dessverre ikke tilstede) fikk utdelt bronseplakett (25p) i nasjonale konkurranser, men de mest glade og overraskede var Kari Mikalsen og Tor Henning som fikk utdelt \u00e6resbevisningen HON NSFF, gulln\u00e5l, diplom og bordfane. Det er kun 12 andre som har denne i Norge og man m\u00e5 ha ANSFF, ENSFF og EsNSFF for \u00e5 f\u00e5 denne. GRATULERER.<\/p>\n\n\n\n<p>Det var et flott arrangement som ble feiret videre p\u00e5 Harbour Cafe, hvor deltagerene tok over en hel etasje!<\/p>\n\n\n\n<p>Et meget vellykket arrangement!<\/p>\n\n\n\n<p><em>Takker\u00a0Jan Standal\u00a0BFK, Stein Larsen BKK, og Terje Bergesen, BFK for bilder.<\/em><\/p>\n\n\n\n<figure class=\"wp-block-gallery has-nested-images columns-default is-cropped wp-block-gallery-2 is-layout-flex wp-block-gallery-is-layout-flex\">\n<figure class=\"wp-block-image size-large\"><img loading=\"lazy\" decoding=\"async\" width=\"295\" height=\"197\" data-id=\"6529\" src=\"https:\/\/bekkalokket.no\/wp-content\/uploads\/2023\/05\/650.jpg\" alt=\"\" class=\"wp-image-6529\"\/><\/figure>\n\n\n\n<figure class=\"wp-block-image size-large\"><img loading=\"lazy\" decoding=\"async\" width=\"295\" height=\"197\" data-id=\"6528\" src=\"https:\/\/bekkalokket.no\/wp-content\/uploads\/2023\/05\/649.jpg\" alt=\"\" class=\"wp-image-6528\"\/><\/figure>\n\n\n\n<figure class=\"wp-block-image size-large\"><img loading=\"lazy\" decoding=\"async\" width=\"295\" height=\"197\" data-id=\"6527\" src=\"https:\/\/bekkalokket.no\/wp-content\/uploads\/2023\/05\/648.jpg\" alt=\"\" class=\"wp-image-6527\"\/><\/figure>\n\n\n\n<figure class=\"wp-block-image size-large\"><img loading=\"lazy\" decoding=\"async\" width=\"295\" height=\"197\" data-id=\"6526\" src=\"https:\/\/bekkalokket.no\/wp-content\/uploads\/2023\/05\/647.jpg\" alt=\"\" class=\"wp-image-6526\"\/><\/figure>\n\n\n\n<figure class=\"wp-block-image size-large\"><img loading=\"lazy\" decoding=\"async\" width=\"295\" height=\"197\" data-id=\"6525\" src=\"https:\/\/bekkalokket.no\/wp-content\/uploads\/2023\/05\/646.jpg\" alt=\"\" class=\"wp-image-6525\"\/><\/figure>\n\n\n\n<figure class=\"wp-block-image size-large\"><img loading=\"lazy\" decoding=\"async\" width=\"295\" height=\"197\" data-id=\"6524\" src=\"https:\/\/bekkalokket.no\/wp-content\/uploads\/2023\/05\/645.jpg\" alt=\"\" class=\"wp-image-6524\"\/><\/figure>\n\n\n\n<figure class=\"wp-block-image size-large\"><img loading=\"lazy\" decoding=\"async\" width=\"295\" height=\"197\" data-id=\"6523\" src=\"https:\/\/bekkalokket.no\/wp-content\/uploads\/2023\/05\/644.jpg\" alt=\"\" class=\"wp-image-6523\"\/><\/figure>\n\n\n\n<figure class=\"wp-block-image size-large\"><img loading=\"lazy\" decoding=\"async\" width=\"295\" height=\"197\" data-id=\"6522\" src=\"https:\/\/bekkalokket.no\/wp-content\/uploads\/2023\/05\/643.jpg\" alt=\"\" class=\"wp-image-6522\"\/><\/figure>\n\n\n\n<figure class=\"wp-block-image size-large\"><img loading=\"lazy\" decoding=\"async\" width=\"295\" height=\"197\" data-id=\"6521\" src=\"https:\/\/bekkalokket.no\/wp-content\/uploads\/2023\/05\/642.jpg\" alt=\"\" class=\"wp-image-6521\"\/><\/figure>\n\n\n\n<figure class=\"wp-block-image size-large\"><img loading=\"lazy\" decoding=\"async\" width=\"295\" height=\"197\" data-id=\"6520\" src=\"https:\/\/bekkalokket.no\/wp-content\/uploads\/2023\/05\/641.jpg\" alt=\"\" class=\"wp-image-6520\"\/><\/figure>\n\n\n\n<figure class=\"wp-block-image size-large\"><img loading=\"lazy\" decoding=\"async\" width=\"295\" height=\"197\" data-id=\"6519\" src=\"https:\/\/bekkalokket.no\/wp-content\/uploads\/2023\/05\/640.jpg\" alt=\"\" class=\"wp-image-6519\"\/><\/figure>\n\n\n\n<figure class=\"wp-block-image size-large\"><img loading=\"lazy\" decoding=\"async\" width=\"295\" height=\"197\" data-id=\"6518\" src=\"https:\/\/bekkalokket.no\/wp-content\/uploads\/2023\/05\/639.jpg\" alt=\"\" class=\"wp-image-6518\"\/><\/figure>\n\n\n\n<figure class=\"wp-block-image size-large\"><img loading=\"lazy\" decoding=\"async\" width=\"295\" height=\"197\" data-id=\"6517\" src=\"https:\/\/bekkalokket.no\/wp-content\/uploads\/2023\/05\/638.jpg\" alt=\"\" class=\"wp-image-6517\"\/><\/figure>\n\n\n\n<figure class=\"wp-block-image size-large\"><img loading=\"lazy\" decoding=\"async\" width=\"295\" height=\"197\" data-id=\"6516\" src=\"https:\/\/bekkalokket.no\/wp-content\/uploads\/2023\/05\/637.jpg\" alt=\"\" class=\"wp-image-6516\"\/><\/figure>\n\n\n\n<figure class=\"wp-block-image size-large\"><img loading=\"lazy\" decoding=\"async\" width=\"295\" height=\"197\" data-id=\"6515\" src=\"https:\/\/bekkalokket.no\/wp-content\/uploads\/2023\/05\/636.jpg\" alt=\"\" class=\"wp-image-6515\"\/><\/figure>\n\n\n\n<figure class=\"wp-block-image size-large\"><img loading=\"lazy\" decoding=\"async\" width=\"295\" height=\"197\" data-id=\"6514\" src=\"https:\/\/bekkalokket.no\/wp-content\/uploads\/2023\/05\/635.jpg\" alt=\"\" class=\"wp-image-6514\"\/><\/figure>\n\n\n\n<figure class=\"wp-block-image size-large\"><img loading=\"lazy\" decoding=\"async\" width=\"295\" height=\"197\" data-id=\"6513\" src=\"https:\/\/bekkalokket.no\/wp-content\/uploads\/2023\/05\/634.jpg\" alt=\"\" class=\"wp-image-6513\"\/><\/figure>\n\n\n\n<figure class=\"wp-block-image size-large\"><img loading=\"lazy\" decoding=\"async\" width=\"295\" height=\"197\" data-id=\"6512\" src=\"https:\/\/bekkalokket.no\/wp-content\/uploads\/2023\/05\/633.jpg\" alt=\"\" class=\"wp-image-6512\"\/><\/figure>\n\n\n\n<figure class=\"wp-block-image size-large\"><img loading=\"lazy\" decoding=\"async\" width=\"295\" height=\"197\" data-id=\"6511\" src=\"https:\/\/bekkalokket.no\/wp-content\/uploads\/2023\/05\/632.jpg\" alt=\"\" class=\"wp-image-6511\"\/><\/figure>\n\n\n\n<figure class=\"wp-block-image size-large\"><img loading=\"lazy\" decoding=\"async\" width=\"295\" height=\"197\" data-id=\"6510\" src=\"https:\/\/bekkalokket.no\/wp-content\/uploads\/2023\/05\/631.jpg\" alt=\"\" class=\"wp-image-6510\"\/><\/figure>\n\n\n\n<figure class=\"wp-block-image size-large\"><img loading=\"lazy\" decoding=\"async\" width=\"295\" height=\"197\" data-id=\"6509\" src=\"https:\/\/bekkalokket.no\/wp-content\/uploads\/2023\/05\/630.jpg\" alt=\"\" class=\"wp-image-6509\"\/><\/figure>\n\n\n\n<figure class=\"wp-block-image size-large\"><img loading=\"lazy\" decoding=\"async\" width=\"295\" height=\"197\" data-id=\"6508\" src=\"https:\/\/bekkalokket.no\/wp-content\/uploads\/2023\/05\/629.jpg\" alt=\"\" class=\"wp-image-6508\"\/><\/figure>\n\n\n\n<figure class=\"wp-block-image size-large\"><img loading=\"lazy\" decoding=\"async\" width=\"295\" height=\"197\" data-id=\"6507\" src=\"https:\/\/bekkalokket.no\/wp-content\/uploads\/2023\/05\/628.jpg\" alt=\"\" class=\"wp-image-6507\"\/><\/figure>\n\n\n\n<figure class=\"wp-block-image size-large\"><img loading=\"lazy\" decoding=\"async\" width=\"295\" height=\"197\" data-id=\"6506\" src=\"https:\/\/bekkalokket.no\/wp-content\/uploads\/2023\/05\/627.jpg\" alt=\"\" class=\"wp-image-6506\"\/><\/figure>\n\n\n\n<figure class=\"wp-block-image size-large\"><img loading=\"lazy\" decoding=\"async\" width=\"295\" height=\"221\" data-id=\"6505\" src=\"https:\/\/bekkalokket.no\/wp-content\/uploads\/2023\/05\/626.jpg\" alt=\"\" class=\"wp-image-6505\"\/><\/figure>\n\n\n\n<figure class=\"wp-block-image size-large\"><img loading=\"lazy\" decoding=\"async\" width=\"295\" height=\"346\" data-id=\"6504\" src=\"https:\/\/bekkalokket.no\/wp-content\/uploads\/2023\/05\/625.jpg\" alt=\"\" class=\"wp-image-6504\" srcset=\"https:\/\/bekkalokket.no\/wp-content\/uploads\/2023\/05\/625.jpg 295w, https:\/\/bekkalokket.no\/wp-content\/uploads\/2023\/05\/625-256x300.jpg 256w\" sizes=\"auto, (max-width: 295px) 100vw, 295px\" \/><\/figure>\n<\/figure>\n","protected":false},"excerpt":{"rendered":"<p>Fredag 3 juni startet landsm\u00f8tet i Bergen. Der var mange som m\u00f8tte opp p\u00e5 arrangementet i Nordnes Bydelshus med hyggelig fotoprat og servering som BKK stod for. Utp\u00e5 kvelden utforsket deltagerne de forskjellige utestedene&#46;&#46;&#46;<\/p>\n","protected":false},"author":2,"featured_media":0,"parent":0,"menu_order":0,"comment_status":"closed","ping_status":"closed","template":"","meta":{"footnotes":""},"class_list":["post-6503","page","type-page","status-publish","hentry"],"yoast_head":"<!-- This site is optimized with the Yoast SEO plugin v27.6 - https:\/\/yoast.com\/product\/yoast-seo-wordpress\/ -->\n<title>Landsm\u00f8te 2005 i Bergen - Bekkalokket Fotoklubb<\/title>\n<meta name=\"robots\" content=\"index, follow, max-snippet:-1, max-image-preview:large, max-video-preview:-1\" \/>\n<link rel=\"canonical\" href=\"https:\/\/bekkalokket.no\/index.php\/landsmote-2005-i-bergen\/\" \/>\n<meta property=\"og:locale\" content=\"nb_NO\" \/>\n<meta property=\"og:type\" content=\"article\" \/>\n<meta property=\"og:title\" content=\"Landsm\u00f8te 2005 i Bergen - Bekkalokket Fotoklubb\" \/>\n<meta property=\"og:description\" content=\"Fredag 3 juni startet landsm\u00f8tet i Bergen. Der var mange som m\u00f8tte opp p\u00e5 arrangementet i Nordnes Bydelshus med hyggelig fotoprat og servering som BKK stod for. Utp\u00e5 kvelden utforsket deltagerne de forskjellige utestedene&#046;&#046;&#046;\" \/>\n<meta property=\"og:url\" content=\"https:\/\/bekkalokket.no\/index.php\/landsmote-2005-i-bergen\/\" \/>\n<meta property=\"og:site_name\" content=\"Bekkalokket Fotoklubb\" \/>\n<meta property=\"article:modified_time\" content=\"2023-05-22T09:34:04+00:00\" \/>\n<meta property=\"og:image\" content=\"https:\/\/bekkalokket.no\/wp-content\/uploads\/2023\/05\/650.jpg\" \/>\n<meta name=\"twitter:card\" content=\"summary_large_image\" \/>\n<meta name=\"twitter:label1\" content=\"Ansl. lesetid\" \/>\n\t<meta name=\"twitter:data1\" content=\"7 minutter\" \/>\n<script type=\"application\/ld+json\" class=\"yoast-schema-graph\">{\"@context\":\"https:\\\/\\\/schema.org\",\"@graph\":[{\"@type\":\"WebPage\",\"@id\":\"https:\\\/\\\/bekkalokket.no\\\/index.php\\\/landsmote-2005-i-bergen\\\/\",\"url\":\"https:\\\/\\\/bekkalokket.no\\\/index.php\\\/landsmote-2005-i-bergen\\\/\",\"name\":\"Landsm\u00f8te 2005 i Bergen - Bekkalokket Fotoklubb\",\"isPartOf\":{\"@id\":\"https:\\\/\\\/bekkalokket.no\\\/#website\"},\"primaryImageOfPage\":{\"@id\":\"https:\\\/\\\/bekkalokket.no\\\/index.php\\\/landsmote-2005-i-bergen\\\/#primaryimage\"},\"image\":{\"@id\":\"https:\\\/\\\/bekkalokket.no\\\/index.php\\\/landsmote-2005-i-bergen\\\/#primaryimage\"},\"thumbnailUrl\":\"https:\\\/\\\/bekkalokket.no\\\/wp-content\\\/uploads\\\/2023\\\/05\\\/650.jpg\",\"datePublished\":\"2023-05-22T09:34:03+00:00\",\"dateModified\":\"2023-05-22T09:34:04+00:00\",\"breadcrumb\":{\"@id\":\"https:\\\/\\\/bekkalokket.no\\\/index.php\\\/landsmote-2005-i-bergen\\\/#breadcrumb\"},\"inLanguage\":\"nb-NO\",\"potentialAction\":[{\"@type\":\"ReadAction\",\"target\":[\"https:\\\/\\\/bekkalokket.no\\\/index.php\\\/landsmote-2005-i-bergen\\\/\"]}]},{\"@type\":\"ImageObject\",\"inLanguage\":\"nb-NO\",\"@id\":\"https:\\\/\\\/bekkalokket.no\\\/index.php\\\/landsmote-2005-i-bergen\\\/#primaryimage\",\"url\":\"https:\\\/\\\/bekkalokket.no\\\/wp-content\\\/uploads\\\/2023\\\/05\\\/650.jpg\",\"contentUrl\":\"https:\\\/\\\/bekkalokket.no\\\/wp-content\\\/uploads\\\/2023\\\/05\\\/650.jpg\",\"width\":295,\"height\":197},{\"@type\":\"BreadcrumbList\",\"@id\":\"https:\\\/\\\/bekkalokket.no\\\/index.php\\\/landsmote-2005-i-bergen\\\/#breadcrumb\",\"itemListElement\":[{\"@type\":\"ListItem\",\"position\":1,\"name\":\"Home\",\"item\":\"https:\\\/\\\/bekkalokket.no\\\/\"},{\"@type\":\"ListItem\",\"position\":2,\"name\":\"Landsm\u00f8te 2005 i Bergen\"}]},{\"@type\":\"WebSite\",\"@id\":\"https:\\\/\\\/bekkalokket.no\\\/#website\",\"url\":\"https:\\\/\\\/bekkalokket.no\\\/\",\"name\":\"Bekkalokket Fotoklubb\",\"description\":\"En sosial og aktiv fotoklubb i Bergen\",\"potentialAction\":[{\"@type\":\"SearchAction\",\"target\":{\"@type\":\"EntryPoint\",\"urlTemplate\":\"https:\\\/\\\/bekkalokket.no\\\/?s={search_term_string}\"},\"query-input\":{\"@type\":\"PropertyValueSpecification\",\"valueRequired\":true,\"valueName\":\"search_term_string\"}}],\"inLanguage\":\"nb-NO\"}]}<\/script>\n<!-- \/ Yoast SEO plugin. -->","yoast_head_json":{"title":"Landsm\u00f8te 2005 i Bergen - Bekkalokket Fotoklubb","robots":{"index":"index","follow":"follow","max-snippet":"max-snippet:-1","max-image-preview":"max-image-preview:large","max-video-preview":"max-video-preview:-1"},"canonical":"https:\/\/bekkalokket.no\/index.php\/landsmote-2005-i-bergen\/","og_locale":"nb_NO","og_type":"article","og_title":"Landsm\u00f8te 2005 i Bergen - Bekkalokket Fotoklubb","og_description":"Fredag 3 juni startet landsm\u00f8tet i Bergen. Der var mange som m\u00f8tte opp p\u00e5 arrangementet i Nordnes Bydelshus med hyggelig fotoprat og servering som BKK stod for. Utp\u00e5 kvelden utforsket deltagerne de forskjellige utestedene&#46;&#46;&#46;","og_url":"https:\/\/bekkalokket.no\/index.php\/landsmote-2005-i-bergen\/","og_site_name":"Bekkalokket Fotoklubb","article_modified_time":"2023-05-22T09:34:04+00:00","og_image":[{"url":"https:\/\/bekkalokket.no\/wp-content\/uploads\/2023\/05\/650.jpg","type":"","width":"","height":""}],"twitter_card":"summary_large_image","twitter_misc":{"Ansl. lesetid":"7 minutter"},"schema":{"@context":"https:\/\/schema.org","@graph":[{"@type":"WebPage","@id":"https:\/\/bekkalokket.no\/index.php\/landsmote-2005-i-bergen\/","url":"https:\/\/bekkalokket.no\/index.php\/landsmote-2005-i-bergen\/","name":"Landsm\u00f8te 2005 i Bergen - Bekkalokket Fotoklubb","isPartOf":{"@id":"https:\/\/bekkalokket.no\/#website"},"primaryImageOfPage":{"@id":"https:\/\/bekkalokket.no\/index.php\/landsmote-2005-i-bergen\/#primaryimage"},"image":{"@id":"https:\/\/bekkalokket.no\/index.php\/landsmote-2005-i-bergen\/#primaryimage"},"thumbnailUrl":"https:\/\/bekkalokket.no\/wp-content\/uploads\/2023\/05\/650.jpg","datePublished":"2023-05-22T09:34:03+00:00","dateModified":"2023-05-22T09:34:04+00:00","breadcrumb":{"@id":"https:\/\/bekkalokket.no\/index.php\/landsmote-2005-i-bergen\/#breadcrumb"},"inLanguage":"nb-NO","potentialAction":[{"@type":"ReadAction","target":["https:\/\/bekkalokket.no\/index.php\/landsmote-2005-i-bergen\/"]}]},{"@type":"ImageObject","inLanguage":"nb-NO","@id":"https:\/\/bekkalokket.no\/index.php\/landsmote-2005-i-bergen\/#primaryimage","url":"https:\/\/bekkalokket.no\/wp-content\/uploads\/2023\/05\/650.jpg","contentUrl":"https:\/\/bekkalokket.no\/wp-content\/uploads\/2023\/05\/650.jpg","width":295,"height":197},{"@type":"BreadcrumbList","@id":"https:\/\/bekkalokket.no\/index.php\/landsmote-2005-i-bergen\/#breadcrumb","itemListElement":[{"@type":"ListItem","position":1,"name":"Home","item":"https:\/\/bekkalokket.no\/"},{"@type":"ListItem","position":2,"name":"Landsm\u00f8te 2005 i Bergen"}]},{"@type":"WebSite","@id":"https:\/\/bekkalokket.no\/#website","url":"https:\/\/bekkalokket.no\/","name":"Bekkalokket Fotoklubb","description":"En sosial og aktiv fotoklubb i Bergen","potentialAction":[{"@type":"SearchAction","target":{"@type":"EntryPoint","urlTemplate":"https:\/\/bekkalokket.no\/?s={search_term_string}"},"query-input":{"@type":"PropertyValueSpecification","valueRequired":true,"valueName":"search_term_string"}}],"inLanguage":"nb-NO"}]}},"_links":{"self":[{"href":"https:\/\/bekkalokket.no\/index.php\/wp-json\/wp\/v2\/pages\/6503","targetHints":{"allow":["GET"]}}],"collection":[{"href":"https:\/\/bekkalokket.no\/index.php\/wp-json\/wp\/v2\/pages"}],"about":[{"href":"https:\/\/bekkalokket.no\/index.php\/wp-json\/wp\/v2\/types\/page"}],"author":[{"embeddable":true,"href":"https:\/\/bekkalokket.no\/index.php\/wp-json\/wp\/v2\/users\/2"}],"replies":[{"embeddable":true,"href":"https:\/\/bekkalokket.no\/index.php\/wp-json\/wp\/v2\/comments?post=6503"}],"version-history":[{"count":1,"href":"https:\/\/bekkalokket.no\/index.php\/wp-json\/wp\/v2\/pages\/6503\/revisions"}],"predecessor-version":[{"id":6530,"href":"https:\/\/bekkalokket.no\/index.php\/wp-json\/wp\/v2\/pages\/6503\/revisions\/6530"}],"wp:attachment":[{"href":"https:\/\/bekkalokket.no\/index.php\/wp-json\/wp\/v2\/media?parent=6503"}],"curies":[{"name":"wp","href":"https:\/\/api.w.org\/{rel}","templated":true}]}}