{"id":6634,"date":"2023-05-22T12:21:48","date_gmt":"2023-05-22T10:21:48","guid":{"rendered":"https:\/\/bekkalokket.no\/?page_id=6634"},"modified":"2023-05-22T12:21:50","modified_gmt":"2023-05-22T10:21:50","slug":"fototur-til-askoy-mars-2004","status":"publish","type":"page","link":"https:\/\/bekkalokket.no\/index.php\/fototur-til-askoy-mars-2004\/","title":{"rendered":"Fototur til Ask\u00f8y mars 2004"},"content":{"rendered":"\n<p>Fredag 26.mars 2004&nbsp;reiste noen av klubbens medlemmer p\u00e5 hyttetur til Ask\u00f8y. M\u00e5let med turen var f\u00f8rst og fremst det sosiale, men fotografering&nbsp;ble ogs\u00e5 et viktig innslag p\u00e5 turen.&nbsp;Atle, som var s\u00e5 snill \u00e5 stille hytten til&nbsp;disposisjon,&nbsp;hadde allerede fyrt i ovnen n\u00e5r vi andre kom p\u00e5 fredagskvelden.&nbsp;Det ble lite med fotografering denne kvelden, siden det vist nok var VELDIG viktig \u00e5 f\u00e5 med seg IDOL p\u00e5 tv. Vi hadde det alikavel kjempehyggelig&nbsp;hele kvelden og til litt ut p\u00e5 natten f\u00f8r vi m\u00e5tte legge oss til ro. Vi&nbsp;m\u00e5tte jo lade batteriene v\u00e5re f\u00f8r en hel dag med fotografering p\u00e5 denn \u00f8yen. Vi brukte blant annet mye tid ute p\u00e5&nbsp;Herdla. Vel over 1500 bilder ble tatt i l\u00f8pet av helgen, og flere av&nbsp;de ble&nbsp;ganske s\u00e5 fine. Atle, Tommy, Rolf-Morten, Jim og&nbsp;jeg hadde med andre ord en str\u00e5lende helg!<\/p>\n\n\n\n<p><em>\u00d8ystein<\/em><\/p>\n\n\n\n<p><\/p>\n\n\n\n<figure class=\"wp-block-gallery has-nested-images columns-default is-cropped wp-block-gallery-2 is-layout-flex wp-block-gallery-is-layout-flex\">\n<figure class=\"wp-block-image size-large\"><img loading=\"lazy\" decoding=\"async\" width=\"280\" height=\"187\" data-id=\"6642\" src=\"https:\/\/bekkalokket.no\/wp-content\/uploads\/2023\/05\/126.jpg\" alt=\"\" class=\"wp-image-6642\"\/><\/figure>\n\n\n\n<figure class=\"wp-block-image size-large\"><img loading=\"lazy\" decoding=\"async\" width=\"280\" height=\"187\" data-id=\"6641\" src=\"https:\/\/bekkalokket.no\/wp-content\/uploads\/2023\/05\/125.jpg\" alt=\"\" class=\"wp-image-6641\"\/><\/figure>\n\n\n\n<figure class=\"wp-block-image size-large\"><img loading=\"lazy\" decoding=\"async\" width=\"280\" height=\"187\" data-id=\"6640\" src=\"https:\/\/bekkalokket.no\/wp-content\/uploads\/2023\/05\/124.jpg\" alt=\"\" class=\"wp-image-6640\"\/><\/figure>\n\n\n\n<figure class=\"wp-block-image size-large\"><img loading=\"lazy\" decoding=\"async\" width=\"280\" height=\"186\" data-id=\"6639\" src=\"https:\/\/bekkalokket.no\/wp-content\/uploads\/2023\/05\/123.jpg\" alt=\"\" class=\"wp-image-6639\"\/><\/figure>\n\n\n\n<figure class=\"wp-block-image size-large\"><img loading=\"lazy\" decoding=\"async\" width=\"186\" height=\"279\" data-id=\"6638\" src=\"https:\/\/bekkalokket.no\/wp-content\/uploads\/2023\/05\/122.jpg\" alt=\"\" class=\"wp-image-6638\"\/><\/figure>\n\n\n\n<figure class=\"wp-block-image size-large\"><img loading=\"lazy\" decoding=\"async\" width=\"186\" height=\"280\" data-id=\"6637\" src=\"https:\/\/bekkalokket.no\/wp-content\/uploads\/2023\/05\/121.jpg\" alt=\"\" class=\"wp-image-6637\"\/><\/figure>\n\n\n\n<figure class=\"wp-block-image size-large\"><img loading=\"lazy\" decoding=\"async\" width=\"186\" height=\"279\" data-id=\"6636\" src=\"https:\/\/bekkalokket.no\/wp-content\/uploads\/2023\/05\/120.jpg\" alt=\"\" class=\"wp-image-6636\"\/><\/figure>\n\n\n\n<figure class=\"wp-block-image size-large\"><img loading=\"lazy\" decoding=\"async\" width=\"280\" height=\"186\" data-id=\"6635\" src=\"https:\/\/bekkalokket.no\/wp-content\/uploads\/2023\/05\/119.jpg\" alt=\"\" class=\"wp-image-6635\"\/><\/figure>\n<\/figure>\n","protected":false},"excerpt":{"rendered":"<p>Fredag 26.mars 2004&nbsp;reiste noen av klubbens medlemmer p\u00e5 hyttetur til Ask\u00f8y. M\u00e5let med turen var f\u00f8rst og fremst det sosiale, men fotografering&nbsp;ble ogs\u00e5 et viktig innslag p\u00e5 turen.&nbsp;Atle, som var s\u00e5 snill \u00e5 stille&#46;&#46;&#46;<\/p>\n","protected":false},"author":2,"featured_media":0,"parent":0,"menu_order":0,"comment_status":"closed","ping_status":"closed","template":"","meta":{"footnotes":""},"class_list":["post-6634","page","type-page","status-publish","hentry"],"yoast_head":"<!-- This site is optimized with the Yoast SEO plugin v27.5 - https:\/\/yoast.com\/product\/yoast-seo-wordpress\/ -->\n<title>Fototur til Ask\u00f8y mars 2004 - Bekkalokket Fotoklubb<\/title>\n<meta name=\"robots\" content=\"index, follow, max-snippet:-1, max-image-preview:large, max-video-preview:-1\" \/>\n<link rel=\"canonical\" href=\"https:\/\/bekkalokket.no\/index.php\/fototur-til-askoy-mars-2004\/\" \/>\n<meta property=\"og:locale\" content=\"nb_NO\" \/>\n<meta property=\"og:type\" content=\"article\" \/>\n<meta property=\"og:title\" content=\"Fototur til Ask\u00f8y mars 2004 - Bekkalokket Fotoklubb\" \/>\n<meta property=\"og:description\" content=\"Fredag 26.mars 2004&nbsp;reiste noen av klubbens medlemmer p\u00e5 hyttetur til Ask\u00f8y. M\u00e5let med turen var f\u00f8rst og fremst det sosiale, men fotografering&nbsp;ble ogs\u00e5 et viktig innslag p\u00e5 turen.&nbsp;Atle, som var s\u00e5 snill \u00e5 stille&#046;&#046;&#046;\" \/>\n<meta property=\"og:url\" content=\"https:\/\/bekkalokket.no\/index.php\/fototur-til-askoy-mars-2004\/\" \/>\n<meta property=\"og:site_name\" content=\"Bekkalokket Fotoklubb\" \/>\n<meta property=\"article:modified_time\" content=\"2023-05-22T10:21:50+00:00\" \/>\n<meta property=\"og:image\" content=\"https:\/\/bekkalokket.no\/wp-content\/uploads\/2023\/05\/126.jpg\" \/>\n<meta name=\"twitter:card\" content=\"summary_large_image\" \/>\n<meta name=\"twitter:label1\" content=\"Ansl. lesetid\" \/>\n\t<meta name=\"twitter:data1\" content=\"3 minutter\" \/>\n<script type=\"application\/ld+json\" class=\"yoast-schema-graph\">{\"@context\":\"https:\\\/\\\/schema.org\",\"@graph\":[{\"@type\":\"WebPage\",\"@id\":\"https:\\\/\\\/bekkalokket.no\\\/index.php\\\/fototur-til-askoy-mars-2004\\\/\",\"url\":\"https:\\\/\\\/bekkalokket.no\\\/index.php\\\/fototur-til-askoy-mars-2004\\\/\",\"name\":\"Fototur til Ask\u00f8y mars 2004 - Bekkalokket Fotoklubb\",\"isPartOf\":{\"@id\":\"https:\\\/\\\/bekkalokket.no\\\/#website\"},\"primaryImageOfPage\":{\"@id\":\"https:\\\/\\\/bekkalokket.no\\\/index.php\\\/fototur-til-askoy-mars-2004\\\/#primaryimage\"},\"image\":{\"@id\":\"https:\\\/\\\/bekkalokket.no\\\/index.php\\\/fototur-til-askoy-mars-2004\\\/#primaryimage\"},\"thumbnailUrl\":\"https:\\\/\\\/bekkalokket.no\\\/wp-content\\\/uploads\\\/2023\\\/05\\\/126.jpg\",\"datePublished\":\"2023-05-22T10:21:48+00:00\",\"dateModified\":\"2023-05-22T10:21:50+00:00\",\"breadcrumb\":{\"@id\":\"https:\\\/\\\/bekkalokket.no\\\/index.php\\\/fototur-til-askoy-mars-2004\\\/#breadcrumb\"},\"inLanguage\":\"nb-NO\",\"potentialAction\":[{\"@type\":\"ReadAction\",\"target\":[\"https:\\\/\\\/bekkalokket.no\\\/index.php\\\/fototur-til-askoy-mars-2004\\\/\"]}]},{\"@type\":\"ImageObject\",\"inLanguage\":\"nb-NO\",\"@id\":\"https:\\\/\\\/bekkalokket.no\\\/index.php\\\/fototur-til-askoy-mars-2004\\\/#primaryimage\",\"url\":\"https:\\\/\\\/bekkalokket.no\\\/wp-content\\\/uploads\\\/2023\\\/05\\\/126.jpg\",\"contentUrl\":\"https:\\\/\\\/bekkalokket.no\\\/wp-content\\\/uploads\\\/2023\\\/05\\\/126.jpg\",\"width\":280,\"height\":187},{\"@type\":\"BreadcrumbList\",\"@id\":\"https:\\\/\\\/bekkalokket.no\\\/index.php\\\/fototur-til-askoy-mars-2004\\\/#breadcrumb\",\"itemListElement\":[{\"@type\":\"ListItem\",\"position\":1,\"name\":\"Home\",\"item\":\"https:\\\/\\\/bekkalokket.no\\\/\"},{\"@type\":\"ListItem\",\"position\":2,\"name\":\"Fototur til Ask\u00f8y mars 2004\"}]},{\"@type\":\"WebSite\",\"@id\":\"https:\\\/\\\/bekkalokket.no\\\/#website\",\"url\":\"https:\\\/\\\/bekkalokket.no\\\/\",\"name\":\"Bekkalokket Fotoklubb\",\"description\":\"En sosial og aktiv fotoklubb i Bergen\",\"potentialAction\":[{\"@type\":\"SearchAction\",\"target\":{\"@type\":\"EntryPoint\",\"urlTemplate\":\"https:\\\/\\\/bekkalokket.no\\\/?s={search_term_string}\"},\"query-input\":{\"@type\":\"PropertyValueSpecification\",\"valueRequired\":true,\"valueName\":\"search_term_string\"}}],\"inLanguage\":\"nb-NO\"}]}<\/script>\n<!-- \/ Yoast SEO plugin. -->","yoast_head_json":{"title":"Fototur til Ask\u00f8y mars 2004 - Bekkalokket Fotoklubb","robots":{"index":"index","follow":"follow","max-snippet":"max-snippet:-1","max-image-preview":"max-image-preview:large","max-video-preview":"max-video-preview:-1"},"canonical":"https:\/\/bekkalokket.no\/index.php\/fototur-til-askoy-mars-2004\/","og_locale":"nb_NO","og_type":"article","og_title":"Fototur til Ask\u00f8y mars 2004 - Bekkalokket Fotoklubb","og_description":"Fredag 26.mars 2004&nbsp;reiste noen av klubbens medlemmer p\u00e5 hyttetur til Ask\u00f8y. M\u00e5let med turen var f\u00f8rst og fremst det sosiale, men fotografering&nbsp;ble ogs\u00e5 et viktig innslag p\u00e5 turen.&nbsp;Atle, som var s\u00e5 snill \u00e5 stille&#46;&#46;&#46;","og_url":"https:\/\/bekkalokket.no\/index.php\/fototur-til-askoy-mars-2004\/","og_site_name":"Bekkalokket Fotoklubb","article_modified_time":"2023-05-22T10:21:50+00:00","og_image":[{"url":"https:\/\/bekkalokket.no\/wp-content\/uploads\/2023\/05\/126.jpg","type":"","width":"","height":""}],"twitter_card":"summary_large_image","twitter_misc":{"Ansl. lesetid":"3 minutter"},"schema":{"@context":"https:\/\/schema.org","@graph":[{"@type":"WebPage","@id":"https:\/\/bekkalokket.no\/index.php\/fototur-til-askoy-mars-2004\/","url":"https:\/\/bekkalokket.no\/index.php\/fototur-til-askoy-mars-2004\/","name":"Fototur til Ask\u00f8y mars 2004 - Bekkalokket Fotoklubb","isPartOf":{"@id":"https:\/\/bekkalokket.no\/#website"},"primaryImageOfPage":{"@id":"https:\/\/bekkalokket.no\/index.php\/fototur-til-askoy-mars-2004\/#primaryimage"},"image":{"@id":"https:\/\/bekkalokket.no\/index.php\/fototur-til-askoy-mars-2004\/#primaryimage"},"thumbnailUrl":"https:\/\/bekkalokket.no\/wp-content\/uploads\/2023\/05\/126.jpg","datePublished":"2023-05-22T10:21:48+00:00","dateModified":"2023-05-22T10:21:50+00:00","breadcrumb":{"@id":"https:\/\/bekkalokket.no\/index.php\/fototur-til-askoy-mars-2004\/#breadcrumb"},"inLanguage":"nb-NO","potentialAction":[{"@type":"ReadAction","target":["https:\/\/bekkalokket.no\/index.php\/fototur-til-askoy-mars-2004\/"]}]},{"@type":"ImageObject","inLanguage":"nb-NO","@id":"https:\/\/bekkalokket.no\/index.php\/fototur-til-askoy-mars-2004\/#primaryimage","url":"https:\/\/bekkalokket.no\/wp-content\/uploads\/2023\/05\/126.jpg","contentUrl":"https:\/\/bekkalokket.no\/wp-content\/uploads\/2023\/05\/126.jpg","width":280,"height":187},{"@type":"BreadcrumbList","@id":"https:\/\/bekkalokket.no\/index.php\/fototur-til-askoy-mars-2004\/#breadcrumb","itemListElement":[{"@type":"ListItem","position":1,"name":"Home","item":"https:\/\/bekkalokket.no\/"},{"@type":"ListItem","position":2,"name":"Fototur til Ask\u00f8y mars 2004"}]},{"@type":"WebSite","@id":"https:\/\/bekkalokket.no\/#website","url":"https:\/\/bekkalokket.no\/","name":"Bekkalokket Fotoklubb","description":"En sosial og aktiv fotoklubb i Bergen","potentialAction":[{"@type":"SearchAction","target":{"@type":"EntryPoint","urlTemplate":"https:\/\/bekkalokket.no\/?s={search_term_string}"},"query-input":{"@type":"PropertyValueSpecification","valueRequired":true,"valueName":"search_term_string"}}],"inLanguage":"nb-NO"}]}},"_links":{"self":[{"href":"https:\/\/bekkalokket.no\/index.php\/wp-json\/wp\/v2\/pages\/6634","targetHints":{"allow":["GET"]}}],"collection":[{"href":"https:\/\/bekkalokket.no\/index.php\/wp-json\/wp\/v2\/pages"}],"about":[{"href":"https:\/\/bekkalokket.no\/index.php\/wp-json\/wp\/v2\/types\/page"}],"author":[{"embeddable":true,"href":"https:\/\/bekkalokket.no\/index.php\/wp-json\/wp\/v2\/users\/2"}],"replies":[{"embeddable":true,"href":"https:\/\/bekkalokket.no\/index.php\/wp-json\/wp\/v2\/comments?post=6634"}],"version-history":[{"count":1,"href":"https:\/\/bekkalokket.no\/index.php\/wp-json\/wp\/v2\/pages\/6634\/revisions"}],"predecessor-version":[{"id":6643,"href":"https:\/\/bekkalokket.no\/index.php\/wp-json\/wp\/v2\/pages\/6634\/revisions\/6643"}],"wp:attachment":[{"href":"https:\/\/bekkalokket.no\/index.php\/wp-json\/wp\/v2\/media?parent=6634"}],"curies":[{"name":"wp","href":"https:\/\/api.w.org\/{rel}","templated":true}]}}

Fototur til Askøy mars 2004

<p>Fredag 26.mars 2004&nbsp;reiste noen av klubbens medlemmer på hyttetur til Askøy. Målet med turen var først og fremst det sosiale, men fotografering&nbsp;ble også et viktig innslag på turen.&nbsp;Atle, som var så snill å stille hytten til&nbsp;disposisjon,&nbsp;hadde allerede fyrt i ovnen når vi andre kom på fredagskvelden.&nbsp;Det ble lite med fotografering denne kvelden, siden det vist nok var VELDIG viktig å få med seg IDOL på tv. Vi hadde det alikavel kjempehyggelig&nbsp;hele kvelden og til litt ut på natten før vi måtte legge oss til ro. Vi&nbsp;måtte jo lade batteriene våre før en hel dag med fotografering på denn øyen. Vi brukte blant annet mye tid ute på&nbsp;Herdla. Vel over 1500 bilder ble tatt i løpet av helgen, og flere av&nbsp;de ble&nbsp;ganske så fine. Atle, Tommy, Rolf-Morten, Jim og&nbsp;jeg hadde med andre ord en strålende helg!</p>



<p><em>Øystein</em></p>



<p></p>



<figure class="wp-block-gallery has-nested-images columns-default is-cropped wp-block-gallery-2 is-layout-flex wp-block-gallery-is-layout-flex">
<figure class="wp-block-image size-large"><img loading="lazy" decoding="async" width="280" height="187" data-id="6642" src="https://bekkalokket.no/wp-content/uploads/2023/05/126.jpg" alt="" class="wp-image-6642"/></figure>



<figure class="wp-block-image size-large"><img loading="lazy" decoding="async" width="280" height="187" data-id="6641" src="https://bekkalokket.no/wp-content/uploads/2023/05/125.jpg" alt="" class="wp-image-6641"/></figure>



<figure class="wp-block-image size-large"><img loading="lazy" decoding="async" width="280" height="187" data-id="6640" src="https://bekkalokket.no/wp-content/uploads/2023/05/124.jpg" alt="" class="wp-image-6640"/></figure>



<figure class="wp-block-image size-large"><img loading="lazy" decoding="async" width="280" height="186" data-id="6639" src="https://bekkalokket.no/wp-content/uploads/2023/05/123.jpg" alt="" class="wp-image-6639"/></figure>



<figure class="wp-block-image size-large"><img loading="lazy" decoding="async" width="186" height="279" data-id="6638" src="https://bekkalokket.no/wp-content/uploads/2023/05/122.jpg" alt="" class="wp-image-6638"/></figure>



<figure class="wp-block-image size-large"><img loading="lazy" decoding="async" width="186" height="280" data-id="6637" src="https://bekkalokket.no/wp-content/uploads/2023/05/121.jpg" alt="" class="wp-image-6637"/></figure>



<figure class="wp-block-image size-large"><img loading="lazy" decoding="async" width="186" height="279" data-id="6636" src="https://bekkalokket.no/wp-content/uploads/2023/05/120.jpg" alt="" class="wp-image-6636"/></figure>



<figure class="wp-block-image size-large"><img loading="lazy" decoding="async" width="280" height="186" data-id="6635" src="https://bekkalokket.no/wp-content/uploads/2023/05/119.jpg" alt="" class="wp-image-6635"/></figure>
</figure>

<p>Fredag 26.mars 2004&nbsp;reiste noen av klubbens medlemmer på hyttetur til Askøy. Målet med turen var først og fremst det sosiale, men fotografering&nbsp;ble også et viktig innslag på turen.&nbsp;Atle, som var så snill å stille&#46;&#46;&#46;</p>

<!-- This site is optimized with the Yoast SEO plugin v27.5 - https://yoast.com/product/yoast-seo-wordpress/ -->
<title>Fototur til Askøy mars 2004 - Bekkalokket Fotoklubb</title>
<meta name="robots" content="index, follow, max-snippet:-1, max-image-preview:large, max-video-preview:-1" />
<link rel="canonical" href="https://bekkalokket.no/index.php/fototur-til-askoy-mars-2004/" />
<meta property="og:locale" content="nb_NO" />
<meta property="og:type" content="article" />
<meta property="og:title" content="Fototur til Askøy mars 2004 - Bekkalokket Fotoklubb" />
<meta property="og:description" content="Fredag 26.mars 2004&nbsp;reiste noen av klubbens medlemmer på hyttetur til Askøy. Målet med turen var først og fremst det sosiale, men fotografering&nbsp;ble også et viktig innslag på turen.&nbsp;Atle, som var så snill å stille&#046;&#046;&#046;" />
<meta property="og:url" content="https://bekkalokket.no/index.php/fototur-til-askoy-mars-2004/" />
<meta property="og:site_name" content="Bekkalokket Fotoklubb" />
<meta property="article:modified_time" content="2023-05-22T10:21:50+00:00" />
<meta property="og:image" content="https://bekkalokket.no/wp-content/uploads/2023/05/126.jpg" />
<meta name="twitter:card" content="summary_large_image" />
<meta name="twitter:label1" content="Ansl. lesetid" />
	<meta name="twitter:data1" content="3 minutter" />
<script type="application/ld+json" class="yoast-schema-graph">{"@context":"https:\/\/schema.org","@graph":[{"@type":"WebPage","@id":"https:\/\/bekkalokket.no\/index.php\/fototur-til-askoy-mars-2004\/","url":"https:\/\/bekkalokket.no\/index.php\/fototur-til-askoy-mars-2004\/","name":"Fototur til Askøy mars 2004 - Bekkalokket Fotoklubb","isPartOf":{"@id":"https:\/\/bekkalokket.no\/#website"},"primaryImageOfPage":{"@id":"https:\/\/bekkalokket.no\/index.php\/fototur-til-askoy-mars-2004\/#primaryimage"},"image":{"@id":"https:\/\/bekkalokket.no\/index.php\/fototur-til-askoy-mars-2004\/#primaryimage"},"thumbnailUrl":"https:\/\/bekkalokket.no\/wp-content\/uploads\/2023\/05\/126.jpg","datePublished":"2023-05-22T10:21:48+00:00","dateModified":"2023-05-22T10:21:50+00:00","breadcrumb":{"@id":"https:\/\/bekkalokket.no\/index.php\/fototur-til-askoy-mars-2004\/#breadcrumb"},"inLanguage":"nb-NO","potentialAction":[{"@type":"ReadAction","target":["https:\/\/bekkalokket.no\/index.php\/fototur-til-askoy-mars-2004\/"]}]},{"@type":"ImageObject","inLanguage":"nb-NO","@id":"https:\/\/bekkalokket.no\/index.php\/fototur-til-askoy-mars-2004\/#primaryimage","url":"https:\/\/bekkalokket.no\/wp-content\/uploads\/2023\/05\/126.jpg","contentUrl":"https:\/\/bekkalokket.no\/wp-content\/uploads\/2023\/05\/126.jpg","width":280,"height":187},{"@type":"BreadcrumbList","@id":"https:\/\/bekkalokket.no\/index.php\/fototur-til-askoy-mars-2004\/#breadcrumb","itemListElement":[{"@type":"ListItem","position":1,"name":"Home","item":"https:\/\/bekkalokket.no\/"},{"@type":"ListItem","position":2,"name":"Fototur til Askøy mars 2004"}]},{"@type":"WebSite","@id":"https:\/\/bekkalokket.no\/#website","url":"https:\/\/bekkalokket.no\/","name":"Bekkalokket Fotoklubb","description":"En sosial og aktiv fotoklubb i Bergen","potentialAction":[{"@type":"SearchAction","target":{"@type":"EntryPoint","urlTemplate":"https:\/\/bekkalokket.no\/?s={search_term_string}"},"query-input":{"@type":"PropertyValueSpecification","valueRequired":true,"valueName":"search_term_string"}}],"inLanguage":"nb-NO"}]}</script>
<!-- / Yoast SEO plugin. -->

Fototur til Askøy mars 2004 - Bekkalokket Fotoklubb

Fredag 26.mars 2004&nbsp;reiste noen av klubbens medlemmer på hyttetur til Askøy. Målet med turen var først og fremst det sosiale, men fotografering&nbsp;ble også et viktig innslag på turen.&nbsp;Atle, som var så snill å stille&#46;&#46;&#46;
