{"id":781,"date":"2018-08-26T14:48:15","date_gmt":"2018-08-26T12:48:15","guid":{"rendered":"http:\/\/bekkalokket.com\/?page_id=781"},"modified":"2020-01-27T17:39:31","modified_gmt":"2020-01-27T15:39:31","slug":"retningslinjer-for-arets-fotograf-og-plaketter","status":"publish","type":"page","link":"https:\/\/bekkalokket.no\/index.php\/om-klubben\/retningslinjer-for-arets-fotograf-og-plaketter\/","title":{"rendered":"Retningslinjer for &#8220;\u00c5rets Fotograf&#8221; og Plaketter &#8211; oppdatert 2020"},"content":{"rendered":"<p>Det utdeles en premie til sammenlagt vinner i \u00e5rets fotokonkurranser.<\/p>\n<p>F\u00f8lgende fotokonkurranser gjelder i sammendraget:<\/p>\n<div>\n<div>\n\u2022 Bekkalokkets klubbkonkurranser<br \/>\n\u2022 NSFF landskonkurranser<\/div>\n<div>\nSammenlagt vinner blir \u201d\u00c5rets fotograf\u201d<\/div>\n<div>\nPokal og diplom utdeles til de som oppn\u00e5r 1.2. og 3 plass. Diplom til de som oppn\u00e5r 4. og 5. plass.<\/div>\n<div>Poengfordeling i konkurransene som teller i \u201d\u00c5rets Fotograf\u201d<\/p>\n<\/div>\n<table border=\"1\" cellspacing=\"0\" cellpadding=\"2\">\n<tbody>\n<tr>\n<td><\/td>\n<td>\n<div>Gull<\/div>\n<\/td>\n<td>\n<div>S\u00f8lv<\/div>\n<\/td>\n<td>\n<div>Bronse<\/div>\n<\/td>\n<td>\n<div>Hederlig Omtale<\/div>\n<\/td>\n<td>\n<div>Antatt<\/div>\n<\/td>\n<\/tr>\n<tr>\n<td>\n<div>Klubbkonkurranser<\/div>\n<\/td>\n<td>\n<div>7 poeng<\/div>\n<\/td>\n<td>\n<div>5 poeng<\/div>\n<\/td>\n<td>\n<div>3 poeng<\/div>\n<\/td>\n<td>2 poeng<\/td>\n<td>\n<div>1 poeng<\/div>\n<\/td>\n<\/tr>\n<tr>\n<td>\n<div>NSFF landskonkurranser<\/div>\n<\/td>\n<td>\n<div>10 poeng<\/div>\n<\/td>\n<td>\n<div>8 poeng<\/div>\n<\/td>\n<td>\n<div>7 poeng<\/div>\n<\/td>\n<td>\n<div>5 poeng<\/div>\n<\/td>\n<td>\n<div>1 poeng<\/div>\n<\/td>\n<\/tr>\n<\/tbody>\n<\/table>\n<div>\nKonkurransekomite\u00e8n har ansvar for resultatlister, diplomer og premier.<br \/>\n(Se: <a href=\"index.php?option=com_content&amp;view=article&amp;id=55:retningslinjer-for-konkurransekomite&amp;catid=45\">\u201dRetningslinjer for konkurransekomite\u00e8n\u201d<\/a>)<\/div>\n<div>Utdeling av plaketter.<\/div>\n<p>&nbsp;<\/p>\n<div>Utdelingen skjer p\u00e5 grunnlag av oppn\u00e5dde poeng i konkurranser og poengberegningen er samme som &#8221; \u00c5rets Fotograf &#8220;. Resultater fra NSFF konkurranser oppn\u00e5dd gjennom andre fotoklubber teller ikke. Poengberegningene samles opp kontinuerlig og har tilbakevirkende kraft og baserer seg p\u00e5 poenglisten som finnes i databasen som konkurranseutvalget vedlikeholder. Utdelingen foreg\u00e5r p\u00e5 julefestene, og f\u00f8rste utdeling skjer p\u00e5 julefesten 2005 med oppdatert poeng fra 2005. Etter \u00e5rsm\u00f8tet 2011 ble poengsatsene redusert, slik at det skal v\u00e6re mulig \u00e5 oppn\u00e5 plakettene i l\u00f8pet av et liv.<\/div>\n<p>&nbsp;<\/p>\n<table border=\"0\">\n<tbody>\n<tr>\n<td width=\"276\">\n<div>Plakett<\/div>\n<\/td>\n<td width=\"291\">\n<div>Poenggrunnlag<\/div>\n<\/td>\n<\/tr>\n<tr>\n<td>\n<div>Gull med emalje<\/div>\n<\/td>\n<td>\n<div>1000<\/div>\n<\/td>\n<\/tr>\n<tr>\n<td>\n<div>S\u00f8lv med emalje<\/div>\n<\/td>\n<td>\n<div>700<\/div>\n<\/td>\n<\/tr>\n<tr>\n<td>\n<div>Bronse med emalje<\/div>\n<\/td>\n<td>\n<div>400<\/div>\n<\/td>\n<\/tr>\n<tr>\n<td>\n<div>Gull<\/div>\n<\/td>\n<td>\n<div>200<\/div>\n<\/td>\n<\/tr>\n<tr>\n<td>\n<div>S\u00f8lv<\/div>\n<\/td>\n<td>\n<div>100<\/div>\n<\/td>\n<\/tr>\n<tr>\n<td>\n<div>Bronse<\/div>\n<\/td>\n<td>\n<div>50<\/div>\n<\/td>\n<\/tr>\n<\/tbody>\n<\/table>\n<\/div>\n<div><\/div>\n<div>Sist revidert 27.01.2020<\/div>\n<div><\/div>\n","protected":false},"excerpt":{"rendered":"<p>Det utdeles en premie til sammenlagt vinner i \u00e5rets fotokonkurranser. F\u00f8lgende fotokonkurranser gjelder i sammendraget: \u2022 Bekkalokkets klubbkonkurranser \u2022 NSFF landskonkurranser Sammenlagt vinner blir \u201d\u00c5rets fotograf\u201d Pokal og diplom utdeles til de som oppn\u00e5r&#46;&#46;&#46;<\/p>\n","protected":false},"author":2,"featured_media":0,"parent":16,"menu_order":0,"comment_status":"closed","ping_status":"closed","template":"","meta":{"footnotes":""},"class_list":["post-781","page","type-page","status-publish","hentry"],"yoast_head":"<!-- This site is optimized with the Yoast SEO plugin v27.5 - https:\/\/yoast.com\/product\/yoast-seo-wordpress\/ -->\n<title>Retningslinjer for &quot;\u00c5rets Fotograf&quot; og Plaketter - oppdatert 2020 - Bekkalokket Fotoklubb<\/title>\n<meta name=\"robots\" content=\"index, follow, max-snippet:-1, max-image-preview:large, max-video-preview:-1\" \/>\n<link rel=\"canonical\" href=\"https:\/\/bekkalokket.no\/index.php\/om-klubben\/retningslinjer-for-arets-fotograf-og-plaketter\/\" \/>\n<meta property=\"og:locale\" content=\"nb_NO\" \/>\n<meta property=\"og:type\" content=\"article\" \/>\n<meta property=\"og:title\" content=\"Retningslinjer for &quot;\u00c5rets Fotograf&quot; og Plaketter - oppdatert 2020 - Bekkalokket Fotoklubb\" \/>\n<meta property=\"og:description\" content=\"Det utdeles en premie til sammenlagt vinner i \u00e5rets fotokonkurranser. F\u00f8lgende fotokonkurranser gjelder i sammendraget: \u2022 Bekkalokkets klubbkonkurranser \u2022 NSFF landskonkurranser Sammenlagt vinner blir \u201d\u00c5rets fotograf\u201d Pokal og diplom utdeles til de som oppn\u00e5r&#046;&#046;&#046;\" \/>\n<meta property=\"og:url\" content=\"https:\/\/bekkalokket.no\/index.php\/om-klubben\/retningslinjer-for-arets-fotograf-og-plaketter\/\" \/>\n<meta property=\"og:site_name\" content=\"Bekkalokket Fotoklubb\" \/>\n<meta property=\"article:modified_time\" content=\"2020-01-27T15:39:31+00:00\" \/>\n<meta name=\"twitter:card\" content=\"summary_large_image\" \/>\n<meta name=\"twitter:label1\" content=\"Ansl. lesetid\" \/>\n\t<meta name=\"twitter:data1\" content=\"1 minutt\" \/>\n<script type=\"application\/ld+json\" class=\"yoast-schema-graph\">{\"@context\":\"https:\\\/\\\/schema.org\",\"@graph\":[{\"@type\":\"WebPage\",\"@id\":\"https:\\\/\\\/bekkalokket.no\\\/index.php\\\/om-klubben\\\/retningslinjer-for-arets-fotograf-og-plaketter\\\/\",\"url\":\"https:\\\/\\\/bekkalokket.no\\\/index.php\\\/om-klubben\\\/retningslinjer-for-arets-fotograf-og-plaketter\\\/\",\"name\":\"Retningslinjer for \\\"\u00c5rets Fotograf\\\" og Plaketter - oppdatert 2020 - Bekkalokket Fotoklubb\",\"isPartOf\":{\"@id\":\"https:\\\/\\\/bekkalokket.no\\\/#website\"},\"datePublished\":\"2018-08-26T12:48:15+00:00\",\"dateModified\":\"2020-01-27T15:39:31+00:00\",\"breadcrumb\":{\"@id\":\"https:\\\/\\\/bekkalokket.no\\\/index.php\\\/om-klubben\\\/retningslinjer-for-arets-fotograf-og-plaketter\\\/#breadcrumb\"},\"inLanguage\":\"nb-NO\",\"potentialAction\":[{\"@type\":\"ReadAction\",\"target\":[\"https:\\\/\\\/bekkalokket.no\\\/index.php\\\/om-klubben\\\/retningslinjer-for-arets-fotograf-og-plaketter\\\/\"]}]},{\"@type\":\"BreadcrumbList\",\"@id\":\"https:\\\/\\\/bekkalokket.no\\\/index.php\\\/om-klubben\\\/retningslinjer-for-arets-fotograf-og-plaketter\\\/#breadcrumb\",\"itemListElement\":[{\"@type\":\"ListItem\",\"position\":1,\"name\":\"Home\",\"item\":\"https:\\\/\\\/bekkalokket.no\\\/\"},{\"@type\":\"ListItem\",\"position\":2,\"name\":\"Om klubben\",\"item\":\"https:\\\/\\\/bekkalokket.no\\\/index.php\\\/om-klubben\\\/\"},{\"@type\":\"ListItem\",\"position\":3,\"name\":\"Retningslinjer for &#8220;\u00c5rets Fotograf&#8221; og Plaketter &#8211; oppdatert 2020\"}]},{\"@type\":\"WebSite\",\"@id\":\"https:\\\/\\\/bekkalokket.no\\\/#website\",\"url\":\"https:\\\/\\\/bekkalokket.no\\\/\",\"name\":\"Bekkalokket Fotoklubb\",\"description\":\"En sosial og aktiv fotoklubb i Bergen\",\"potentialAction\":[{\"@type\":\"SearchAction\",\"target\":{\"@type\":\"EntryPoint\",\"urlTemplate\":\"https:\\\/\\\/bekkalokket.no\\\/?s={search_term_string}\"},\"query-input\":{\"@type\":\"PropertyValueSpecification\",\"valueRequired\":true,\"valueName\":\"search_term_string\"}}],\"inLanguage\":\"nb-NO\"}]}<\/script>\n<!-- \/ Yoast SEO plugin. -->","yoast_head_json":{"title":"Retningslinjer for \"\u00c5rets Fotograf\" og Plaketter - oppdatert 2020 - Bekkalokket Fotoklubb","robots":{"index":"index","follow":"follow","max-snippet":"max-snippet:-1","max-image-preview":"max-image-preview:large","max-video-preview":"max-video-preview:-1"},"canonical":"https:\/\/bekkalokket.no\/index.php\/om-klubben\/retningslinjer-for-arets-fotograf-og-plaketter\/","og_locale":"nb_NO","og_type":"article","og_title":"Retningslinjer for \"\u00c5rets Fotograf\" og Plaketter - oppdatert 2020 - Bekkalokket Fotoklubb","og_description":"Det utdeles en premie til sammenlagt vinner i \u00e5rets fotokonkurranser. F\u00f8lgende fotokonkurranser gjelder i sammendraget: \u2022 Bekkalokkets klubbkonkurranser \u2022 NSFF landskonkurranser Sammenlagt vinner blir \u201d\u00c5rets fotograf\u201d Pokal og diplom utdeles til de som oppn\u00e5r&#46;&#46;&#46;","og_url":"https:\/\/bekkalokket.no\/index.php\/om-klubben\/retningslinjer-for-arets-fotograf-og-plaketter\/","og_site_name":"Bekkalokket Fotoklubb","article_modified_time":"2020-01-27T15:39:31+00:00","twitter_card":"summary_large_image","twitter_misc":{"Ansl. lesetid":"1 minutt"},"schema":{"@context":"https:\/\/schema.org","@graph":[{"@type":"WebPage","@id":"https:\/\/bekkalokket.no\/index.php\/om-klubben\/retningslinjer-for-arets-fotograf-og-plaketter\/","url":"https:\/\/bekkalokket.no\/index.php\/om-klubben\/retningslinjer-for-arets-fotograf-og-plaketter\/","name":"Retningslinjer for \"\u00c5rets Fotograf\" og Plaketter - oppdatert 2020 - Bekkalokket Fotoklubb","isPartOf":{"@id":"https:\/\/bekkalokket.no\/#website"},"datePublished":"2018-08-26T12:48:15+00:00","dateModified":"2020-01-27T15:39:31+00:00","breadcrumb":{"@id":"https:\/\/bekkalokket.no\/index.php\/om-klubben\/retningslinjer-for-arets-fotograf-og-plaketter\/#breadcrumb"},"inLanguage":"nb-NO","potentialAction":[{"@type":"ReadAction","target":["https:\/\/bekkalokket.no\/index.php\/om-klubben\/retningslinjer-for-arets-fotograf-og-plaketter\/"]}]},{"@type":"BreadcrumbList","@id":"https:\/\/bekkalokket.no\/index.php\/om-klubben\/retningslinjer-for-arets-fotograf-og-plaketter\/#breadcrumb","itemListElement":[{"@type":"ListItem","position":1,"name":"Home","item":"https:\/\/bekkalokket.no\/"},{"@type":"ListItem","position":2,"name":"Om klubben","item":"https:\/\/bekkalokket.no\/index.php\/om-klubben\/"},{"@type":"ListItem","position":3,"name":"Retningslinjer for &#8220;\u00c5rets Fotograf&#8221; og Plaketter &#8211; oppdatert 2020"}]},{"@type":"WebSite","@id":"https:\/\/bekkalokket.no\/#website","url":"https:\/\/bekkalokket.no\/","name":"Bekkalokket Fotoklubb","description":"En sosial og aktiv fotoklubb i Bergen","potentialAction":[{"@type":"SearchAction","target":{"@type":"EntryPoint","urlTemplate":"https:\/\/bekkalokket.no\/?s={search_term_string}"},"query-input":{"@type":"PropertyValueSpecification","valueRequired":true,"valueName":"search_term_string"}}],"inLanguage":"nb-NO"}]}},"_links":{"self":[{"href":"https:\/\/bekkalokket.no\/index.php\/wp-json\/wp\/v2\/pages\/781","targetHints":{"allow":["GET"]}}],"collection":[{"href":"https:\/\/bekkalokket.no\/index.php\/wp-json\/wp\/v2\/pages"}],"about":[{"href":"https:\/\/bekkalokket.no\/index.php\/wp-json\/wp\/v2\/types\/page"}],"author":[{"embeddable":true,"href":"https:\/\/bekkalokket.no\/index.php\/wp-json\/wp\/v2\/users\/2"}],"replies":[{"embeddable":true,"href":"https:\/\/bekkalokket.no\/index.php\/wp-json\/wp\/v2\/comments?post=781"}],"version-history":[{"count":4,"href":"https:\/\/bekkalokket.no\/index.php\/wp-json\/wp\/v2\/pages\/781\/revisions"}],"predecessor-version":[{"id":2922,"href":"https:\/\/bekkalokket.no\/index.php\/wp-json\/wp\/v2\/pages\/781\/revisions\/2922"}],"up":[{"embeddable":true,"href":"https:\/\/bekkalokket.no\/index.php\/wp-json\/wp\/v2\/pages\/16"}],"wp:attachment":[{"href":"https:\/\/bekkalokket.no\/index.php\/wp-json\/wp\/v2\/media?parent=781"}],"curies":[{"name":"wp","href":"https:\/\/api.w.org\/{rel}","templated":true}]}}

Retningslinjer for &#8220;Årets Fotograf&#8221; og Plaketter &#8211; oppdatert 2020

<p>Det utdeles en premie til sammenlagt vinner i årets fotokonkurranser.</p>
<p>Følgende fotokonkurranser gjelder i sammendraget:</p>
<div>
<div>
• Bekkalokkets klubbkonkurranser<br />
• NSFF landskonkurranser</div>
<div>
Sammenlagt vinner blir ”Årets fotograf”</div>
<div>
Pokal og diplom utdeles til de som oppnår 1.2. og 3 plass. Diplom til de som oppnår 4. og 5. plass.</div>
<div>Poengfordeling i konkurransene som teller i ”Årets Fotograf”</p>
</div>
<table border="1" cellspacing="0" cellpadding="2">
<tbody>
<tr>
<td></td>
<td>
<div>Gull</div>
</td>
<td>
<div>Sølv</div>
</td>
<td>
<div>Bronse</div>
</td>
<td>
<div>Hederlig Omtale</div>
</td>
<td>
<div>Antatt</div>
</td>
</tr>
<tr>
<td>
<div>Klubbkonkurranser</div>
</td>
<td>
<div>7 poeng</div>
</td>
<td>
<div>5 poeng</div>
</td>
<td>
<div>3 poeng</div>
</td>
<td>2 poeng</td>
<td>
<div>1 poeng</div>
</td>
</tr>
<tr>
<td>
<div>NSFF landskonkurranser</div>
</td>
<td>
<div>10 poeng</div>
</td>
<td>
<div>8 poeng</div>
</td>
<td>
<div>7 poeng</div>
</td>
<td>
<div>5 poeng</div>
</td>
<td>
<div>1 poeng</div>
</td>
</tr>
</tbody>
</table>
<div>
Konkurransekomiteèn har ansvar for resultatlister, diplomer og premier.<br />
(Se: <a href="index.php?option=com_content&amp;view=article&amp;id=55:retningslinjer-for-konkurransekomite&amp;catid=45">”Retningslinjer for konkurransekomiteèn”</a>)</div>
<div>Utdeling av plaketter.</div>
<p>&nbsp;</p>
<div>Utdelingen skjer på grunnlag av oppnådde poeng i konkurranser og poengberegningen er samme som &#8221; Årets Fotograf &#8220;. Resultater fra NSFF konkurranser oppnådd gjennom andre fotoklubber teller ikke. Poengberegningene samles opp kontinuerlig og har tilbakevirkende kraft og baserer seg på poenglisten som finnes i databasen som konkurranseutvalget vedlikeholder. Utdelingen foregår på julefestene, og første utdeling skjer på julefesten 2005 med oppdatert poeng fra 2005. Etter årsmøtet 2011 ble poengsatsene redusert, slik at det skal være mulig å oppnå plakettene i løpet av et liv.</div>
<p>&nbsp;</p>
<table border="0">
<tbody>
<tr>
<td width="276">
<div>Plakett</div>
</td>
<td width="291">
<div>Poenggrunnlag</div>
</td>
</tr>
<tr>
<td>
<div>Gull med emalje</div>
</td>
<td>
<div>1000</div>
</td>
</tr>
<tr>
<td>
<div>Sølv med emalje</div>
</td>
<td>
<div>700</div>
</td>
</tr>
<tr>
<td>
<div>Bronse med emalje</div>
</td>
<td>
<div>400</div>
</td>
</tr>
<tr>
<td>
<div>Gull</div>
</td>
<td>
<div>200</div>
</td>
</tr>
<tr>
<td>
<div>Sølv</div>
</td>
<td>
<div>100</div>
</td>
</tr>
<tr>
<td>
<div>Bronse</div>
</td>
<td>
<div>50</div>
</td>
</tr>
</tbody>
</table>
</div>
<div></div>
<div>Sist revidert 27.01.2020</div>
<div></div>

<p>Det utdeles en premie til sammenlagt vinner i årets fotokonkurranser. Følgende fotokonkurranser gjelder i sammendraget: • Bekkalokkets klubbkonkurranser • NSFF landskonkurranser Sammenlagt vinner blir ”Årets fotograf” Pokal og diplom utdeles til de som oppnår&#46;&#46;&#46;</p>

<!-- This site is optimized with the Yoast SEO plugin v27.5 - https://yoast.com/product/yoast-seo-wordpress/ -->
<title>Retningslinjer for &quot;Årets Fotograf&quot; og Plaketter - oppdatert 2020 - Bekkalokket Fotoklubb</title>
<meta name="robots" content="index, follow, max-snippet:-1, max-image-preview:large, max-video-preview:-1" />
<link rel="canonical" href="https://bekkalokket.no/index.php/om-klubben/retningslinjer-for-arets-fotograf-og-plaketter/" />
<meta property="og:locale" content="nb_NO" />
<meta property="og:type" content="article" />
<meta property="og:title" content="Retningslinjer for &quot;Årets Fotograf&quot; og Plaketter - oppdatert 2020 - Bekkalokket Fotoklubb" />
<meta property="og:description" content="Det utdeles en premie til sammenlagt vinner i årets fotokonkurranser. Følgende fotokonkurranser gjelder i sammendraget: • Bekkalokkets klubbkonkurranser • NSFF landskonkurranser Sammenlagt vinner blir ”Årets fotograf” Pokal og diplom utdeles til de som oppnår&#046;&#046;&#046;" />
<meta property="og:url" content="https://bekkalokket.no/index.php/om-klubben/retningslinjer-for-arets-fotograf-og-plaketter/" />
<meta property="og:site_name" content="Bekkalokket Fotoklubb" />
<meta property="article:modified_time" content="2020-01-27T15:39:31+00:00" />
<meta name="twitter:card" content="summary_large_image" />
<meta name="twitter:label1" content="Ansl. lesetid" />
	<meta name="twitter:data1" content="1 minutt" />
<script type="application/ld+json" class="yoast-schema-graph">{"@context":"https:\/\/schema.org","@graph":[{"@type":"WebPage","@id":"https:\/\/bekkalokket.no\/index.php\/om-klubben\/retningslinjer-for-arets-fotograf-og-plaketter\/","url":"https:\/\/bekkalokket.no\/index.php\/om-klubben\/retningslinjer-for-arets-fotograf-og-plaketter\/","name":"Retningslinjer for \"Årets Fotograf\" og Plaketter - oppdatert 2020 - Bekkalokket Fotoklubb","isPartOf":{"@id":"https:\/\/bekkalokket.no\/#website"},"datePublished":"2018-08-26T12:48:15+00:00","dateModified":"2020-01-27T15:39:31+00:00","breadcrumb":{"@id":"https:\/\/bekkalokket.no\/index.php\/om-klubben\/retningslinjer-for-arets-fotograf-og-plaketter\/#breadcrumb"},"inLanguage":"nb-NO","potentialAction":[{"@type":"ReadAction","target":["https:\/\/bekkalokket.no\/index.php\/om-klubben\/retningslinjer-for-arets-fotograf-og-plaketter\/"]}]},{"@type":"BreadcrumbList","@id":"https:\/\/bekkalokket.no\/index.php\/om-klubben\/retningslinjer-for-arets-fotograf-og-plaketter\/#breadcrumb","itemListElement":[{"@type":"ListItem","position":1,"name":"Home","item":"https:\/\/bekkalokket.no\/"},{"@type":"ListItem","position":2,"name":"Om klubben","item":"https:\/\/bekkalokket.no\/index.php\/om-klubben\/"},{"@type":"ListItem","position":3,"name":"Retningslinjer for &#8220;Årets Fotograf&#8221; og Plaketter &#8211; oppdatert 2020"}]},{"@type":"WebSite","@id":"https:\/\/bekkalokket.no\/#website","url":"https:\/\/bekkalokket.no\/","name":"Bekkalokket Fotoklubb","description":"En sosial og aktiv fotoklubb i Bergen","potentialAction":[{"@type":"SearchAction","target":{"@type":"EntryPoint","urlTemplate":"https:\/\/bekkalokket.no\/?s={search_term_string}"},"query-input":{"@type":"PropertyValueSpecification","valueRequired":true,"valueName":"search_term_string"}}],"inLanguage":"nb-NO"}]}</script>
<!-- / Yoast SEO plugin. -->

Retningslinjer for "Årets Fotograf" og Plaketter - oppdatert 2020 - Bekkalokket Fotoklubb

Det utdeles en premie til sammenlagt vinner i årets fotokonkurranser. Følgende fotokonkurranser gjelder i sammendraget: • Bekkalokkets klubbkonkurranser • NSFF landskonkurranser Sammenlagt vinner blir ”Årets fotograf” Pokal og diplom utdeles til de som oppnår&#46;&#46;&#46;
