{"id":791,"date":"2018-08-26T14:54:52","date_gmt":"2018-08-26T12:54:52","guid":{"rendered":"http:\/\/bekkalokket.com\/?page_id=791"},"modified":"2025-12-11T13:07:10","modified_gmt":"2025-12-11T11:07:10","slug":"retningslinjer-for-internettkomite","status":"publish","type":"page","link":"https:\/\/bekkalokket.no\/index.php\/retningslinjer-for-internettkomite\/","title":{"rendered":"Internett og Markedskommunikasjon"},"content":{"rendered":"<p><!--p require(\"..\/menyer\/meny-statutt.inc\");--><\/p>\n<div>\n<h3>Form\u00e5l<\/h3>\n<p>Komite for Internett og Markedskommunikasjon har som form\u00e5l \u00e5:<\/p>\n<ul>\n<li>Styrke klubbens digitale tilstedev\u00e6relse gjennom m\u00e5lrettet &#8211; og strategisk arbeid med hjemmesiden og prioriterte sosiale medier.<\/li>\n<li>Formidle klubbens aktiviteter og verdier p\u00e5 en profesjonell og engasjerende m\u00e5te.<\/li>\n<li>Informere og inspirere b\u00e5de eksisterende \u2013 og potensielle nye medlemmer.<\/li>\n<li>Synliggj\u00f8re klubbens betydning som en sentral akt\u00f8r innen fotografi, nasjonalt og internasjonalt.<\/li>\n<\/ul>\n<h3><\/h3>\n<h3>Ansvar og oppgaver<\/h3>\n<p><strong>Strategisk planlegging\u00a0 \u00a0<\/strong><\/p>\n<p>Utarbeide en \u00e5rlig kommunikasjons- og publiseringsplan, som samsvarer med klubbens overordnede m\u00e5l og aktiviteter.<\/p>\n<p><strong>Innholdsproduksjon<\/strong><\/p>\n<ul>\n<li>Innhold og bilder\/video til klubbens websider og sosiale medier skal fortrinnsvis produseres av de andre komiteer i klubben.<\/li>\n<li>Ansvarlige for planlegging og publisering av innhold.<\/li>\n<li>Sikre at innhold fremmer klubbens verdier og form\u00e5l.<\/li>\n<\/ul>\n<p><strong>Brukeropplevelsen<\/strong><\/p>\n<ul>\n<li>Sikre brukervennlighet og god navigasjon p\u00e5 ulike enheter og nettlesere, for \u00e5 gj\u00f8re informasjonen lett tilgjengelig for brukeren.<\/li>\n<li>S\u00f8rge for at hjemmesiden fungerer godt p\u00e5 ulike enheter og nettlesere.<\/li>\n<\/ul>\n<p><strong>SEO (S\u00f8keoptimalisering)<\/strong><\/p>\n<ul>\n<li>Innholdsproduksjon som er optimalisert for s\u00f8kemotorer for \u00e5 \u00f8ke synlighet p\u00e5 nett.<\/li>\n<li>Overv\u00e5ke og analysere trafikken via analyseprogrammer for \u00e5 tilpasse strategien.<\/li>\n<\/ul>\n<p><strong>Teknisk vedlikehold<\/strong><\/p>\n<p>Teknisk vedlikehald av klubbens websider, herunder ta backup, tette sikkerhetshull og oppgradere programvarer og tilleggs program (plugins)<\/p>\n<p><strong>Ansvar og roller<\/strong><\/p>\n<p>Fordele ansvar og roller blant komit\u00e9medlemmer for \u00e5 sikre effektiv gjennomf\u00f8ring av oppgaver.<\/p>\n<p><strong>Innholdskrav til websider<\/strong><\/p>\n<p><b>Medlemsaktiviteter<\/b><\/p>\n<ul>\n<li>V\u00e5r &#8211; og h\u00f8stprogram<\/li>\n<li>Informasjon om arrangementer og aktiviteter<\/li>\n<li>Informasjon om utstillinger<\/li>\n<li>Informasjon om fotokonkurranser nasjonalt og internasjonalt<\/li>\n<\/ul>\n<p><b>Informasjon om klubben<\/b><\/p>\n<ul>\n<li>Telefonnummer<\/li>\n<li>E-post adresse til klubbens leder og kasserer<\/li>\n<li>Organisasjonsnummer<\/li>\n<li>Oversikt over Styrets medlemmer<\/li>\n<li>Statutter<\/li>\n<li>Retningslinjer for komiteer<\/li>\n<li>Medlemsfordeler<\/li>\n<li>Innmelding<\/li>\n<li>Hederstegn<\/li>\n<\/ul>\n<h3><\/h3>\n<h3>Sammensetting<\/h3>\n<p>Komiteen b\u00f8r best\u00e5 av minst 4 komitemedlemmer<\/p>\n<h3><\/h3>\n<h3>\u00d8konomi<\/h3>\n<ul>\n<li>Komiteen er ansvarlig for \u00e5 forvalte sitt tildelte budsjett i tr\u00e5d med de fastsatte rammet og prioriteringer.<\/li>\n<li>Eventuelle avvik eller behov for justeringer skal rapporteres til Styret for vurdering og godkjenning.<\/li>\n<\/ul>\n<h4><\/h4>\n<div>\n<\/div>\n<\/div>\n","protected":false},"excerpt":{"rendered":"<p>Form\u00e5l Komite for Internett og Markedskommunikasjon har som form\u00e5l \u00e5: Styrke klubbens digitale tilstedev\u00e6relse gjennom m\u00e5lrettet &#8211; og strategisk arbeid med hjemmesiden og prioriterte sosiale medier. Formidle klubbens aktiviteter og verdier p\u00e5 en profesjonell&#46;&#46;&#46;<\/p>\n","protected":false},"author":2,"featured_media":0,"parent":0,"menu_order":0,"comment_status":"closed","ping_status":"closed","template":"","meta":{"footnotes":""},"class_list":["post-791","page","type-page","status-publish","hentry"],"yoast_head":"<!-- This site is optimized with the Yoast SEO plugin v27.5 - https:\/\/yoast.com\/product\/yoast-seo-wordpress\/ -->\n<title>Internett og Markedskommunikasjon - Bekkalokket Fotoklubb<\/title>\n<meta name=\"robots\" content=\"index, follow, max-snippet:-1, max-image-preview:large, max-video-preview:-1\" \/>\n<link rel=\"canonical\" href=\"https:\/\/bekkalokket.no\/index.php\/retningslinjer-for-internettkomite\/\" \/>\n<meta property=\"og:locale\" content=\"nb_NO\" \/>\n<meta property=\"og:type\" content=\"article\" \/>\n<meta property=\"og:title\" content=\"Internett og Markedskommunikasjon - Bekkalokket Fotoklubb\" \/>\n<meta property=\"og:description\" content=\"Form\u00e5l Komite for Internett og Markedskommunikasjon har som form\u00e5l \u00e5: Styrke klubbens digitale tilstedev\u00e6relse gjennom m\u00e5lrettet &#8211; og strategisk arbeid med hjemmesiden og prioriterte sosiale medier. Formidle klubbens aktiviteter og verdier p\u00e5 en profesjonell&#046;&#046;&#046;\" \/>\n<meta property=\"og:url\" content=\"https:\/\/bekkalokket.no\/index.php\/retningslinjer-for-internettkomite\/\" \/>\n<meta property=\"og:site_name\" content=\"Bekkalokket Fotoklubb\" \/>\n<meta property=\"article:modified_time\" content=\"2025-12-11T11:07:10+00:00\" \/>\n<meta name=\"twitter:card\" content=\"summary_large_image\" \/>\n<meta name=\"twitter:label1\" content=\"Ansl. lesetid\" \/>\n\t<meta name=\"twitter:data1\" content=\"2 minutter\" \/>\n<script type=\"application\/ld+json\" class=\"yoast-schema-graph\">{\"@context\":\"https:\\\/\\\/schema.org\",\"@graph\":[{\"@type\":\"WebPage\",\"@id\":\"https:\\\/\\\/bekkalokket.no\\\/index.php\\\/retningslinjer-for-internettkomite\\\/\",\"url\":\"https:\\\/\\\/bekkalokket.no\\\/index.php\\\/retningslinjer-for-internettkomite\\\/\",\"name\":\"Internett og Markedskommunikasjon - Bekkalokket Fotoklubb\",\"isPartOf\":{\"@id\":\"https:\\\/\\\/bekkalokket.no\\\/#website\"},\"datePublished\":\"2018-08-26T12:54:52+00:00\",\"dateModified\":\"2025-12-11T11:07:10+00:00\",\"breadcrumb\":{\"@id\":\"https:\\\/\\\/bekkalokket.no\\\/index.php\\\/retningslinjer-for-internettkomite\\\/#breadcrumb\"},\"inLanguage\":\"nb-NO\",\"potentialAction\":[{\"@type\":\"ReadAction\",\"target\":[\"https:\\\/\\\/bekkalokket.no\\\/index.php\\\/retningslinjer-for-internettkomite\\\/\"]}]},{\"@type\":\"BreadcrumbList\",\"@id\":\"https:\\\/\\\/bekkalokket.no\\\/index.php\\\/retningslinjer-for-internettkomite\\\/#breadcrumb\",\"itemListElement\":[{\"@type\":\"ListItem\",\"position\":1,\"name\":\"Home\",\"item\":\"https:\\\/\\\/bekkalokket.no\\\/\"},{\"@type\":\"ListItem\",\"position\":2,\"name\":\"Internett og Markedskommunikasjon\"}]},{\"@type\":\"WebSite\",\"@id\":\"https:\\\/\\\/bekkalokket.no\\\/#website\",\"url\":\"https:\\\/\\\/bekkalokket.no\\\/\",\"name\":\"Bekkalokket Fotoklubb\",\"description\":\"En sosial og aktiv fotoklubb i Bergen\",\"potentialAction\":[{\"@type\":\"SearchAction\",\"target\":{\"@type\":\"EntryPoint\",\"urlTemplate\":\"https:\\\/\\\/bekkalokket.no\\\/?s={search_term_string}\"},\"query-input\":{\"@type\":\"PropertyValueSpecification\",\"valueRequired\":true,\"valueName\":\"search_term_string\"}}],\"inLanguage\":\"nb-NO\"}]}<\/script>\n<!-- \/ Yoast SEO plugin. -->","yoast_head_json":{"title":"Internett og Markedskommunikasjon - Bekkalokket Fotoklubb","robots":{"index":"index","follow":"follow","max-snippet":"max-snippet:-1","max-image-preview":"max-image-preview:large","max-video-preview":"max-video-preview:-1"},"canonical":"https:\/\/bekkalokket.no\/index.php\/retningslinjer-for-internettkomite\/","og_locale":"nb_NO","og_type":"article","og_title":"Internett og Markedskommunikasjon - Bekkalokket Fotoklubb","og_description":"Form\u00e5l Komite for Internett og Markedskommunikasjon har som form\u00e5l \u00e5: Styrke klubbens digitale tilstedev\u00e6relse gjennom m\u00e5lrettet &#8211; og strategisk arbeid med hjemmesiden og prioriterte sosiale medier. Formidle klubbens aktiviteter og verdier p\u00e5 en profesjonell&#46;&#46;&#46;","og_url":"https:\/\/bekkalokket.no\/index.php\/retningslinjer-for-internettkomite\/","og_site_name":"Bekkalokket Fotoklubb","article_modified_time":"2025-12-11T11:07:10+00:00","twitter_card":"summary_large_image","twitter_misc":{"Ansl. lesetid":"2 minutter"},"schema":{"@context":"https:\/\/schema.org","@graph":[{"@type":"WebPage","@id":"https:\/\/bekkalokket.no\/index.php\/retningslinjer-for-internettkomite\/","url":"https:\/\/bekkalokket.no\/index.php\/retningslinjer-for-internettkomite\/","name":"Internett og Markedskommunikasjon - Bekkalokket Fotoklubb","isPartOf":{"@id":"https:\/\/bekkalokket.no\/#website"},"datePublished":"2018-08-26T12:54:52+00:00","dateModified":"2025-12-11T11:07:10+00:00","breadcrumb":{"@id":"https:\/\/bekkalokket.no\/index.php\/retningslinjer-for-internettkomite\/#breadcrumb"},"inLanguage":"nb-NO","potentialAction":[{"@type":"ReadAction","target":["https:\/\/bekkalokket.no\/index.php\/retningslinjer-for-internettkomite\/"]}]},{"@type":"BreadcrumbList","@id":"https:\/\/bekkalokket.no\/index.php\/retningslinjer-for-internettkomite\/#breadcrumb","itemListElement":[{"@type":"ListItem","position":1,"name":"Home","item":"https:\/\/bekkalokket.no\/"},{"@type":"ListItem","position":2,"name":"Internett og Markedskommunikasjon"}]},{"@type":"WebSite","@id":"https:\/\/bekkalokket.no\/#website","url":"https:\/\/bekkalokket.no\/","name":"Bekkalokket Fotoklubb","description":"En sosial og aktiv fotoklubb i Bergen","potentialAction":[{"@type":"SearchAction","target":{"@type":"EntryPoint","urlTemplate":"https:\/\/bekkalokket.no\/?s={search_term_string}"},"query-input":{"@type":"PropertyValueSpecification","valueRequired":true,"valueName":"search_term_string"}}],"inLanguage":"nb-NO"}]}},"_links":{"self":[{"href":"https:\/\/bekkalokket.no\/index.php\/wp-json\/wp\/v2\/pages\/791","targetHints":{"allow":["GET"]}}],"collection":[{"href":"https:\/\/bekkalokket.no\/index.php\/wp-json\/wp\/v2\/pages"}],"about":[{"href":"https:\/\/bekkalokket.no\/index.php\/wp-json\/wp\/v2\/types\/page"}],"author":[{"embeddable":true,"href":"https:\/\/bekkalokket.no\/index.php\/wp-json\/wp\/v2\/users\/2"}],"replies":[{"embeddable":true,"href":"https:\/\/bekkalokket.no\/index.php\/wp-json\/wp\/v2\/comments?post=791"}],"version-history":[{"count":10,"href":"https:\/\/bekkalokket.no\/index.php\/wp-json\/wp\/v2\/pages\/791\/revisions"}],"predecessor-version":[{"id":10985,"href":"https:\/\/bekkalokket.no\/index.php\/wp-json\/wp\/v2\/pages\/791\/revisions\/10985"}],"wp:attachment":[{"href":"https:\/\/bekkalokket.no\/index.php\/wp-json\/wp\/v2\/media?parent=791"}],"curies":[{"name":"wp","href":"https:\/\/api.w.org\/{rel}","templated":true}]}}