{"id":799,"date":"2018-08-26T15:00:42","date_gmt":"2018-08-26T13:00:42","guid":{"rendered":"http:\/\/bekkalokket.com\/?page_id=799"},"modified":"2018-08-26T15:00:42","modified_gmt":"2018-08-26T13:00:42","slug":"retningslinjer-for-komite-for-faglig-aktivitet","status":"publish","type":"page","link":"https:\/\/bekkalokket.no\/index.php\/retningslinjer-for-komite-for-faglig-aktivitet\/","title":{"rendered":"Retningslinjer for komite for faglig aktivitet"},"content":{"rendered":"<p><strong>Retningslinjer for komite for faglig aktivitet<\/strong><\/p>\n<p>&nbsp;<\/p>\n<ul>\n<li>Komiteens hovedoppgave er \u00e5 arrangere fotofaglige aktiviteter for Bekkalokket Fotoklubbs medlemmer, utover de ordin\u00e6re klubbkveldene.<\/li>\n<li>Komiteens leder har ikke plass i styret, men rapporterer til styret.<\/li>\n<li>Aktiviteter utarbeidet av komiteen skal tilbys alle klubbens medlemmer. Etter svarfrist er man ikke garantert plass<\/li>\n<li>Dersom det ikke er plass til alle medlemmene, skal alle kostnader dekkes av deltakerene.<\/li>\n<li>Prosjektene skal normalt selvfinansiere kostnader utover det faglige. Det vil si at blant annet husleie og bevertning m\u00e5 dekkes inn av inngangspengene.<\/li>\n<li>\u00d8konomien i alle prosjekter der klubben skal dekke kostnader skal forelegges og godkjennes av styret f\u00f8r de gjennomf\u00f8res.<\/li>\n<\/ul>\n","protected":false},"excerpt":{"rendered":"<p>Retningslinjer for komite for faglig aktivitet &nbsp; Komiteens hovedoppgave er \u00e5 arrangere fotofaglige aktiviteter for Bekkalokket Fotoklubbs medlemmer, utover de ordin\u00e6re klubbkveldene. Komiteens leder har ikke plass i styret, men rapporterer til styret. Aktiviteter&#46;&#46;&#46;<\/p>\n","protected":false},"author":2,"featured_media":0,"parent":0,"menu_order":0,"comment_status":"closed","ping_status":"closed","template":"","meta":{"footnotes":""},"class_list":["post-799","page","type-page","status-publish","hentry"],"yoast_head":"<!-- This site is optimized with the Yoast SEO plugin v27.4 - https:\/\/yoast.com\/product\/yoast-seo-wordpress\/ -->\n<title>Retningslinjer for komite for faglig aktivitet - Bekkalokket Fotoklubb<\/title>\n<meta name=\"robots\" content=\"index, follow, max-snippet:-1, max-image-preview:large, max-video-preview:-1\" \/>\n<link rel=\"canonical\" href=\"https:\/\/bekkalokket.no\/index.php\/retningslinjer-for-komite-for-faglig-aktivitet\/\" \/>\n<meta property=\"og:locale\" content=\"nb_NO\" \/>\n<meta property=\"og:type\" content=\"article\" \/>\n<meta property=\"og:title\" content=\"Retningslinjer for komite for faglig aktivitet - Bekkalokket Fotoklubb\" \/>\n<meta property=\"og:description\" content=\"Retningslinjer for komite for faglig aktivitet &nbsp; Komiteens hovedoppgave er \u00e5 arrangere fotofaglige aktiviteter for Bekkalokket Fotoklubbs medlemmer, utover de ordin\u00e6re klubbkveldene. Komiteens leder har ikke plass i styret, men rapporterer til styret. Aktiviteter&#046;&#046;&#046;\" \/>\n<meta property=\"og:url\" content=\"https:\/\/bekkalokket.no\/index.php\/retningslinjer-for-komite-for-faglig-aktivitet\/\" \/>\n<meta property=\"og:site_name\" content=\"Bekkalokket Fotoklubb\" \/>\n<meta name=\"twitter:card\" content=\"summary_large_image\" \/>\n<meta name=\"twitter:label1\" content=\"Ansl. lesetid\" \/>\n\t<meta name=\"twitter:data1\" content=\"1 minutt\" \/>\n<script type=\"application\/ld+json\" class=\"yoast-schema-graph\">{\"@context\":\"https:\\\/\\\/schema.org\",\"@graph\":[{\"@type\":\"WebPage\",\"@id\":\"https:\\\/\\\/bekkalokket.no\\\/index.php\\\/retningslinjer-for-komite-for-faglig-aktivitet\\\/\",\"url\":\"https:\\\/\\\/bekkalokket.no\\\/index.php\\\/retningslinjer-for-komite-for-faglig-aktivitet\\\/\",\"name\":\"Retningslinjer for komite for faglig aktivitet - Bekkalokket Fotoklubb\",\"isPartOf\":{\"@id\":\"https:\\\/\\\/bekkalokket.no\\\/#website\"},\"datePublished\":\"2018-08-26T13:00:42+00:00\",\"breadcrumb\":{\"@id\":\"https:\\\/\\\/bekkalokket.no\\\/index.php\\\/retningslinjer-for-komite-for-faglig-aktivitet\\\/#breadcrumb\"},\"inLanguage\":\"nb-NO\",\"potentialAction\":[{\"@type\":\"ReadAction\",\"target\":[\"https:\\\/\\\/bekkalokket.no\\\/index.php\\\/retningslinjer-for-komite-for-faglig-aktivitet\\\/\"]}]},{\"@type\":\"BreadcrumbList\",\"@id\":\"https:\\\/\\\/bekkalokket.no\\\/index.php\\\/retningslinjer-for-komite-for-faglig-aktivitet\\\/#breadcrumb\",\"itemListElement\":[{\"@type\":\"ListItem\",\"position\":1,\"name\":\"Home\",\"item\":\"https:\\\/\\\/bekkalokket.no\\\/\"},{\"@type\":\"ListItem\",\"position\":2,\"name\":\"Retningslinjer for komite for faglig aktivitet\"}]},{\"@type\":\"WebSite\",\"@id\":\"https:\\\/\\\/bekkalokket.no\\\/#website\",\"url\":\"https:\\\/\\\/bekkalokket.no\\\/\",\"name\":\"Bekkalokket Fotoklubb\",\"description\":\"En sosial og aktiv fotoklubb i Bergen\",\"potentialAction\":[{\"@type\":\"SearchAction\",\"target\":{\"@type\":\"EntryPoint\",\"urlTemplate\":\"https:\\\/\\\/bekkalokket.no\\\/?s={search_term_string}\"},\"query-input\":{\"@type\":\"PropertyValueSpecification\",\"valueRequired\":true,\"valueName\":\"search_term_string\"}}],\"inLanguage\":\"nb-NO\"}]}<\/script>\n<!-- \/ Yoast SEO plugin. -->","yoast_head_json":{"title":"Retningslinjer for komite for faglig aktivitet - Bekkalokket Fotoklubb","robots":{"index":"index","follow":"follow","max-snippet":"max-snippet:-1","max-image-preview":"max-image-preview:large","max-video-preview":"max-video-preview:-1"},"canonical":"https:\/\/bekkalokket.no\/index.php\/retningslinjer-for-komite-for-faglig-aktivitet\/","og_locale":"nb_NO","og_type":"article","og_title":"Retningslinjer for komite for faglig aktivitet - Bekkalokket Fotoklubb","og_description":"Retningslinjer for komite for faglig aktivitet &nbsp; Komiteens hovedoppgave er \u00e5 arrangere fotofaglige aktiviteter for Bekkalokket Fotoklubbs medlemmer, utover de ordin\u00e6re klubbkveldene. Komiteens leder har ikke plass i styret, men rapporterer til styret. Aktiviteter&#46;&#46;&#46;","og_url":"https:\/\/bekkalokket.no\/index.php\/retningslinjer-for-komite-for-faglig-aktivitet\/","og_site_name":"Bekkalokket Fotoklubb","twitter_card":"summary_large_image","twitter_misc":{"Ansl. lesetid":"1 minutt"},"schema":{"@context":"https:\/\/schema.org","@graph":[{"@type":"WebPage","@id":"https:\/\/bekkalokket.no\/index.php\/retningslinjer-for-komite-for-faglig-aktivitet\/","url":"https:\/\/bekkalokket.no\/index.php\/retningslinjer-for-komite-for-faglig-aktivitet\/","name":"Retningslinjer for komite for faglig aktivitet - Bekkalokket Fotoklubb","isPartOf":{"@id":"https:\/\/bekkalokket.no\/#website"},"datePublished":"2018-08-26T13:00:42+00:00","breadcrumb":{"@id":"https:\/\/bekkalokket.no\/index.php\/retningslinjer-for-komite-for-faglig-aktivitet\/#breadcrumb"},"inLanguage":"nb-NO","potentialAction":[{"@type":"ReadAction","target":["https:\/\/bekkalokket.no\/index.php\/retningslinjer-for-komite-for-faglig-aktivitet\/"]}]},{"@type":"BreadcrumbList","@id":"https:\/\/bekkalokket.no\/index.php\/retningslinjer-for-komite-for-faglig-aktivitet\/#breadcrumb","itemListElement":[{"@type":"ListItem","position":1,"name":"Home","item":"https:\/\/bekkalokket.no\/"},{"@type":"ListItem","position":2,"name":"Retningslinjer for komite for faglig aktivitet"}]},{"@type":"WebSite","@id":"https:\/\/bekkalokket.no\/#website","url":"https:\/\/bekkalokket.no\/","name":"Bekkalokket Fotoklubb","description":"En sosial og aktiv fotoklubb i Bergen","potentialAction":[{"@type":"SearchAction","target":{"@type":"EntryPoint","urlTemplate":"https:\/\/bekkalokket.no\/?s={search_term_string}"},"query-input":{"@type":"PropertyValueSpecification","valueRequired":true,"valueName":"search_term_string"}}],"inLanguage":"nb-NO"}]}},"_links":{"self":[{"href":"https:\/\/bekkalokket.no\/index.php\/wp-json\/wp\/v2\/pages\/799","targetHints":{"allow":["GET"]}}],"collection":[{"href":"https:\/\/bekkalokket.no\/index.php\/wp-json\/wp\/v2\/pages"}],"about":[{"href":"https:\/\/bekkalokket.no\/index.php\/wp-json\/wp\/v2\/types\/page"}],"author":[{"embeddable":true,"href":"https:\/\/bekkalokket.no\/index.php\/wp-json\/wp\/v2\/users\/2"}],"replies":[{"embeddable":true,"href":"https:\/\/bekkalokket.no\/index.php\/wp-json\/wp\/v2\/comments?post=799"}],"version-history":[{"count":1,"href":"https:\/\/bekkalokket.no\/index.php\/wp-json\/wp\/v2\/pages\/799\/revisions"}],"predecessor-version":[{"id":800,"href":"https:\/\/bekkalokket.no\/index.php\/wp-json\/wp\/v2\/pages\/799\/revisions\/800"}],"wp:attachment":[{"href":"https:\/\/bekkalokket.no\/index.php\/wp-json\/wp\/v2\/media?parent=799"}],"curies":[{"name":"wp","href":"https:\/\/api.w.org\/{rel}","templated":true}]}}