{"id":9282,"date":"2024-08-25T18:54:18","date_gmt":"2024-08-25T16:54:18","guid":{"rendered":"https:\/\/bekkalokket.no\/?page_id=9282"},"modified":"2025-02-04T10:35:32","modified_gmt":"2025-02-04T08:35:32","slug":"konsertfoto-bjorgvin-bluesklubb","status":"publish","type":"page","link":"https:\/\/bekkalokket.no\/index.php\/konsertfoto-bjorgvin-bluesklubb\/","title":{"rendered":"Konsertfoto Bj\u00f8rgvin Bluesklubb"},"content":{"rendered":"\n<p><a href=\"http:\/\/\">27. Januar &#8211; Bj\u00f8rgvin Bluesklubb 5-\u00e5rsjubileum<\/a><\/p>\n\n\n\n<div class=\"wp-block-accordion-toggle-accordion-toggle  root-eb-accordion-4933d\"><div class=\"eb-parent-wrapper eb-parent-eb-accordion-4933d \"><div class=\"eb-accordion-container eb-accordion-4933d\" data-accordion-type=\"accordion\" data-tab-icon=\"fas fa-angle-right\" data-expanded-icon=\"fas fa-angle-down\" data-transition-duration=\"500\"><div class=\"eb-accordion-inner\">\n\n<div class=\"wp-block-accordion-toggle-accordion-item eb-accordion-item-lxtao eb-accordion-wrapper\" data-clickable=\"false\"><div class=\"eb-accordion-title-wrapper eb-accordion-title-wrapper-eb-accordion-4933d\" tabindex=\"0\"><span class=\"eb-accordion-icon-wrapper eb-accordion-icon-wrapper-eb-accordion-4933d\"><span class=\"fas fa-angle-right eb-accordion-icon\"><\/span><\/span><div class=\"eb-accordion-title-content-wrap title-content-eb-accordion-4933d\"><h3 class=\"eb-accordion-title\">2021<\/h3><\/div><\/div><div class=\"eb-accordion-content-wrapper eb-accordion-content-wrapper-eb-accordion-4933d\"><div class=\"eb-accordion-content\">\n\n<h2 class=\"wp-block-heading has-medium-font-size\"><a href=\"https:\/\/bekkalokket.no\/index.php\/konsertgallerier\/#\u00d8ystese\"><strong>25. september &#8211; \u00d8ystese<\/strong><\/a><\/h2>\n\n<\/div><\/div><\/div>\n\n\n<div class=\"wp-block-accordion-toggle-accordion-item eb-accordion-item-2so62 eb-accordion-wrapper\" data-clickable=\"false\"><div class=\"eb-accordion-title-wrapper eb-accordion-title-wrapper-eb-accordion-4933d\" tabindex=\"0\"><span class=\"eb-accordion-icon-wrapper eb-accordion-icon-wrapper-eb-accordion-4933d\"><span class=\"fas fa-angle-right eb-accordion-icon\"><\/span><\/span><div class=\"eb-accordion-title-content-wrap title-content-eb-accordion-4933d\"><h3 class=\"eb-accordion-title\">2023<\/h3><\/div><\/div><div class=\"eb-accordion-content-wrapper eb-accordion-content-wrapper-eb-accordion-4933d\"><div class=\"eb-accordion-content\">\n\n<p class=\"has-medium-font-size\"><a href=\"https:\/\/bekkalokket.no\/index.php\/konsertgallerier\/#Texmanians\"><strong>15. november &#8211; Texmanians<\/strong><\/a><\/p>\n\n\n<p><\/p>\n\n\n<p class=\"has-medium-font-size\"><a href=\"https:\/\/bekkalokket.no\/index.php\/konsertgallerier\/#68Experience\"><strong>29. november &#8211; 68 Experience<\/strong><\/a><\/p>\n\n<\/div><\/div><\/div>\n\n\n<div class=\"wp-block-accordion-toggle-accordion-item eb-accordion-item-6zmhr eb-accordion-wrapper\" data-clickable=\"false\"><div class=\"eb-accordion-title-wrapper eb-accordion-title-wrapper-eb-accordion-4933d\" tabindex=\"0\"><span class=\"eb-accordion-icon-wrapper eb-accordion-icon-wrapper-eb-accordion-4933d\"><span class=\"fas fa-angle-right eb-accordion-icon\"><\/span><\/span><div class=\"eb-accordion-title-content-wrap title-content-eb-accordion-4933d\"><h3 class=\"eb-accordion-title\">2024<\/h3><\/div><\/div><div class=\"eb-accordion-content-wrapper eb-accordion-content-wrapper-eb-accordion-4933d\"><div class=\"eb-accordion-content\">\n\n<p class=\"has-medium-font-size\"><a href=\"https:\/\/bekkalokket.no\/index.php\/konsertgallerier\/#AlfonsoBand\">17. januar &#8211; Alfonso Band<\/a><\/p>\n\n<\/div><\/div><\/div>\n\n<\/div><\/div><\/div><\/div>\n\n\n\n<p><\/p>\n","protected":false},"excerpt":{"rendered":"<p>27. Januar &#8211; Bj\u00f8rgvin Bluesklubb 5-\u00e5rsjubileum<\/p>\n","protected":false},"author":2,"featured_media":0,"parent":0,"menu_order":0,"comment_status":"closed","ping_status":"closed","template":"","meta":{"footnotes":""},"class_list":["post-9282","page","type-page","status-publish","hentry"],"yoast_head":"<!-- This site is optimized with the Yoast SEO plugin v27.5 - https:\/\/yoast.com\/product\/yoast-seo-wordpress\/ -->\n<title>Konsertfoto Bj\u00f8rgvin Bluesklubb - Bekkalokket Fotoklubb<\/title>\n<meta name=\"robots\" content=\"index, follow, max-snippet:-1, max-image-preview:large, max-video-preview:-1\" \/>\n<link rel=\"canonical\" href=\"https:\/\/bekkalokket.no\/index.php\/konsertfoto-bjorgvin-bluesklubb\/\" \/>\n<meta property=\"og:locale\" content=\"nb_NO\" \/>\n<meta property=\"og:type\" content=\"article\" \/>\n<meta property=\"og:title\" content=\"Konsertfoto Bj\u00f8rgvin Bluesklubb - Bekkalokket Fotoklubb\" \/>\n<meta property=\"og:description\" content=\"27. Januar &#8211; Bj\u00f8rgvin Bluesklubb 5-\u00e5rsjubileum\" \/>\n<meta property=\"og:url\" content=\"https:\/\/bekkalokket.no\/index.php\/konsertfoto-bjorgvin-bluesklubb\/\" \/>\n<meta property=\"og:site_name\" content=\"Bekkalokket Fotoklubb\" \/>\n<meta property=\"article:modified_time\" content=\"2025-02-04T08:35:32+00:00\" \/>\n<meta name=\"twitter:card\" content=\"summary_large_image\" \/>\n<meta name=\"twitter:label1\" content=\"Ansl. lesetid\" \/>\n\t<meta name=\"twitter:data1\" content=\"1 minutt\" \/>\n<script type=\"application\/ld+json\" class=\"yoast-schema-graph\">{\"@context\":\"https:\\\/\\\/schema.org\",\"@graph\":[{\"@type\":\"WebPage\",\"@id\":\"https:\\\/\\\/bekkalokket.no\\\/index.php\\\/konsertfoto-bjorgvin-bluesklubb\\\/\",\"url\":\"https:\\\/\\\/bekkalokket.no\\\/index.php\\\/konsertfoto-bjorgvin-bluesklubb\\\/\",\"name\":\"Konsertfoto Bj\u00f8rgvin Bluesklubb - Bekkalokket Fotoklubb\",\"isPartOf\":{\"@id\":\"https:\\\/\\\/bekkalokket.no\\\/#website\"},\"datePublished\":\"2024-08-25T16:54:18+00:00\",\"dateModified\":\"2025-02-04T08:35:32+00:00\",\"breadcrumb\":{\"@id\":\"https:\\\/\\\/bekkalokket.no\\\/index.php\\\/konsertfoto-bjorgvin-bluesklubb\\\/#breadcrumb\"},\"inLanguage\":\"nb-NO\",\"potentialAction\":[{\"@type\":\"ReadAction\",\"target\":[\"https:\\\/\\\/bekkalokket.no\\\/index.php\\\/konsertfoto-bjorgvin-bluesklubb\\\/\"]}]},{\"@type\":\"BreadcrumbList\",\"@id\":\"https:\\\/\\\/bekkalokket.no\\\/index.php\\\/konsertfoto-bjorgvin-bluesklubb\\\/#breadcrumb\",\"itemListElement\":[{\"@type\":\"ListItem\",\"position\":1,\"name\":\"Home\",\"item\":\"https:\\\/\\\/bekkalokket.no\\\/\"},{\"@type\":\"ListItem\",\"position\":2,\"name\":\"Konsertfoto Bj\u00f8rgvin Bluesklubb\"}]},{\"@type\":\"WebSite\",\"@id\":\"https:\\\/\\\/bekkalokket.no\\\/#website\",\"url\":\"https:\\\/\\\/bekkalokket.no\\\/\",\"name\":\"Bekkalokket Fotoklubb\",\"description\":\"En sosial og aktiv fotoklubb i Bergen\",\"potentialAction\":[{\"@type\":\"SearchAction\",\"target\":{\"@type\":\"EntryPoint\",\"urlTemplate\":\"https:\\\/\\\/bekkalokket.no\\\/?s={search_term_string}\"},\"query-input\":{\"@type\":\"PropertyValueSpecification\",\"valueRequired\":true,\"valueName\":\"search_term_string\"}}],\"inLanguage\":\"nb-NO\"}]}<\/script>\n<!-- \/ Yoast SEO plugin. -->","yoast_head_json":{"title":"Konsertfoto Bj\u00f8rgvin Bluesklubb - Bekkalokket Fotoklubb","robots":{"index":"index","follow":"follow","max-snippet":"max-snippet:-1","max-image-preview":"max-image-preview:large","max-video-preview":"max-video-preview:-1"},"canonical":"https:\/\/bekkalokket.no\/index.php\/konsertfoto-bjorgvin-bluesklubb\/","og_locale":"nb_NO","og_type":"article","og_title":"Konsertfoto Bj\u00f8rgvin Bluesklubb - Bekkalokket Fotoklubb","og_description":"27. Januar &#8211; Bj\u00f8rgvin Bluesklubb 5-\u00e5rsjubileum","og_url":"https:\/\/bekkalokket.no\/index.php\/konsertfoto-bjorgvin-bluesklubb\/","og_site_name":"Bekkalokket Fotoklubb","article_modified_time":"2025-02-04T08:35:32+00:00","twitter_card":"summary_large_image","twitter_misc":{"Ansl. lesetid":"1 minutt"},"schema":{"@context":"https:\/\/schema.org","@graph":[{"@type":"WebPage","@id":"https:\/\/bekkalokket.no\/index.php\/konsertfoto-bjorgvin-bluesklubb\/","url":"https:\/\/bekkalokket.no\/index.php\/konsertfoto-bjorgvin-bluesklubb\/","name":"Konsertfoto Bj\u00f8rgvin Bluesklubb - Bekkalokket Fotoklubb","isPartOf":{"@id":"https:\/\/bekkalokket.no\/#website"},"datePublished":"2024-08-25T16:54:18+00:00","dateModified":"2025-02-04T08:35:32+00:00","breadcrumb":{"@id":"https:\/\/bekkalokket.no\/index.php\/konsertfoto-bjorgvin-bluesklubb\/#breadcrumb"},"inLanguage":"nb-NO","potentialAction":[{"@type":"ReadAction","target":["https:\/\/bekkalokket.no\/index.php\/konsertfoto-bjorgvin-bluesklubb\/"]}]},{"@type":"BreadcrumbList","@id":"https:\/\/bekkalokket.no\/index.php\/konsertfoto-bjorgvin-bluesklubb\/#breadcrumb","itemListElement":[{"@type":"ListItem","position":1,"name":"Home","item":"https:\/\/bekkalokket.no\/"},{"@type":"ListItem","position":2,"name":"Konsertfoto Bj\u00f8rgvin Bluesklubb"}]},{"@type":"WebSite","@id":"https:\/\/bekkalokket.no\/#website","url":"https:\/\/bekkalokket.no\/","name":"Bekkalokket Fotoklubb","description":"En sosial og aktiv fotoklubb i Bergen","potentialAction":[{"@type":"SearchAction","target":{"@type":"EntryPoint","urlTemplate":"https:\/\/bekkalokket.no\/?s={search_term_string}"},"query-input":{"@type":"PropertyValueSpecification","valueRequired":true,"valueName":"search_term_string"}}],"inLanguage":"nb-NO"}]}},"_links":{"self":[{"href":"https:\/\/bekkalokket.no\/index.php\/wp-json\/wp\/v2\/pages\/9282","targetHints":{"allow":["GET"]}}],"collection":[{"href":"https:\/\/bekkalokket.no\/index.php\/wp-json\/wp\/v2\/pages"}],"about":[{"href":"https:\/\/bekkalokket.no\/index.php\/wp-json\/wp\/v2\/types\/page"}],"author":[{"embeddable":true,"href":"https:\/\/bekkalokket.no\/index.php\/wp-json\/wp\/v2\/users\/2"}],"replies":[{"embeddable":true,"href":"https:\/\/bekkalokket.no\/index.php\/wp-json\/wp\/v2\/comments?post=9282"}],"version-history":[{"count":14,"href":"https:\/\/bekkalokket.no\/index.php\/wp-json\/wp\/v2\/pages\/9282\/revisions"}],"predecessor-version":[{"id":9782,"href":"https:\/\/bekkalokket.no\/index.php\/wp-json\/wp\/v2\/pages\/9282\/revisions\/9782"}],"wp:attachment":[{"href":"https:\/\/bekkalokket.no\/index.php\/wp-json\/wp\/v2\/media?parent=9282"}],"curies":[{"name":"wp","href":"https:\/\/api.w.org\/{rel}","templated":true}]}}

Konsertfoto Bjørgvin Bluesklubb

<p><a href="http://">27. Januar &#8211; Bjørgvin Bluesklubb 5-årsjubileum</a></p>



<div class="wp-block-accordion-toggle-accordion-toggle  root-eb-accordion-4933d"><div class="eb-parent-wrapper eb-parent-eb-accordion-4933d "><div class="eb-accordion-container eb-accordion-4933d" data-accordion-type="accordion" data-tab-icon="fas fa-angle-right" data-expanded-icon="fas fa-angle-down" data-transition-duration="500"><div class="eb-accordion-inner">

<div class="wp-block-accordion-toggle-accordion-item eb-accordion-item-lxtao eb-accordion-wrapper" data-clickable="false"><div class="eb-accordion-title-wrapper eb-accordion-title-wrapper-eb-accordion-4933d" tabindex="0"><span class="eb-accordion-icon-wrapper eb-accordion-icon-wrapper-eb-accordion-4933d"><span class="fas fa-angle-right eb-accordion-icon"></span></span><div class="eb-accordion-title-content-wrap title-content-eb-accordion-4933d"><h3 class="eb-accordion-title">2021</h3></div></div><div class="eb-accordion-content-wrapper eb-accordion-content-wrapper-eb-accordion-4933d"><div class="eb-accordion-content">

<h2 class="wp-block-heading has-medium-font-size"><a href="https://bekkalokket.no/index.php/konsertgallerier/#Øystese"><strong>25. september &#8211; Øystese</strong></a></h2>

</div></div></div>


<div class="wp-block-accordion-toggle-accordion-item eb-accordion-item-2so62 eb-accordion-wrapper" data-clickable="false"><div class="eb-accordion-title-wrapper eb-accordion-title-wrapper-eb-accordion-4933d" tabindex="0"><span class="eb-accordion-icon-wrapper eb-accordion-icon-wrapper-eb-accordion-4933d"><span class="fas fa-angle-right eb-accordion-icon"></span></span><div class="eb-accordion-title-content-wrap title-content-eb-accordion-4933d"><h3 class="eb-accordion-title">2023</h3></div></div><div class="eb-accordion-content-wrapper eb-accordion-content-wrapper-eb-accordion-4933d"><div class="eb-accordion-content">

<p class="has-medium-font-size"><a href="https://bekkalokket.no/index.php/konsertgallerier/#Texmanians"><strong>15. november &#8211; Texmanians</strong></a></p>


<p></p>


<p class="has-medium-font-size"><a href="https://bekkalokket.no/index.php/konsertgallerier/#68Experience"><strong>29. november &#8211; 68 Experience</strong></a></p>

</div></div></div>


<div class="wp-block-accordion-toggle-accordion-item eb-accordion-item-6zmhr eb-accordion-wrapper" data-clickable="false"><div class="eb-accordion-title-wrapper eb-accordion-title-wrapper-eb-accordion-4933d" tabindex="0"><span class="eb-accordion-icon-wrapper eb-accordion-icon-wrapper-eb-accordion-4933d"><span class="fas fa-angle-right eb-accordion-icon"></span></span><div class="eb-accordion-title-content-wrap title-content-eb-accordion-4933d"><h3 class="eb-accordion-title">2024</h3></div></div><div class="eb-accordion-content-wrapper eb-accordion-content-wrapper-eb-accordion-4933d"><div class="eb-accordion-content">

<p class="has-medium-font-size"><a href="https://bekkalokket.no/index.php/konsertgallerier/#AlfonsoBand">17. januar &#8211; Alfonso Band</a></p>

</div></div></div>

</div></div></div></div>



<p></p>

<p>27. Januar &#8211; Bjørgvin Bluesklubb 5-årsjubileum</p>

<!-- This site is optimized with the Yoast SEO plugin v27.5 - https://yoast.com/product/yoast-seo-wordpress/ -->
<title>Konsertfoto Bjørgvin Bluesklubb - Bekkalokket Fotoklubb</title>
<meta name="robots" content="index, follow, max-snippet:-1, max-image-preview:large, max-video-preview:-1" />
<link rel="canonical" href="https://bekkalokket.no/index.php/konsertfoto-bjorgvin-bluesklubb/" />
<meta property="og:locale" content="nb_NO" />
<meta property="og:type" content="article" />
<meta property="og:title" content="Konsertfoto Bjørgvin Bluesklubb - Bekkalokket Fotoklubb" />
<meta property="og:description" content="27. Januar &#8211; Bjørgvin Bluesklubb 5-årsjubileum" />
<meta property="og:url" content="https://bekkalokket.no/index.php/konsertfoto-bjorgvin-bluesklubb/" />
<meta property="og:site_name" content="Bekkalokket Fotoklubb" />
<meta property="article:modified_time" content="2025-02-04T08:35:32+00:00" />
<meta name="twitter:card" content="summary_large_image" />
<meta name="twitter:label1" content="Ansl. lesetid" />
	<meta name="twitter:data1" content="1 minutt" />
<script type="application/ld+json" class="yoast-schema-graph">{"@context":"https:\/\/schema.org","@graph":[{"@type":"WebPage","@id":"https:\/\/bekkalokket.no\/index.php\/konsertfoto-bjorgvin-bluesklubb\/","url":"https:\/\/bekkalokket.no\/index.php\/konsertfoto-bjorgvin-bluesklubb\/","name":"Konsertfoto Bjørgvin Bluesklubb - Bekkalokket Fotoklubb","isPartOf":{"@id":"https:\/\/bekkalokket.no\/#website"},"datePublished":"2024-08-25T16:54:18+00:00","dateModified":"2025-02-04T08:35:32+00:00","breadcrumb":{"@id":"https:\/\/bekkalokket.no\/index.php\/konsertfoto-bjorgvin-bluesklubb\/#breadcrumb"},"inLanguage":"nb-NO","potentialAction":[{"@type":"ReadAction","target":["https:\/\/bekkalokket.no\/index.php\/konsertfoto-bjorgvin-bluesklubb\/"]}]},{"@type":"BreadcrumbList","@id":"https:\/\/bekkalokket.no\/index.php\/konsertfoto-bjorgvin-bluesklubb\/#breadcrumb","itemListElement":[{"@type":"ListItem","position":1,"name":"Home","item":"https:\/\/bekkalokket.no\/"},{"@type":"ListItem","position":2,"name":"Konsertfoto Bjørgvin Bluesklubb"}]},{"@type":"WebSite","@id":"https:\/\/bekkalokket.no\/#website","url":"https:\/\/bekkalokket.no\/","name":"Bekkalokket Fotoklubb","description":"En sosial og aktiv fotoklubb i Bergen","potentialAction":[{"@type":"SearchAction","target":{"@type":"EntryPoint","urlTemplate":"https:\/\/bekkalokket.no\/?s={search_term_string}"},"query-input":{"@type":"PropertyValueSpecification","valueRequired":true,"valueName":"search_term_string"}}],"inLanguage":"nb-NO"}]}</script>
<!-- / Yoast SEO plugin. -->

Konsertfoto Bjørgvin Bluesklubb - Bekkalokket Fotoklubb

27. Januar &#8211; Bjørgvin Bluesklubb 5-årsjubileum
